{"id":10004577,"date":"2021-08-29T17:32:51","date_gmt":"2021-08-29T17:32:51","guid":{"rendered":"https:\/\/esclaustre.com\/event\/tarta-relena-copy\/"},"modified":"2021-09-16T18:38:39","modified_gmt":"2021-09-16T18:38:39","slug":"festival-cranc","status":"publish","type":"tribe_events","link":"https:\/\/esclaustre.com\/en\/event\/festival-cranc\/2021-09-03\/","title":{"rendered":"Festival Cranc"},"content":{"rendered":"<p>[ bb_built=&#8221;1&#8243; fullwidth=&#8221;off&#8221; specialty=&#8221;on&#8221;][et_pb_column type=&#8221;3_4&#8243; specialty_columns=&#8221;3&#8243;][et_pb_row_inner admin_label=&#8221;Row&#8221; _builder_version=&#8221;3.0.51&#8243; background_position_1=&#8221;top_left&#8221; background_repeat_1=&#8221;no-repeat&#8221; module_class=&#8221;tribe-events-content__img&#8221;][et_pb_column_inner type=&#8221;4_4&#8243; saved_specialty_column_type=&#8221;3_4&#8243;][et_pb_image _builder_version=&#8221;3.0.64&#8243; show_in_lightbox=&#8221;off&#8221; url_new_window=&#8221;off&#8221; use_overlay=&#8221;off&#8221; sticky=&#8221;off&#8221; align=&#8221;left&#8221; always_center_on_mobile=&#8221;on&#8221; border_style=&#8221;solid&#8221; force_fullwidth=&#8221;off&#8221; src=&#8221;https:\/\/esclaustre.com\/wp-content\/uploads\/2021\/08\/Cranc-2021-HORARIS-.jpg&#8221; \/][\/et_pb_column_inner][\/et_pb_row_inner][et_pb_row_inner admin_label=&#8221;Row&#8221; _builder_version=&#8221;3.0.51&#8243; background_position_1=&#8221;top_left&#8221; background_repeat_1=&#8221;no-repeat&#8221; module_class=&#8221;tribe-events-content__content&#8221;][et_pb_column_inner type=&#8221;4_4&#8243; saved_specialty_column_type=&#8221;3_4&#8243;][et_pb_code _builder_version=&#8221;3.0.64&#8243;][socialpug_share][\/et_pb_code][et_pb_text _builder_version=&#8221;3.0.64&#8243; background_layout=&#8221;light&#8221; text_orientation=&#8221;left&#8221; border_style=&#8221;solid&#8221;]<\/p>\n<h2><strong>El Cranc es presenta per segona vegada a l&#8217;escenari d&#8217;Es Claustre<\/strong><\/h2>\n<p>La 5\u00aa edici\u00f3 del <strong>CRANC ILLA DE MENORCA FESTIVAL<\/strong> tindr\u00e0 lloc els <strong>dies 2, 3 i 4 de setembre de 2021<\/strong> al Claustre del Carme de Ma\u00f3.<\/p>\n<p>Una segona edici\u00f3 en el recinte cultural d&#8217;<a href=\"https:\/\/esclaustre.com\" target=\"_blank\" rel=\"noopener\"><span style=\"color: #ff0000;\">Es Claustre<\/span><\/a> com a epicetre del pols musical de l&#8217;illa que comptar\u00e0 amb artistes com ara: <strong>Javiera Mena<\/strong>, <strong>Dani<\/strong>, <strong>Sof\u00eda<\/strong>, La Terremoto de Alcorc\u00f3n i <strong>Roc\u00edo S\u00e1iz<\/strong> \u2014com a dj\u2014 \u00a0que s&#8217;afegueixen als ja presentats inicialment: <strong>Joe Crep\u00fasculo<\/strong>, <strong>Novedades Carminha<\/strong>, <strong>Derby Motoreta&#8217;s Burrito Kachimba<\/strong>, <strong>Bronquio<\/strong>\u00a0i <strong>Ortiga<\/strong> entre altres activitats.<\/p>\n<p>M\u00e9s informaci\u00f3 a:\u00a0<a href=\"https:\/\/crancfestival.com\" target=\"_blank\" rel=\"noopener\">https:\/\/crancfestival.com<\/a><\/p>\n<p>.<\/p>\n<p>&nbsp;<\/p>\n<p>[\/et_pb_text][\/et_pb_column_inner][\/et_pb_row_inner][\/et_pb_column][et_pb_column type=&#8221;1_4&#8243;][et_pb_customEventMetaFields admin_label=&#8221;EsClaustre Camps Event&#8221; _builder_version=&#8221;3.0.64&#8243; location=&#8221;on&#8221; schedule=&#8221;on&#8221; price=&#8221;on&#8221; module_class=&#8221;appendTo_tribe-events-infoBlocks_landscape&#8221; \/][et_pb_button _builder_version=&#8221;3.0.64&#8243; button_text=&#8221;COMPRAR&#8221; url_new_window=&#8221;on&#8221; button_alignment=&#8221;center&#8221; background_layout=&#8221;light&#8221; custom_button=&#8221;off&#8221; button_letter_spacing=&#8221;0&#8243; button_icon_placement=&#8221;right&#8221; button_letter_spacing_hover=&#8221;0&#8243; module_class=&#8221;btn-ticket appendTo_tribe-events-infoBlocks_landscape&#8221; button_url=&#8221;https:\/\/crancfestival.com\/ca\/&#8221; \/][et_pb_customEventCategories _builder_version=&#8221;3.0.64&#8243; \/][et_pb_customEventTags _builder_version=&#8221;3.0.64&#8243; \/][\/et_pb_column][\/]<\/p>\n","protected":false},"excerpt":{"rendered":"<p>La 5\u00aa edici\u00f3 del CRANC ILLA DE MENORCA FESTIVAL tindr\u00e0 lloc els dies 2, 3 i 4 de setembre de 2021 al Claustre del Carme de Ma\u00f3.\u00a0<\/p>\n","protected":false},"author":1,"featured_media":13242,"template":"","meta":{"_acf_changed":false,"_tribe_events_status":"","_tribe_events_status_reason":"","_tribe_events_is_hybrid":"","_tribe_events_is_virtual":"","_tribe_events_virtual_video_source":"","_tribe_events_virtual_embed_video":"","_tribe_events_virtual_linked_button_text":"","_tribe_events_virtual_linked_button":"","_tribe_events_virtual_show_embed_at":"","_tribe_events_virtual_show_embed_to":[],"_tribe_events_virtual_show_on_event":"","_tribe_events_virtual_show_on_views":"","_tribe_events_virtual_url":"","footnotes":""},"tags":[2454,2455,2456,2457,1669,2458,2459],"tribe_events_cat":[767,107],"class_list":["post-10004577","tribe_events","type-tribe_events","status-publish","has-post-thumbnail","hentry","tag-bronquio-en","tag-dani-en","tag-derby-motoretas-burrito-en","tag-javiera-mena-en","tag-joe-crepusculo-en","tag-novedades-carminha-en","tag-ortiga-en","tribe_events_cat-festival-en","tribe_events_cat-musica-en","cat_festival-en","cat_musica-en","tribe-recurring-event","tribe-recurring-event-parent"],"acf":[],"_links":{"self":[{"href":"https:\/\/esclaustre.com\/en\/wp-json\/wp\/v2\/tribe_events\/10004577","targetHints":{"allow":["GET"]}}],"collection":[{"href":"https:\/\/esclaustre.com\/en\/wp-json\/wp\/v2\/tribe_events"}],"about":[{"href":"https:\/\/esclaustre.com\/en\/wp-json\/wp\/v2\/types\/tribe_events"}],"author":[{"embeddable":true,"href":"https:\/\/esclaustre.com\/en\/wp-json\/wp\/v2\/users\/1"}],"version-history":[{"count":0,"href":"https:\/\/esclaustre.com\/en\/wp-json\/wp\/v2\/tribe_events\/10004577\/revisions"}],"wp:featuredmedia":[{"embeddable":true,"href":"https:\/\/esclaustre.com\/en\/wp-json\/wp\/v2\/media\/13242"}],"wp:attachment":[{"href":"https:\/\/esclaustre.com\/en\/wp-json\/wp\/v2\/media?parent=10004577"}],"wp:term":[{"taxonomy":"post_tag","embeddable":true,"href":"https:\/\/esclaustre.com\/en\/wp-json\/wp\/v2\/tags?post=10004577"},{"taxonomy":"tribe_events_cat","embeddable":true,"href":"https:\/\/esclaustre.com\/en\/wp-json\/wp\/v2\/tribe_events_cat?post=10004577"}],"curies":[{"name":"wp","href":"https:\/\/api.w.org\/{rel}","templated":true}]}}

<p>[ bb_built=&#8221;1&#8243; fullwidth=&#8221;off&#8221; specialty=&#8221;on&#8221;][et_pb_column type=&#8221;3_4&#8243; specialty_columns=&#8221;3&#8243;][et_pb_row_inner admin_label=&#8221;Row&#8221; _builder_version=&#8221;3.0.51&#8243; background_position_1=&#8221;top_left&#8221; background_repeat_1=&#8221;no-repeat&#8221; module_class=&#8221;tribe-events-content__img&#8221;][et_pb_column_inner type=&#8221;4_4&#8243; saved_specialty_column_type=&#8221;3_4&#8243;][et_pb_image _builder_version=&#8221;3.0.64&#8243; show_in_lightbox=&#8221;off&#8221; url_new_window=&#8221;off&#8221; use_overlay=&#8221;off&#8221; sticky=&#8221;off&#8221; align=&#8221;left&#8221; always_center_on_mobile=&#8221;on&#8221; border_style=&#8221;solid&#8221; force_fullwidth=&#8221;off&#8221; src=&#8221;https://esclaustre.com/wp-content/uploads/2021/08/Cranc-2021-HORARIS-.jpg&#8221; /][/et_pb_column_inner][/et_pb_row_inner][et_pb_row_inner admin_label=&#8221;Row&#8221; _builder_version=&#8221;3.0.51&#8243; background_position_1=&#8221;top_left&#8221; background_repeat_1=&#8221;no-repeat&#8221; module_class=&#8221;tribe-events-content__content&#8221;][et_pb_column_inner type=&#8221;4_4&#8243; saved_specialty_column_type=&#8221;3_4&#8243;][et_pb_code _builder_version=&#8221;3.0.64&#8243;][socialpug_share][/et_pb_code][et_pb_text _builder_version=&#8221;3.0.64&#8243; background_layout=&#8221;light&#8221; text_orientation=&#8221;left&#8221; border_style=&#8221;solid&#8221;]</p>
<h2><strong>El Cranc es presenta per segona vegada a l&#8217;escenari d&#8217;Es Claustre</strong></h2>
<p>La 5ª edició del <strong>CRANC ILLA DE MENORCA FESTIVAL</strong> tindrà lloc els <strong>dies 2, 3 i 4 de setembre de 2021</strong> al Claustre del Carme de Maó.</p>
<p>Una segona edició en el recinte cultural d&#8217;<a href="https://esclaustre.com" target="_blank" rel="noopener"><span style="color: #ff0000;">Es Claustre</span></a> com a epicetre del pols musical de l&#8217;illa que comptarà amb artistes com ara: <strong>Javiera Mena</strong>, <strong>Dani</strong>, <strong>Sofía</strong>, La Terremoto de Alcorcón i <strong>Rocío Sáiz</strong> —com a dj—  que s&#8217;afegueixen als ja presentats inicialment: <strong>Joe Crepúsculo</strong>, <strong>Novedades Carminha</strong>, <strong>Derby Motoreta&#8217;s Burrito Kachimba</strong>, <strong>Bronquio</strong> i <strong>Ortiga</strong> entre altres activitats.</p>
<p>Més informació a: <a href="https://crancfestival.com" target="_blank" rel="noopener">https://crancfestival.com</a></p>
<p>.</p>
<p>&nbsp;</p>
<p>[/et_pb_text][/et_pb_column_inner][/et_pb_row_inner][/et_pb_column][et_pb_column type=&#8221;1_4&#8243;][et_pb_customEventMetaFields admin_label=&#8221;EsClaustre Camps Event&#8221; _builder_version=&#8221;3.0.64&#8243; location=&#8221;on&#8221; schedule=&#8221;on&#8221; price=&#8221;on&#8221; module_class=&#8221;appendTo_tribe-events-infoBlocks_landscape&#8221; /][et_pb_button _builder_version=&#8221;3.0.64&#8243; button_text=&#8221;COMPRAR&#8221; url_new_window=&#8221;on&#8221; button_alignment=&#8221;center&#8221; background_layout=&#8221;light&#8221; custom_button=&#8221;off&#8221; button_letter_spacing=&#8221;0&#8243; button_icon_placement=&#8221;right&#8221; button_letter_spacing_hover=&#8221;0&#8243; module_class=&#8221;btn-ticket appendTo_tribe-events-infoBlocks_landscape&#8221; button_url=&#8221;https://crancfestival.com/ca/&#8221; /][et_pb_customEventCategories _builder_version=&#8221;3.0.64&#8243; /][et_pb_customEventTags _builder_version=&#8221;3.0.64&#8243; /][/et_pb_column][/]</p>

<p>La 5ª edició del CRANC ILLA DE MENORCA FESTIVAL tindrà lloc els dies 2, 3 i 4 de setembre de 2021 al Claustre del Carme de Maó. </p>
