{"id":12132,"date":"2021-05-20T09:54:01","date_gmt":"2021-05-20T09:54:01","guid":{"rendered":"https:\/\/esclaustre.com\/event\/balkan-paradise-orchestra-copy\/"},"modified":"2021-06-19T21:26:14","modified_gmt":"2021-06-19T21:26:14","slug":"rita-payes-i-elisabeth-roma","status":"publish","type":"tribe_events","link":"https:\/\/esclaustre.com\/en\/event\/rita-payes-i-elisabeth-roma\/","title":{"rendered":"Rita Payes &#038; Elisabeth Roma"},"content":{"rendered":"<p>[ bb_built=&#8221;1&#8243; fullwidth=&#8221;off&#8221; specialty=&#8221;on&#8221; _builder_version=&#8221;3.0.64&#8243;][et_pb_column type=&#8221;3_4&#8243; specialty_columns=&#8221;3&#8243;][et_pb_row_inner admin_label=&#8221;Row&#8221; _builder_version=&#8221;3.0.51&#8243; background_position_1=&#8221;top_left&#8221; background_repeat_1=&#8221;no-repeat&#8221; module_class=&#8221;tribe-events-content__img&#8221;][et_pb_column_inner type=&#8221;4_4&#8243; saved_specialty_column_type=&#8221;3_4&#8243;][et_pb_image _builder_version=&#8221;3.0.64&#8243; show_in_lightbox=&#8221;off&#8221; url_new_window=&#8221;off&#8221; use_overlay=&#8221;off&#8221; sticky=&#8221;off&#8221; align=&#8221;left&#8221; always_center_on_mobile=&#8221;on&#8221; border_style=&#8221;solid&#8221; force_fullwidth=&#8221;off&#8221; src=&#8221;https:\/\/esclaustre.com\/wp-content\/uploads\/2021\/05\/Rita_Payes_Elisabeth_Roma.jpg&#8221; \/][\/et_pb_column_inner][\/et_pb_row_inner][et_pb_row_inner admin_label=&#8221;Row&#8221; _builder_version=&#8221;3.0.51&#8243; background_position_1=&#8221;top_left&#8221; background_repeat_1=&#8221;no-repeat&#8221; module_class=&#8221;tribe-events-content__content&#8221;][et_pb_column_inner type=&#8221;4_4&#8243; saved_specialty_column_type=&#8221;3_4&#8243;][et_pb_code _builder_version=&#8221;3.0.64&#8243;][socialpug_share][\/et_pb_code][et_pb_text _builder_version=&#8221;3.0.64&#8243; background_layout=&#8221;light&#8221; text_orientation=&#8221;left&#8221; border_style=&#8221;solid&#8221;]<\/p>\n<h2><strong><b>Rita Pay\u00e9s i Elisabet Roma<\/b><\/strong><\/h2>\n<h2><strong>Totes les entrades del dia 19 son v\u00e0lides per diumenge dia 20 a les 19.00H<\/strong><\/h2>\n<p>&nbsp;<\/p>\n<p><span style=\"font-weight: 400;\">Estem davant del repte m\u00e9s gran de la seva carrera, ja que per primera vegada seran temes escrits i composats per ella mateixa,\u00a0 quelcom que no ha fet mai abans en 9 anys de traject\u00f2ria. Tenim davant un \u00e0lbum de 11 temes enregistrats al prestigi\u00f3s estudi de David Casamitjana, t\u00e8cnic de la Sant Andreu Jazz Band i produ\u00efts per Juan Berb\u00edn, reconegut m\u00fasic vene\u00e7ol\u00e0 premiat amb un Latin Grammy. Per \u00faltim, han tingut la sort de poder comptar amb l\u2019ajuda de Carlos Freitas al mastering, qui ha treballat amb els grand\u00edssims Toquinho, Caetano Veloso, Omara Portuondo o Gilberto Gil. La sonoritat que es despr\u00e8n ja \u00e9s marca de la casa: jazz, bossa nova i guitarra cl\u00e0ssica. Una mescla que ha portat a mare i filla tocar per gran part de capitals del continent europeu i que, amb tan sols 1 single publicat, ja va col\u00b7locar-se al radar d\u2019artistes hist\u00f2rics i del m\u00f3n mainstream.\u00a0<\/span><\/p>\n<p><span style=\"font-weight: 400;\">Els millors boleros s&#8217;escriuen quan tens el cor fet miques. I tothom sap que 21 anys s\u00f3n suficients perqu\u00e8 aix\u00f2 passi. El que segurament no passa tan sovint \u00e9s que es faci des d\u2019un sof\u00e0 d\u2019un pis d\u2019estudiants de Barcelona a les 4 del mat\u00ed i que aquestes quatre l\u00ednies a una llibreta s\u2019acabin escoltant per a tot el m\u00f3n.<\/span><\/p>\n<h2><strong>La Rita ens visita altre cop Es Claustre.<\/strong><\/h2>\n<p>&nbsp;<\/p>\n<p><span style=\"font-weight: 400;\">La jove trombonista i cantant catalana de 21 anys ha viscut i respirat m\u00fasica des que era una nena gr\u00e0cies a la seva fam\u00edlia. Va estudiar piano i m\u00e9s tard tromb\u00f3 i es va convertir en el seu instrument principal. Va entrar a la coneguda Sant Andreu Jazz Band sota la direcci\u00f3 del baixista i tenor <strong>Joan Chamorro<\/strong> i va participar en diversos \u00e0lbums al costat d&#8217;Andrea Motis, Eva Fern\u00e1ndez i Magali Datzira.<\/span><\/p>\n<p>L&#8217;Any passat dalt l&#8217;escenari del Claustre amb <strong>Las de Barcelona<\/strong> van fer-nos enlairar amunt i enguany l&#8217;esperem. No us ho perdeu per res del m\u00f3n.<\/p>\n<p>&nbsp;<\/p>\n<p><iframe title=\"YouTube video player\" src=\"https:\/\/www.youtube.com\/embed\/AySBPCkGyyY\" width=\"560\" height=\"315\" frameborder=\"0\" allowfullscreen=\"allowfullscreen\"><\/iframe><\/p>\n<p>&nbsp;<\/p>\n<p>[\/et_pb_text][\/et_pb_column_inner][\/et_pb_row_inner][\/et_pb_column][et_pb_column type=&#8221;1_4&#8243;][et_pb_customEventMetaFields admin_label=&#8221;EsClaustre Camps Event&#8221; _builder_version=&#8221;3.0.64&#8243; location=&#8221;on&#8221; schedule=&#8221;on&#8221; price=&#8221;on&#8221; module_class=&#8221;appendTo_tribe-events-infoBlocks_landscape&#8221; \/][et_pb_button _builder_version=&#8221;3.0.64&#8243; button_text=&#8221;BUY TICKETS&#8221; url_new_window=&#8221;on&#8221; button_alignment=&#8221;center&#8221; background_layout=&#8221;light&#8221; custom_button=&#8221;off&#8221; button_letter_spacing=&#8221;0&#8243; button_icon_placement=&#8221;right&#8221; button_letter_spacing_hover=&#8221;0&#8243; module_class=&#8221;btn-ticket appendTo_tribe-events-infoBlocks_landscape&#8221; button_url=&#8221;https:\/\/entradas.codetickets.com\/entradas\/rita-payes-i-elisabeth-roma\/17293\/esclaustre\/online?lang=ca_ES&#8221; \/][et_pb_customEventCategories _builder_version=&#8221;3.0.64&#8243; \/][et_pb_customEventTags _builder_version=&#8221;3.0.64&#8243; \/][\/et_pb_column][\/]<\/p>\n","protected":false},"excerpt":{"rendered":"<p>La cantant i trombonista Rita Pay\u00e9s s\u2019alia amb la seva mare, la guitarrista cl\u00e0ssica Elisabeth Roma, en un emocionant projecte que va comen\u00e7ar com un regal d\u2019aniversari i que ha acabat esdevenint una de les sorpreses m\u00e9s exquisides de la temporada musical a casa nostra.<\/p>\n","protected":false},"author":1,"featured_media":12130,"template":"","meta":{"_acf_changed":false,"_tribe_events_status":"","_tribe_events_status_reason":"","_tribe_events_is_hybrid":"","_tribe_events_is_virtual":"","_tribe_events_virtual_video_source":"","_tribe_events_virtual_embed_video":"","_tribe_events_virtual_linked_button_text":"","_tribe_events_virtual_linked_button":"","_tribe_events_virtual_show_embed_at":"","_tribe_events_virtual_show_embed_to":[],"_tribe_events_virtual_show_on_event":"","_tribe_events_virtual_show_on_views":"","_tribe_events_virtual_url":"","footnotes":""},"tags":[762,1129,104],"tribe_events_cat":[650,767,107],"class_list":["post-12132","tribe_events","type-tribe_events","status-publish","has-post-thumbnail","hentry","tag-barcelona-en","tag-bossa-nova-en","tag-jazz-en","tribe_events_cat-cultura-en","tribe_events_cat-festival-en","tribe_events_cat-musica-en","cat_cultura-en","cat_festival-en","cat_musica-en"],"acf":[],"_links":{"self":[{"href":"https:\/\/esclaustre.com\/en\/wp-json\/wp\/v2\/tribe_events\/12132","targetHints":{"allow":["GET"]}}],"collection":[{"href":"https:\/\/esclaustre.com\/en\/wp-json\/wp\/v2\/tribe_events"}],"about":[{"href":"https:\/\/esclaustre.com\/en\/wp-json\/wp\/v2\/types\/tribe_events"}],"author":[{"embeddable":true,"href":"https:\/\/esclaustre.com\/en\/wp-json\/wp\/v2\/users\/1"}],"version-history":[{"count":0,"href":"https:\/\/esclaustre.com\/en\/wp-json\/wp\/v2\/tribe_events\/12132\/revisions"}],"wp:featuredmedia":[{"embeddable":true,"href":"https:\/\/esclaustre.com\/en\/wp-json\/wp\/v2\/media\/12130"}],"wp:attachment":[{"href":"https:\/\/esclaustre.com\/en\/wp-json\/wp\/v2\/media?parent=12132"}],"wp:term":[{"taxonomy":"post_tag","embeddable":true,"href":"https:\/\/esclaustre.com\/en\/wp-json\/wp\/v2\/tags?post=12132"},{"taxonomy":"tribe_events_cat","embeddable":true,"href":"https:\/\/esclaustre.com\/en\/wp-json\/wp\/v2\/tribe_events_cat?post=12132"}],"curies":[{"name":"wp","href":"https:\/\/api.w.org\/{rel}","templated":true}]}}

<p>[ bb_built=&#8221;1&#8243; fullwidth=&#8221;off&#8221; specialty=&#8221;on&#8221; _builder_version=&#8221;3.0.64&#8243;][et_pb_column type=&#8221;3_4&#8243; specialty_columns=&#8221;3&#8243;][et_pb_row_inner admin_label=&#8221;Row&#8221; _builder_version=&#8221;3.0.51&#8243; background_position_1=&#8221;top_left&#8221; background_repeat_1=&#8221;no-repeat&#8221; module_class=&#8221;tribe-events-content__img&#8221;][et_pb_column_inner type=&#8221;4_4&#8243; saved_specialty_column_type=&#8221;3_4&#8243;][et_pb_image _builder_version=&#8221;3.0.64&#8243; show_in_lightbox=&#8221;off&#8221; url_new_window=&#8221;off&#8221; use_overlay=&#8221;off&#8221; sticky=&#8221;off&#8221; align=&#8221;left&#8221; always_center_on_mobile=&#8221;on&#8221; border_style=&#8221;solid&#8221; force_fullwidth=&#8221;off&#8221; src=&#8221;https://esclaustre.com/wp-content/uploads/2021/05/Rita_Payes_Elisabeth_Roma.jpg&#8221; /][/et_pb_column_inner][/et_pb_row_inner][et_pb_row_inner admin_label=&#8221;Row&#8221; _builder_version=&#8221;3.0.51&#8243; background_position_1=&#8221;top_left&#8221; background_repeat_1=&#8221;no-repeat&#8221; module_class=&#8221;tribe-events-content__content&#8221;][et_pb_column_inner type=&#8221;4_4&#8243; saved_specialty_column_type=&#8221;3_4&#8243;][et_pb_code _builder_version=&#8221;3.0.64&#8243;][socialpug_share][/et_pb_code][et_pb_text _builder_version=&#8221;3.0.64&#8243; background_layout=&#8221;light&#8221; text_orientation=&#8221;left&#8221; border_style=&#8221;solid&#8221;]</p>
<h2><strong><b>Rita Payés i Elisabet Roma</b></strong></h2>
<h2><strong>Totes les entrades del dia 19 son vàlides per diumenge dia 20 a les 19.00H</strong></h2>
<p>&nbsp;</p>
<p><span style="font-weight: 400;">Estem davant del repte més gran de la seva carrera, ja que per primera vegada seran temes escrits i composats per ella mateixa,  quelcom que no ha fet mai abans en 9 anys de trajectòria. Tenim davant un àlbum de 11 temes enregistrats al prestigiós estudi de David Casamitjana, tècnic de la Sant Andreu Jazz Band i produïts per Juan Berbín, reconegut músic veneçolà premiat amb un Latin Grammy. Per últim, han tingut la sort de poder comptar amb l’ajuda de Carlos Freitas al mastering, qui ha treballat amb els grandíssims Toquinho, Caetano Veloso, Omara Portuondo o Gilberto Gil. La sonoritat que es desprèn ja és marca de la casa: jazz, bossa nova i guitarra clàssica. Una mescla que ha portat a mare i filla tocar per gran part de capitals del continent europeu i que, amb tan sols 1 single publicat, ja va col·locar-se al radar d’artistes històrics i del món mainstream. </span></p>
<p><span style="font-weight: 400;">Els millors boleros s&#8217;escriuen quan tens el cor fet miques. I tothom sap que 21 anys són suficients perquè això passi. El que segurament no passa tan sovint és que es faci des d’un sofà d’un pis d’estudiants de Barcelona a les 4 del matí i que aquestes quatre línies a una llibreta s’acabin escoltant per a tot el món.</span></p>
<h2><strong>La Rita ens visita altre cop Es Claustre.</strong></h2>
<p>&nbsp;</p>
<p><span style="font-weight: 400;">La jove trombonista i cantant catalana de 21 anys ha viscut i respirat música des que era una nena gràcies a la seva família. Va estudiar piano i més tard trombó i es va convertir en el seu instrument principal. Va entrar a la coneguda Sant Andreu Jazz Band sota la direcció del baixista i tenor <strong>Joan Chamorro</strong> i va participar en diversos àlbums al costat d&#8217;Andrea Motis, Eva Fernández i Magali Datzira.</span></p>
<p>L&#8217;Any passat dalt l&#8217;escenari del Claustre amb <strong>Las de Barcelona</strong> van fer-nos enlairar amunt i enguany l&#8217;esperem. No us ho perdeu per res del món.</p>
<p>&nbsp;</p>
<p><iframe title="YouTube video player" src="https://www.youtube.com/embed/AySBPCkGyyY" width="560" height="315" frameborder="0" allowfullscreen="allowfullscreen"></iframe></p>
<p>&nbsp;</p>
<p>[/et_pb_text][/et_pb_column_inner][/et_pb_row_inner][/et_pb_column][et_pb_column type=&#8221;1_4&#8243;][et_pb_customEventMetaFields admin_label=&#8221;EsClaustre Camps Event&#8221; _builder_version=&#8221;3.0.64&#8243; location=&#8221;on&#8221; schedule=&#8221;on&#8221; price=&#8221;on&#8221; module_class=&#8221;appendTo_tribe-events-infoBlocks_landscape&#8221; /][et_pb_button _builder_version=&#8221;3.0.64&#8243; button_text=&#8221;BUY TICKETS&#8221; url_new_window=&#8221;on&#8221; button_alignment=&#8221;center&#8221; background_layout=&#8221;light&#8221; custom_button=&#8221;off&#8221; button_letter_spacing=&#8221;0&#8243; button_icon_placement=&#8221;right&#8221; button_letter_spacing_hover=&#8221;0&#8243; module_class=&#8221;btn-ticket appendTo_tribe-events-infoBlocks_landscape&#8221; button_url=&#8221;https://entradas.codetickets.com/entradas/rita-payes-i-elisabeth-roma/17293/esclaustre/online?lang=ca_ES&#8221; /][et_pb_customEventCategories _builder_version=&#8221;3.0.64&#8243; /][et_pb_customEventTags _builder_version=&#8221;3.0.64&#8243; /][/et_pb_column][/]</p>

<p>La cantant i trombonista Rita Payés s’alia amb la seva mare, la guitarrista clàssica Elisabeth Roma, en un emocionant projecte que va començar com un regal d’aniversari i que ha acabat esdevenint una de les sorpreses més exquisides de la temporada musical a casa nostra.</p>
