{"id":12418,"date":"2021-06-08T18:58:08","date_gmt":"2021-06-08T18:58:08","guid":{"rendered":"https:\/\/esclaustre.com\/event\/silvana-estrada-copy\/"},"modified":"2021-06-08T19:24:09","modified_gmt":"2021-06-08T19:24:09","slug":"tarta-relena","status":"publish","type":"tribe_events","link":"https:\/\/esclaustre.com\/en\/event\/tarta-relena\/","title":{"rendered":"Tarta Relena"},"content":{"rendered":"<p>[ bb_built=&#8221;1&#8243; fullwidth=&#8221;off&#8221; specialty=&#8221;on&#8221;][et_pb_column type=&#8221;3_4&#8243; specialty_columns=&#8221;3&#8243;][et_pb_row_inner admin_label=&#8221;Row&#8221; _builder_version=&#8221;3.0.51&#8243; background_position_1=&#8221;top_left&#8221; background_repeat_1=&#8221;no-repeat&#8221; module_class=&#8221;tribe-events-content__img&#8221;][et_pb_column_inner type=&#8221;4_4&#8243; saved_specialty_column_type=&#8221;3_4&#8243;][et_pb_image _builder_version=&#8221;3.0.64&#8243; show_in_lightbox=&#8221;off&#8221; url_new_window=&#8221;off&#8221; use_overlay=&#8221;off&#8221; sticky=&#8221;off&#8221; align=&#8221;left&#8221; always_center_on_mobile=&#8221;on&#8221; border_style=&#8221;solid&#8221; force_fullwidth=&#8221;off&#8221; src=&#8221;https:\/\/esclaustre.com\/wp-content\/uploads\/2021\/06\/Tarta-Relena-\u00a9-Duna-Vall\u00e8s-i-Cl\u00e0udia-Torrents-1-c\u00f2pia.jpg&#8221; \/][\/et_pb_column_inner][\/et_pb_row_inner][et_pb_row_inner admin_label=&#8221;Row&#8221; _builder_version=&#8221;3.0.51&#8243; background_position_1=&#8221;top_left&#8221; background_repeat_1=&#8221;no-repeat&#8221; module_class=&#8221;tribe-events-content__content&#8221;][et_pb_column_inner type=&#8221;4_4&#8243; saved_specialty_column_type=&#8221;3_4&#8243;][et_pb_code _builder_version=&#8221;3.0.64&#8243;][socialpug_share][\/et_pb_code][et_pb_text _builder_version=&#8221;3.0.64&#8243; background_layout=&#8221;light&#8221; text_orientation=&#8221;left&#8221; border_style=&#8221;solid&#8221;]<\/p>\n<h2><span style=\"color: #000000;\"><strong>\u00abTarta Relena\u00bb \u00a0Fiat Lux<\/strong><\/span><\/h2>\n<div class=\"mb25 entradeta\">\n<div class=\"field field-name-field-entradeta field-type-text-long field-label-hidden\">\n<div class=\"field-items\">\n<div class=\"field-item even\">A multidisciplinary and multidimensional show, that goes beyond the concert format, one in which different artistic languages envelop the voices and songs of the first full-length album of one of the most original musical projects of recent years.<\/div>\n<\/div>\n<\/div>\n<\/div>\n<div class=\"field field-name-body field-type-text-with-summary field-label-hidden\">\n<div class=\"field-items\">\n<div class=\"field-item even\">\n<p>We\u2019re talking about the first LP by two artists, <strong>Marta Torrella<\/strong> and <strong>Helena Ros<\/strong>, who won over the public a couple of years back with the first two albums released to date. Their repertoire is based on the music of oral tradition and songs by singer-songwriters linked in some way to the Mediterranean, the natural home of exceptional voices that are committed to making these melodies their own, without any inhibitions. Their different and wholly personal folk style creates a dialogue between rhythms and electronic music and the voices of the artists that playfully interweave, conversing and exchanging ideas more than they had on <em>Ora pro nobis<\/em> and <em>Intercede pro nobis<\/em>, EPs from 2019 and 2020 respectively. Now they are presenting their first full-length album, bringing it to the stage using different artistic languages (drama, lighting design, movement, staging, and costumes) that all interact with each other, accompanying the singing and live music.<\/p>\n<p><span style=\"color: #000000;\"><strong>Tarta Relena<\/strong><\/span> was born as a musical project in 2016. It is the union of the voices and talents of two performers who wanted to explore different vocal styles. They arrange melodies from different Mediterranean countries in the original languages but in their own territory, always striving for maximum expressiveness using as few elements as possible. <em>Ora pro nobis<\/em>, their 2019 d\u00e9but, won the <strong>Enderrock<\/strong> critics&#8217; award for the best folk album and a Calandria music prize from the digital publication N\u00favol. <em>Intercede pro nobis<\/em>, which was released in the middle of lockdown, was chosen by <strong>Rockdelux<\/strong> magazine as the best Spanish EP of 2020.<\/p>\n<\/div>\n<\/div>\n<\/div>\n<div class=\"elementor-element elementor-element-a42810a elementor-widget elementor-widget-heading\" data-id=\"a42810a\" data-element_type=\"widget\" data-widget_type=\"heading.default\">\n<div class=\"elementor-widget-container\">\n<p>&nbsp;<\/p>\n<\/div>\n<\/div>\n<p>&nbsp;<\/p>\n<p>&nbsp;<\/p>\n<p>&nbsp;<\/p>\n<p>&nbsp;<\/p>\n<p>&nbsp;<\/p>\n<p>[\/et_pb_text][\/et_pb_column_inner][\/et_pb_row_inner][\/et_pb_column][et_pb_column type=&#8221;1_4&#8243;][et_pb_customEventMetaFields admin_label=&#8221;EsClaustre Camps Event&#8221; _builder_version=&#8221;3.0.64&#8243; location=&#8221;on&#8221; schedule=&#8221;on&#8221; price=&#8221;on&#8221; module_class=&#8221;appendTo_tribe-events-infoBlocks_landscape&#8221; \/][et_pb_button _builder_version=&#8221;3.0.64&#8243; button_text=&#8221;BUY TICKET&#8221; url_new_window=&#8221;on&#8221; button_alignment=&#8221;center&#8221; background_layout=&#8221;light&#8221; custom_button=&#8221;off&#8221; button_letter_spacing=&#8221;0&#8243; button_icon_placement=&#8221;right&#8221; button_letter_spacing_hover=&#8221;0&#8243; module_class=&#8221;btn-ticket appendTo_tribe-events-infoBlocks_landscape&#8221; button_url=&#8221;https:\/\/entradas.codetickets.com\/entradas\/tarta-relena\/17966\/esclaustre\/online?lang=en_GB&#8221; \/][et_pb_customEventCategories _builder_version=&#8221;3.0.64&#8243; \/][et_pb_customEventTags _builder_version=&#8221;3.0.64&#8243; \/][\/et_pb_column][\/]<\/p>\n","protected":false},"excerpt":{"rendered":"<p>\u00abTarta Relena\u00bb \u00a0Fiat Lux. A multidisciplinary and multidimensional show, that goes beyond the concert format, one in which different artistic languages envelop the voices and songs of the first full-length album of one of the most original musical projects of recent years.<\/p>\n","protected":false},"author":1,"featured_media":12416,"template":"","meta":{"_acf_changed":false,"_tribe_events_status":"","_tribe_events_status_reason":"","_tribe_events_is_hybrid":"","_tribe_events_is_virtual":"","_tribe_events_virtual_video_source":"","_tribe_events_virtual_embed_video":"","_tribe_events_virtual_linked_button_text":"","_tribe_events_virtual_linked_button":"","_tribe_events_virtual_show_embed_at":"","_tribe_events_virtual_show_embed_to":[],"_tribe_events_virtual_show_on_event":"","_tribe_events_virtual_show_on_views":"","_tribe_events_virtual_url":"","footnotes":""},"tags":[2239,762,634,160],"tribe_events_cat":[650,107],"class_list":["post-12418","tribe_events","type-tribe_events","status-publish","has-post-thumbnail","hentry","tag-a-capela-en","tag-barcelona-en","tag-electronica-en","tag-folk-en","tribe_events_cat-cultura-en","tribe_events_cat-musica-en","cat_cultura-en","cat_musica-en"],"acf":[],"_links":{"self":[{"href":"https:\/\/esclaustre.com\/en\/wp-json\/wp\/v2\/tribe_events\/12418","targetHints":{"allow":["GET"]}}],"collection":[{"href":"https:\/\/esclaustre.com\/en\/wp-json\/wp\/v2\/tribe_events"}],"about":[{"href":"https:\/\/esclaustre.com\/en\/wp-json\/wp\/v2\/types\/tribe_events"}],"author":[{"embeddable":true,"href":"https:\/\/esclaustre.com\/en\/wp-json\/wp\/v2\/users\/1"}],"version-history":[{"count":0,"href":"https:\/\/esclaustre.com\/en\/wp-json\/wp\/v2\/tribe_events\/12418\/revisions"}],"wp:featuredmedia":[{"embeddable":true,"href":"https:\/\/esclaustre.com\/en\/wp-json\/wp\/v2\/media\/12416"}],"wp:attachment":[{"href":"https:\/\/esclaustre.com\/en\/wp-json\/wp\/v2\/media?parent=12418"}],"wp:term":[{"taxonomy":"post_tag","embeddable":true,"href":"https:\/\/esclaustre.com\/en\/wp-json\/wp\/v2\/tags?post=12418"},{"taxonomy":"tribe_events_cat","embeddable":true,"href":"https:\/\/esclaustre.com\/en\/wp-json\/wp\/v2\/tribe_events_cat?post=12418"}],"curies":[{"name":"wp","href":"https:\/\/api.w.org\/{rel}","templated":true}]}}

<p>[ bb_built=&#8221;1&#8243; fullwidth=&#8221;off&#8221; specialty=&#8221;on&#8221;][et_pb_column type=&#8221;3_4&#8243; specialty_columns=&#8221;3&#8243;][et_pb_row_inner admin_label=&#8221;Row&#8221; _builder_version=&#8221;3.0.51&#8243; background_position_1=&#8221;top_left&#8221; background_repeat_1=&#8221;no-repeat&#8221; module_class=&#8221;tribe-events-content__img&#8221;][et_pb_column_inner type=&#8221;4_4&#8243; saved_specialty_column_type=&#8221;3_4&#8243;][et_pb_image _builder_version=&#8221;3.0.64&#8243; show_in_lightbox=&#8221;off&#8221; url_new_window=&#8221;off&#8221; use_overlay=&#8221;off&#8221; sticky=&#8221;off&#8221; align=&#8221;left&#8221; always_center_on_mobile=&#8221;on&#8221; border_style=&#8221;solid&#8221; force_fullwidth=&#8221;off&#8221; src=&#8221;https://esclaustre.com/wp-content/uploads/2021/06/Tarta-Relena-©-Duna-Vallès-i-Clàudia-Torrents-1-còpia.jpg&#8221; /][/et_pb_column_inner][/et_pb_row_inner][et_pb_row_inner admin_label=&#8221;Row&#8221; _builder_version=&#8221;3.0.51&#8243; background_position_1=&#8221;top_left&#8221; background_repeat_1=&#8221;no-repeat&#8221; module_class=&#8221;tribe-events-content__content&#8221;][et_pb_column_inner type=&#8221;4_4&#8243; saved_specialty_column_type=&#8221;3_4&#8243;][et_pb_code _builder_version=&#8221;3.0.64&#8243;][socialpug_share][/et_pb_code][et_pb_text _builder_version=&#8221;3.0.64&#8243; background_layout=&#8221;light&#8221; text_orientation=&#8221;left&#8221; border_style=&#8221;solid&#8221;]</p>
<h2><span style="color: #000000;"><strong>«Tarta Relena»  Fiat Lux</strong></span></h2>
<div class="mb25 entradeta">
<div class="field field-name-field-entradeta field-type-text-long field-label-hidden">
<div class="field-items">
<div class="field-item even">A multidisciplinary and multidimensional show, that goes beyond the concert format, one in which different artistic languages envelop the voices and songs of the first full-length album of one of the most original musical projects of recent years.</div>
</div>
</div>
</div>
<div class="field field-name-body field-type-text-with-summary field-label-hidden">
<div class="field-items">
<div class="field-item even">
<p>We’re talking about the first LP by two artists, <strong>Marta Torrella</strong> and <strong>Helena Ros</strong>, who won over the public a couple of years back with the first two albums released to date. Their repertoire is based on the music of oral tradition and songs by singer-songwriters linked in some way to the Mediterranean, the natural home of exceptional voices that are committed to making these melodies their own, without any inhibitions. Their different and wholly personal folk style creates a dialogue between rhythms and electronic music and the voices of the artists that playfully interweave, conversing and exchanging ideas more than they had on <em>Ora pro nobis</em> and <em>Intercede pro nobis</em>, EPs from 2019 and 2020 respectively. Now they are presenting their first full-length album, bringing it to the stage using different artistic languages (drama, lighting design, movement, staging, and costumes) that all interact with each other, accompanying the singing and live music.</p>
<p><span style="color: #000000;"><strong>Tarta Relena</strong></span> was born as a musical project in 2016. It is the union of the voices and talents of two performers who wanted to explore different vocal styles. They arrange melodies from different Mediterranean countries in the original languages but in their own territory, always striving for maximum expressiveness using as few elements as possible. <em>Ora pro nobis</em>, their 2019 début, won the <strong>Enderrock</strong> critics&#8217; award for the best folk album and a Calandria music prize from the digital publication Núvol. <em>Intercede pro nobis</em>, which was released in the middle of lockdown, was chosen by <strong>Rockdelux</strong> magazine as the best Spanish EP of 2020.</p>
</div>
</div>
</div>
<div class="elementor-element elementor-element-a42810a elementor-widget elementor-widget-heading" data-id="a42810a" data-element_type="widget" data-widget_type="heading.default">
<div class="elementor-widget-container">
<p>&nbsp;</p>
</div>
</div>
<p>&nbsp;</p>
<p>&nbsp;</p>
<p>&nbsp;</p>
<p>&nbsp;</p>
<p>&nbsp;</p>
<p>[/et_pb_text][/et_pb_column_inner][/et_pb_row_inner][/et_pb_column][et_pb_column type=&#8221;1_4&#8243;][et_pb_customEventMetaFields admin_label=&#8221;EsClaustre Camps Event&#8221; _builder_version=&#8221;3.0.64&#8243; location=&#8221;on&#8221; schedule=&#8221;on&#8221; price=&#8221;on&#8221; module_class=&#8221;appendTo_tribe-events-infoBlocks_landscape&#8221; /][et_pb_button _builder_version=&#8221;3.0.64&#8243; button_text=&#8221;BUY TICKET&#8221; url_new_window=&#8221;on&#8221; button_alignment=&#8221;center&#8221; background_layout=&#8221;light&#8221; custom_button=&#8221;off&#8221; button_letter_spacing=&#8221;0&#8243; button_icon_placement=&#8221;right&#8221; button_letter_spacing_hover=&#8221;0&#8243; module_class=&#8221;btn-ticket appendTo_tribe-events-infoBlocks_landscape&#8221; button_url=&#8221;https://entradas.codetickets.com/entradas/tarta-relena/17966/esclaustre/online?lang=en_GB&#8221; /][et_pb_customEventCategories _builder_version=&#8221;3.0.64&#8243; /][et_pb_customEventTags _builder_version=&#8221;3.0.64&#8243; /][/et_pb_column][/]</p>
