{"id":12964,"date":"2021-07-26T09:32:08","date_gmt":"2021-07-26T09:32:08","guid":{"rendered":"https:\/\/esclaustre.com\/event\/anna-colom-copy\/"},"modified":"2021-08-02T13:25:20","modified_gmt":"2021-08-02T13:25:20","slug":"anna-colom-cayana","status":"publish","type":"tribe_events","link":"https:\/\/esclaustre.com\/en\/event\/anna-colom-cayana\/","title":{"rendered":"Anna Colom"},"content":{"rendered":"<p>[ bb_built=&#8221;1&#8243; fullwidth=&#8221;off&#8221; specialty=&#8221;on&#8221;][et_pb_column type=&#8221;3_4&#8243; specialty_columns=&#8221;3&#8243;][et_pb_row_inner admin_label=&#8221;Row&#8221; _builder_version=&#8221;3.0.51&#8243; background_position_1=&#8221;top_left&#8221; background_repeat_1=&#8221;no-repeat&#8221; module_class=&#8221;tribe-events-content__img&#8221;][et_pb_column_inner type=&#8221;4_4&#8243; saved_specialty_column_type=&#8221;3_4&#8243;][et_pb_image _builder_version=&#8221;3.0.64&#8243; show_in_lightbox=&#8221;off&#8221; url_new_window=&#8221;off&#8221; use_overlay=&#8221;off&#8221; sticky=&#8221;off&#8221; align=&#8221;left&#8221; always_center_on_mobile=&#8221;on&#8221; border_style=&#8221;solid&#8221; force_fullwidth=&#8221;off&#8221; src=&#8221;https:\/\/esclaustre.com\/wp-content\/uploads\/2020\/07\/Anna_Colom.jpg&#8221; \/][\/et_pb_column_inner][\/et_pb_row_inner][et_pb_row_inner admin_label=&#8221;Row&#8221; _builder_version=&#8221;3.0.51&#8243; background_position_1=&#8221;top_left&#8221; background_repeat_1=&#8221;no-repeat&#8221; module_class=&#8221;tribe-events-content__content&#8221;][et_pb_column_inner type=&#8221;4_4&#8243; saved_specialty_column_type=&#8221;3_4&#8243;][et_pb_code _builder_version=&#8221;3.0.51&#8243;][socialpug_share][\/et_pb_code][et_pb_text _builder_version=&#8221;3.0.64&#8243; background_layout=&#8221;light&#8221; text_orientation=&#8221;left&#8221; border_style=&#8221;solid&#8221;]<\/p>\n<h2><strong>\u00abAnna Colom\u00bb\u00a0un tribut modern al llegat del flamenc.<\/strong><\/h2>\n<p>&nbsp;<\/p>\n<p>La veu d\u2019Anna Colom ha fet la volta al m\u00f3n acompanyant el <em>Malamente <\/em>de <strong>Rosal\u00eda<\/strong>. Aquesta <em>cantaora<\/em> \u00e9s acompanyant habitual de la cantant de Sant Esteve Sesrovires, a la qual va con\u00e8ixer a l\u2019ESMUC, on totes dues van cursar el grau superior de Cante Flamenco. Colom, que tamb\u00e9 es va formar a la Fundaci\u00f3n Cristina Heeren de Arte Flamenco, a Sevilla, tamb\u00e9 ha acompanyat m\u00fasics com ara <strong>Chicuelo<\/strong>.<\/p>\n<p class=\"s4\"><span class=\"s6\">Ha treballat com a corista en el projecte de El Mal Querer de Rosalia. Canta en companyia flamenca: <\/span><span class=\"s7\">Barcelona y Flamenco;<\/span><span class=\"s6\">\u00a0sota la direcci\u00f3 de maestro Juan G\u00f3mez Chicuelo, i\u00a0<\/span><span class=\"s8\">f<\/span><span class=\"s6\">orma part de diferents projectes art\u00edstics como ara <strong>Laboratoria<\/strong> (Flamenco experimental), <strong>Joncol 4<\/strong> (m\u00fasica cl\u00e1sica y flamenco), i \u00e9s, a m\u00e9s a m\u00e9s, cantant, arreglista i compositora del seu propi projecte\u00a0<\/span><strong><span class=\"s8\">Cayana<\/span><\/strong><span class=\"s6\">.<\/span><\/p>\n<div class=\"field field-name-field-fitxa-tecnica field-type-text-long field-label-above\">\n<div class=\"field-item even\">\n<p>Veu, composici\u00f3 i direcci\u00f3 musical: <strong>Anna Colom<\/strong>.<br \/>\nGuitarra i arranjaments: <strong>Exequiel Coria<\/strong>.<br \/>\nBall i panderos: <strong>Karen Lugo<\/strong><\/p>\n<\/div>\n<\/div>\n<p>&nbsp;<\/p>\n<p>[\/et_pb_text][et_pb_text admin_label=&#8221;Text \u2217 COVID-19_ CAT&#8221; _builder_version=&#8221;3.0.64&#8243; background_layout=&#8221;light&#8221; text_orientation=&#8221;left&#8221; border_style=&#8221;solid&#8221; saved_tabs=&#8221;all&#8221;]<\/p>\n<p>&nbsp;<\/p>\n<p><span style=\"font-family: American Typewriter;\"><span style=\"color: #d11d1d;\">\u2217\u00a0COVID-19 <span style=\"color: #000000;\">Accepto que en nom i representaci\u00f3 propis, al adquirir entrades per asisitir Es Claustre: \u00a0Conec\u00a0la situaci\u00f3 d\u2019emerg\u00e8ncia sanit\u00e0ria causada per la malaltia infecciosa COVID-19, la simptomatologia i les recomanacions sanit\u00e0ries respecte les mesures d\u2019a\u00efllament i distanciament social com la manera m\u00e9s efectiva per evitar l\u2019exposici\u00f3 al virus. De tal manera, accepto que estic informat i comprom\u00e8s amb les mesures organitzatives i preventives per minimitzar el contacte entre persones i reduir aix\u00ed les oportunitats de contagi de la malaltia.<\/span><\/span><\/span><\/p>\n<div><span style=\"font-family: American Typewriter;\">\u00a0<\/span><\/div>\n<p>&nbsp;<\/p>\n<p>[\/et_pb_text][\/et_pb_column_inner][\/et_pb_row_inner][\/et_pb_column][et_pb_column type=&#8221;1_4&#8243;][et_pb_customEventMetaFields admin_label=&#8221;EsClaustre Camps Event&#8221; _builder_version=&#8221;3.0.51&#8243; location=&#8221;on&#8221; schedule=&#8221;on&#8221; price=&#8221;on&#8221; module_class=&#8221;appendTo_tribe-events-infoBlocks_landscape&#8221; \/][et_pb_button _builder_version=&#8221;3.0.64&#8243; button_text=&#8221;Comprar&#8221; url_new_window=&#8221;on&#8221; button_alignment=&#8221;center&#8221; background_layout=&#8221;light&#8221; custom_button=&#8221;off&#8221; button_text_color=&#8221;#ffffff&#8221; button_bg_color=&#8221;#f92b44&#8243; button_border_width=&#8221;0&#8243; button_border_radius=&#8221;0&#8243; button_letter_spacing=&#8221;0&#8243; button_icon_placement=&#8221;right&#8221; button_letter_spacing_hover=&#8221;0&#8243; module_class=&#8221;btn-ticket appendTo_tribe-events-infoBlocks_landscape&#8221; button_url=&#8221;https:\/\/entradas.codetickets.com\/entradas\/anna-colom_3100\/20347\/esclaustre\/online?lang=ca_ES&#8221; \/][et_pb_customEventCategories _builder_version=&#8221;3.0.51&#8243; \/][et_pb_customEventTags _builder_version=&#8221;3.0.51&#8243; \/][\/et_pb_column][\/]<\/p>\n","protected":false},"excerpt":{"rendered":"<p>La veu d\u2019Anna Colom ha fet la volta al m\u00f3n acompanyant el Malamente de Rosal\u00eda. Cayana, que \u00e9s la seva primera aposta en solitari.<\/p>\n","protected":false},"author":1,"featured_media":8377,"template":"","meta":{"_acf_changed":false,"_tribe_events_status":"","_tribe_events_status_reason":"","_tribe_events_is_hybrid":"","_tribe_events_is_virtual":"","_tribe_events_virtual_video_source":"","_tribe_events_virtual_embed_video":"","_tribe_events_virtual_linked_button_text":"","_tribe_events_virtual_linked_button":"","_tribe_events_virtual_show_embed_at":"","_tribe_events_virtual_show_embed_to":[],"_tribe_events_virtual_show_on_event":"","_tribe_events_virtual_show_on_views":"","_tribe_events_virtual_url":"","footnotes":""},"tags":[762,1610,227,814],"tribe_events_cat":[1423,107],"class_list":["post-12964","tribe_events","type-tribe_events","status-publish","has-post-thumbnail","hentry","tag-barcelona-en","tag-cayana-en","tag-flamenc-en","tag-rosalia-en","tribe_events_cat-agenda-menorca-en","tribe_events_cat-musica-en","cat_agenda-menorca-en","cat_musica-en"],"acf":[],"_links":{"self":[{"href":"https:\/\/esclaustre.com\/en\/wp-json\/wp\/v2\/tribe_events\/12964","targetHints":{"allow":["GET"]}}],"collection":[{"href":"https:\/\/esclaustre.com\/en\/wp-json\/wp\/v2\/tribe_events"}],"about":[{"href":"https:\/\/esclaustre.com\/en\/wp-json\/wp\/v2\/types\/tribe_events"}],"author":[{"embeddable":true,"href":"https:\/\/esclaustre.com\/en\/wp-json\/wp\/v2\/users\/1"}],"version-history":[{"count":0,"href":"https:\/\/esclaustre.com\/en\/wp-json\/wp\/v2\/tribe_events\/12964\/revisions"}],"wp:featuredmedia":[{"embeddable":true,"href":"https:\/\/esclaustre.com\/en\/wp-json\/wp\/v2\/media\/8377"}],"wp:attachment":[{"href":"https:\/\/esclaustre.com\/en\/wp-json\/wp\/v2\/media?parent=12964"}],"wp:term":[{"taxonomy":"post_tag","embeddable":true,"href":"https:\/\/esclaustre.com\/en\/wp-json\/wp\/v2\/tags?post=12964"},{"taxonomy":"tribe_events_cat","embeddable":true,"href":"https:\/\/esclaustre.com\/en\/wp-json\/wp\/v2\/tribe_events_cat?post=12964"}],"curies":[{"name":"wp","href":"https:\/\/api.w.org\/{rel}","templated":true}]}}

<p>[ bb_built=&#8221;1&#8243; fullwidth=&#8221;off&#8221; specialty=&#8221;on&#8221;][et_pb_column type=&#8221;3_4&#8243; specialty_columns=&#8221;3&#8243;][et_pb_row_inner admin_label=&#8221;Row&#8221; _builder_version=&#8221;3.0.51&#8243; background_position_1=&#8221;top_left&#8221; background_repeat_1=&#8221;no-repeat&#8221; module_class=&#8221;tribe-events-content__img&#8221;][et_pb_column_inner type=&#8221;4_4&#8243; saved_specialty_column_type=&#8221;3_4&#8243;][et_pb_image _builder_version=&#8221;3.0.64&#8243; show_in_lightbox=&#8221;off&#8221; url_new_window=&#8221;off&#8221; use_overlay=&#8221;off&#8221; sticky=&#8221;off&#8221; align=&#8221;left&#8221; always_center_on_mobile=&#8221;on&#8221; border_style=&#8221;solid&#8221; force_fullwidth=&#8221;off&#8221; src=&#8221;https://esclaustre.com/wp-content/uploads/2020/07/Anna_Colom.jpg&#8221; /][/et_pb_column_inner][/et_pb_row_inner][et_pb_row_inner admin_label=&#8221;Row&#8221; _builder_version=&#8221;3.0.51&#8243; background_position_1=&#8221;top_left&#8221; background_repeat_1=&#8221;no-repeat&#8221; module_class=&#8221;tribe-events-content__content&#8221;][et_pb_column_inner type=&#8221;4_4&#8243; saved_specialty_column_type=&#8221;3_4&#8243;][et_pb_code _builder_version=&#8221;3.0.51&#8243;][socialpug_share][/et_pb_code][et_pb_text _builder_version=&#8221;3.0.64&#8243; background_layout=&#8221;light&#8221; text_orientation=&#8221;left&#8221; border_style=&#8221;solid&#8221;]</p>
<h2><strong>«Anna Colom» un tribut modern al llegat del flamenc.</strong></h2>
<p>&nbsp;</p>
<p>La veu d’Anna Colom ha fet la volta al món acompanyant el <em>Malamente </em>de <strong>Rosalía</strong>. Aquesta <em>cantaora</em> és acompanyant habitual de la cantant de Sant Esteve Sesrovires, a la qual va conèixer a l’ESMUC, on totes dues van cursar el grau superior de Cante Flamenco. Colom, que també es va formar a la Fundación Cristina Heeren de Arte Flamenco, a Sevilla, també ha acompanyat músics com ara <strong>Chicuelo</strong>.</p>
<p class="s4"><span class="s6">Ha treballat com a corista en el projecte de El Mal Querer de Rosalia. Canta en companyia flamenca: </span><span class="s7">Barcelona y Flamenco;</span><span class="s6"> sota la direcció de maestro Juan Gómez Chicuelo, i </span><span class="s8">f</span><span class="s6">orma part de diferents projectes artístics como ara <strong>Laboratoria</strong> (Flamenco experimental), <strong>Joncol 4</strong> (música clásica y flamenco), i és, a més a més, cantant, arreglista i compositora del seu propi projecte </span><strong><span class="s8">Cayana</span></strong><span class="s6">.</span></p>
<div class="field field-name-field-fitxa-tecnica field-type-text-long field-label-above">
<div class="field-item even">
<p>Veu, composició i direcció musical: <strong>Anna Colom</strong>.<br />
Guitarra i arranjaments: <strong>Exequiel Coria</strong>.<br />
Ball i panderos: <strong>Karen Lugo</strong></p>
</div>
</div>
<p>&nbsp;</p>
<p>[/et_pb_text][et_pb_text admin_label=&#8221;Text ∗ COVID-19_ CAT&#8221; _builder_version=&#8221;3.0.64&#8243; background_layout=&#8221;light&#8221; text_orientation=&#8221;left&#8221; border_style=&#8221;solid&#8221; saved_tabs=&#8221;all&#8221;]</p>
<p>&nbsp;</p>
<p><span style="font-family: American Typewriter;"><span style="color: #d11d1d;">∗ COVID-19 <span style="color: #000000;">Accepto que en nom i representació propis, al adquirir entrades per asisitir Es Claustre:  Conec la situació d’emergència sanitària causada per la malaltia infecciosa COVID-19, la simptomatologia i les recomanacions sanitàries respecte les mesures d’aïllament i distanciament social com la manera més efectiva per evitar l’exposició al virus. De tal manera, accepto que estic informat i compromès amb les mesures organitzatives i preventives per minimitzar el contacte entre persones i reduir així les oportunitats de contagi de la malaltia.</span></span></span></p>
<div><span style="font-family: American Typewriter;"> </span></div>
<p>&nbsp;</p>
<p>[/et_pb_text][/et_pb_column_inner][/et_pb_row_inner][/et_pb_column][et_pb_column type=&#8221;1_4&#8243;][et_pb_customEventMetaFields admin_label=&#8221;EsClaustre Camps Event&#8221; _builder_version=&#8221;3.0.51&#8243; location=&#8221;on&#8221; schedule=&#8221;on&#8221; price=&#8221;on&#8221; module_class=&#8221;appendTo_tribe-events-infoBlocks_landscape&#8221; /][et_pb_button _builder_version=&#8221;3.0.64&#8243; button_text=&#8221;Comprar&#8221; url_new_window=&#8221;on&#8221; button_alignment=&#8221;center&#8221; background_layout=&#8221;light&#8221; custom_button=&#8221;off&#8221; button_text_color=&#8221;#ffffff&#8221; button_bg_color=&#8221;#f92b44&#8243; button_border_width=&#8221;0&#8243; button_border_radius=&#8221;0&#8243; button_letter_spacing=&#8221;0&#8243; button_icon_placement=&#8221;right&#8221; button_letter_spacing_hover=&#8221;0&#8243; module_class=&#8221;btn-ticket appendTo_tribe-events-infoBlocks_landscape&#8221; button_url=&#8221;https://entradas.codetickets.com/entradas/anna-colom_3100/20347/esclaustre/online?lang=ca_ES&#8221; /][et_pb_customEventCategories _builder_version=&#8221;3.0.51&#8243; /][et_pb_customEventTags _builder_version=&#8221;3.0.51&#8243; /][/et_pb_column][/]</p>

<p>La veu d’Anna Colom ha fet la volta al món acompanyant el Malamente de Rosalía. Cayana, que és la seva primera aposta en solitari.</p>
