{"id":13125,"date":"2021-08-14T10:14:11","date_gmt":"2021-08-14T10:14:11","guid":{"rendered":"https:\/\/esclaustre.com\/event\/gas-the-arabs-copy\/"},"modified":"2021-08-14T10:36:09","modified_gmt":"2021-08-14T10:36:09","slug":"pullman","status":"publish","type":"tribe_events","link":"https:\/\/esclaustre.com\/en\/event\/pullman\/","title":{"rendered":"Pullman"},"content":{"rendered":"<p>[ bb_built=&#8221;1&#8243; admin_label=&#8221;section&#8221; module_class=&#8221;eventPost__vertical&#8221; _builder_version=&#8221;3.0.51&#8243;][et_pb_row admin_label=&#8221;row&#8221; make_equal=&#8221;on&#8221; background_position_1=&#8221;top_left&#8221; background_position_2=&#8221;top_left&#8221; background_repeat_1=&#8221;no-repeat&#8221; background_repeat_2=&#8221;no-repeat&#8221; module_class_1=&#8221;eventPost__vertical__img&#8221; module_class_2=&#8221;eventPost__vertical__img_content&#8221; _builder_version=&#8221;3.0.51&#8243; background_size=&#8221;initial&#8221; background_position=&#8221;top_left&#8221; background_repeat=&#8221;repeat&#8221;][et_pb_column type=&#8221;1_2&#8243;][et_pb_image sticky=&#8221;on&#8221; _builder_version=&#8221;3.0.64&#8243; show_in_lightbox=&#8221;off&#8221; url_new_window=&#8221;off&#8221; use_overlay=&#8221;off&#8221; align=&#8221;left&#8221; always_center_on_mobile=&#8221;on&#8221; border_style=&#8221;solid&#8221; force_fullwidth=&#8221;off&#8221; src=&#8221;https:\/\/esclaustre.com\/wp-content\/uploads\/2021\/08\/Pullman.jpg&#8221; \/][\/et_pb_column][et_pb_column type=&#8221;1_2&#8243;][et_pb_customEventMetaFields location=&#8221;on&#8221; schedule=&#8221;on&#8221; price=&#8221;on&#8221; _builder_version=&#8221;3.0.64&#8243;]<\/p>\n<div class=\"wrapper_tribe-events-infoBlock\">\n<dl class=\"tribe-events-infoBlock et_pb_customEventMetaFields_1\">\n<dt class=\"tribe-events-infoBlock__label\">Lloc<\/dt>\n<dd class=\"tribe-events-infoBlock__field\"><\/dd>\n<\/dl>\n<dl class=\"tribe-events-infoBlock et_pb_customEventMetaFields_1\">\n<dt class=\"tribe-events-infoBlock__label\">Horari<\/dt>\n<dd class=\"tribe-events-infoBlock__field\">H<\/dd>\n<\/dl>\n<dl class=\"tribe-events-infoBlock et_pb_customEventMetaFields_1\">\n<dt class=\"tribe-events-infoBlock__label\">Preu<\/dt>\n<dd class=\"tribe-events-infoBlock__field\"><\/dd>\n<\/dl>\n<p><a class=\"tribe-events-infoBlock_addCAlendar\" href=\"https:\/\/esclaustre.com\/agenda\/?ical=1\">Afegir al calendari<\/a><\/p>\n<\/div>\n<p>[\/et_pb_customEventMetaFields][et_pb_button _builder_version=&#8221;3.0.64&#8243; button_text=&#8221;COMPRAR&#8221; button_url=&#8221;https:\/\/entradas.codetickets.com\/entradas\/esclaustre&#8221; url_new_window=&#8221;off&#8221; button_alignment=&#8221;center&#8221; background_layout=&#8221;light&#8221; custom_button=&#8221;off&#8221; button_letter_spacing=&#8221;0&#8243; button_icon_placement=&#8221;right&#8221; button_letter_spacing_hover=&#8221;0&#8243; module_class=&#8221;btn-ticket appendTo_tribe-events-infoBlocks_landscape&#8221; \/][et_pb_text admin_label=&#8221;Dades generals de la pelicula&#8221; module_class=&#8221;postEvent_cine__block&#8221; _builder_version=&#8221;3.0.64&#8243; background_layout=&#8221;light&#8221; text_orientation=&#8221;left&#8221; border_style=&#8221;solid&#8221;]<\/p>\n<h1>PULLMAN<\/h1>\n<h3 class=\"tit fusion-responsive-typography-calculated\" data-fontsize=\"46\" data-lineheight=\"41px\"><strong>Toni Bestard<\/strong><\/h3>\n<p class=\"tit fusion-responsive-typography-calculated\" data-fontsize=\"46\" data-lineheight=\"41px\">VO subtitulada en catal\u00e0<\/p>\n<p>Espanya<\/p>\n<p>2019 \u00a070 minuts<\/p>\n<div><\/div>\n<p>[\/et_pb_text][et_pb_customEventTags admin_label=&#8221;Tags&#8221; _builder_version=&#8221;3.0.64&#8243; \/][et_pb_customEventCategories admin_label=&#8221;Categories&#8221; _builder_version=&#8221;3.0.64&#8243; \/][et_pb_text admin_label=&#8221;Premis + Link Trailer&#8221; module_class=&#8221;postEvent_cine__block&#8221; _builder_version=&#8221;3.0.64&#8243; background_layout=&#8221;light&#8221; text_orientation=&#8221;left&#8221; border_style=&#8221;solid&#8221;]<\/p>\n<h4><span style=\"color: #000000;\">PREMIS I FESTIVALS<\/span><\/h4>\n<ul class=\"list-unstyled text-lg\" data-v-285dcc03=\"\">\n<li class=\"py-3\" data-v-285dcc03=\"\"><a class=\"d-block c-link c-link--text c-link--caption\" href=\"https:\/\/www.filmin.es\/catalogo\/premio\/festival-evolution\" data-v-285dcc03=\"\" target=\"_blank\" rel=\"noopener\">FESTIVAL EVOLUTION<\/a>\n<ul class=\"mt-2 list-unstyled\" data-v-285dcc03=\"\">\n<li data-v-285dcc03=\"\">Secci\u00f3n Oficial<\/li>\n<\/ul>\n<\/li>\n<li class=\"py-3 border-top\" data-v-285dcc03=\"\"><a class=\"d-block c-link c-link--text c-link--caption\" href=\"https:\/\/www.filmin.es\/catalogo\/premio\/buff-international-film-festival-for-children-and-young-people\" data-v-285dcc03=\"\" target=\"_blank\" rel=\"noopener\">BUFF INTERNATIONAL FILM FESTIVAL FOR CHILDREN AND YOUNG PEOPLE<\/a>\n<ul class=\"mt-2 list-unstyled\" data-v-285dcc03=\"\">\n<li data-v-285dcc03=\"\">Secci\u00f3n Oficial<\/li>\n<\/ul>\n<\/li>\n<li class=\"py-3 border-top\" data-v-285dcc03=\"\"><a class=\"d-block c-link c-link--text c-link--caption\" href=\"https:\/\/www.filmin.es\/catalogo\/premio\/mallorca-de-cinema\" data-v-285dcc03=\"\" target=\"_blank\" rel=\"noopener\">MALLORCA DE CINEMA<\/a>\n<ul class=\"mt-2 list-unstyled\" data-v-285dcc03=\"\">\n<li data-v-285dcc03=\"\">Mejor Pel\u00edcula<\/li>\n<\/ul>\n<\/li>\n<li class=\"py-3 border-top\" data-v-285dcc03=\"\"><a class=\"d-block c-link c-link--text c-link--caption\" href=\"https:\/\/www.filmin.es\/catalogo\/premio\/festival-abycine\" data-v-285dcc03=\"\" target=\"_blank\" rel=\"noopener\">FESTIVAL ABYCINE<\/a>\n<ul class=\"mt-2 list-unstyled\" data-v-285dcc03=\"\">\n<li data-v-285dcc03=\"\">Secci\u00f3n Oficial<\/li>\n<\/ul>\n<\/li>\n<li class=\"py-3 border-top\" data-v-285dcc03=\"\"><a class=\"d-block c-link c-link--text c-link--caption\" href=\"https:\/\/www.filmin.es\/catalogo\/premio\/festival-de-bruselas\" data-v-285dcc03=\"\" target=\"_blank\" rel=\"noopener\">FESTIVAL DE BRUSELAS<\/a>\n<ul class=\"mt-2 list-unstyled\" data-v-285dcc03=\"\">\n<li data-v-285dcc03=\"\">Secci\u00f3n Oficial<\/li>\n<\/ul>\n<\/li>\n<li class=\"py-3 border-top\" data-v-285dcc03=\"\"><a class=\"d-block c-link c-link--text c-link--caption\" href=\"https:\/\/www.filmin.es\/catalogo\/premio\/lecyt-festival-cine-y-television-reino-de-leon\" data-v-285dcc03=\"\" target=\"_blank\" rel=\"noopener\">LECYT &#8211; FESTIVAL CINE Y TELEVISI\u00d3N REINO DE LE\u00d3N<\/a>\n<ul class=\"mt-2 list-unstyled\" data-v-285dcc03=\"\">\n<li data-v-285dcc03=\"\">Secci\u00f3n Oficial<\/li>\n<\/ul>\n<\/li>\n<\/ul>\n<p>&nbsp;<\/p>\n<p><a class=\"postEvent_cine__filmLink\" href=\"https:\/\/youtu.be\/P6DGuOP0R4o\" target=\"_blank\" rel=\"noopener noreferrer\">Veure Trailer<\/a><\/p>\n<p>&nbsp;<\/p>\n<p>[\/et_pb_text][et_pb_code admin_label=&#8221;Compartir&#8221; module_class=&#8221;postEvent_cine__block__Share&#8221; _builder_version=&#8221;3.0.64&#8243;][socialpug_share][\/et_pb_code][\/et_pb_column][\/et_pb_row][et_pb_row][et_pb_column type=&#8221;2_3&#8243;][et_pb_text _builder_version=&#8221;3.0.64&#8243; background_layout=&#8221;light&#8221; text_orientation=&#8221;left&#8221; border_style=&#8221;solid&#8221;]<\/p>\n<h3 class=\"postEvent_content__titleh3\">SINOPSIS<\/h3>\n<p>&nbsp;<\/p>\n<p>Dos infants, N\u00e0dia i Daren, viuen un viatge inici\u00e0tic durant el seu primer dia de vacances d\u2019estiu. Des dels apartaments Pullman, on resideixen, fins a una famosa zona d\u2019oci\u00a0nocturn de Mallorca que reflecteix el turisme\u00a0low cost, els infants viuran situacions que els acompanyaran per sempre en el seu viatge cap a la vida adulta.<\/p>\n<p><em>Amb\u00a0la presentaci\u00f3 a c\u00e0rrec del director<\/em><\/p>\n<p><strong>CICLE DE CINEMA INTERCULTURAL<\/strong>.\u00a0Aquest cicle de cinema vol posar en valor la diversitat cultural i promoure les relacions interculturals, com a forma de complir el nov\u00e8 dels compromisos pels quals la ciutat de Ma\u00f3 forma part de la Coalici\u00f3 Europea Contra el Racisme.<\/p>\n<p>Cicle documental amb el suport de la Regidoria de Pol\u00edtica Ling\u00fc\u00edstica de l&#8217;<a href=\"http:\/\/www.ajmao.org\/\" target=\"_blank\" rel=\"noopener\">Ajuntament de Ma\u00f3<\/a>.<\/p>\n<p>[\/et_pb_text][\/et_pb_column][et_pb_column type=&#8221;1_3&#8243;][et_pb_text admin_label=&#8221;Fitxa t\u00e8cnica&#8221; module_class=&#8221;postEvent_content__technicalData&#8221; _builder_version=&#8221;3.0.64&#8243; background_layout=&#8221;light&#8221; text_orientation=&#8221;left&#8221; border_style=&#8221;solid&#8221;]<\/p>\n<h4><strong><span style=\"color: #000000;\">FITXA T\u00c8CNICA<\/span><\/strong><\/h4>\n<p><strong>A\u00f1o<\/strong>: 2019<br \/>\n<strong>Duraci\u00f3n<\/strong>: 70 min.<br \/>\n<strong>Pa\u00eds<\/strong>: Espa\u00f1a<br \/>\n<strong>Director<\/strong>: Toni Bestard<br \/>\n<strong>Guion<\/strong>: Toni Bestard, Arturo Ruiz<br \/>\n<strong>Fotograf\u00eda<\/strong>: Edu Biurrun<br \/>\n<strong>M\u00fasica<\/strong>: Tolo Prats<br \/>\n<strong>G\u00e9nero: Drama.<\/strong> Infancia<br \/>\n<strong>Distribuidor<\/strong>: <a href=\"https:\/\/www.filmin.es\/\" target=\"_blank\" rel=\"noopener\">Filmin<\/a><\/p>\n<p>&nbsp;<\/p>\n<p>[\/et_pb_text][\/et_pb_column][\/et_pb_row][\/]<\/p>\n","protected":false},"excerpt":{"rendered":"<p>[CINEMA A LA FRESCA: MIRADES] El documental cada dilluns Es Claustre: Pullman del director, Toni Bestard<\/p>\n","protected":false},"author":1,"featured_media":13123,"template":"","meta":{"_acf_changed":false,"_tribe_events_status":"","_tribe_events_status_reason":"","_tribe_events_is_hybrid":"","_tribe_events_is_virtual":"","_tribe_events_virtual_video_source":"","_tribe_events_virtual_embed_video":"","_tribe_events_virtual_linked_button_text":"","_tribe_events_virtual_linked_button":"","_tribe_events_virtual_show_embed_at":"","_tribe_events_virtual_show_embed_to":[],"_tribe_events_virtual_show_on_event":"","_tribe_events_virtual_show_on_views":"","_tribe_events_virtual_url":"","footnotes":""},"tags":[1580,2400,132,2401],"tribe_events_cat":[116,2398],"class_list":["post-13125","tribe_events","type-tribe_events","status-publish","has-post-thumbnail","hentry","tag-cinema-a-la-fresca-en","tag-drama-en","tag-mallorca-en","tag-turisme-en","tribe_events_cat-cinema-en","tribe_events_cat-documental-en","cat_cinema-en","cat_documental-en"],"acf":[],"_links":{"self":[{"href":"https:\/\/esclaustre.com\/en\/wp-json\/wp\/v2\/tribe_events\/13125","targetHints":{"allow":["GET"]}}],"collection":[{"href":"https:\/\/esclaustre.com\/en\/wp-json\/wp\/v2\/tribe_events"}],"about":[{"href":"https:\/\/esclaustre.com\/en\/wp-json\/wp\/v2\/types\/tribe_events"}],"author":[{"embeddable":true,"href":"https:\/\/esclaustre.com\/en\/wp-json\/wp\/v2\/users\/1"}],"version-history":[{"count":0,"href":"https:\/\/esclaustre.com\/en\/wp-json\/wp\/v2\/tribe_events\/13125\/revisions"}],"wp:featuredmedia":[{"embeddable":true,"href":"https:\/\/esclaustre.com\/en\/wp-json\/wp\/v2\/media\/13123"}],"wp:attachment":[{"href":"https:\/\/esclaustre.com\/en\/wp-json\/wp\/v2\/media?parent=13125"}],"wp:term":[{"taxonomy":"post_tag","embeddable":true,"href":"https:\/\/esclaustre.com\/en\/wp-json\/wp\/v2\/tags?post=13125"},{"taxonomy":"tribe_events_cat","embeddable":true,"href":"https:\/\/esclaustre.com\/en\/wp-json\/wp\/v2\/tribe_events_cat?post=13125"}],"curies":[{"name":"wp","href":"https:\/\/api.w.org\/{rel}","templated":true}]}}

<p>[ bb_built=&#8221;1&#8243; admin_label=&#8221;section&#8221; module_class=&#8221;eventPost__vertical&#8221; _builder_version=&#8221;3.0.51&#8243;][et_pb_row admin_label=&#8221;row&#8221; make_equal=&#8221;on&#8221; background_position_1=&#8221;top_left&#8221; background_position_2=&#8221;top_left&#8221; background_repeat_1=&#8221;no-repeat&#8221; background_repeat_2=&#8221;no-repeat&#8221; module_class_1=&#8221;eventPost__vertical__img&#8221; module_class_2=&#8221;eventPost__vertical__img_content&#8221; _builder_version=&#8221;3.0.51&#8243; background_size=&#8221;initial&#8221; background_position=&#8221;top_left&#8221; background_repeat=&#8221;repeat&#8221;][et_pb_column type=&#8221;1_2&#8243;][et_pb_image sticky=&#8221;on&#8221; _builder_version=&#8221;3.0.64&#8243; show_in_lightbox=&#8221;off&#8221; url_new_window=&#8221;off&#8221; use_overlay=&#8221;off&#8221; align=&#8221;left&#8221; always_center_on_mobile=&#8221;on&#8221; border_style=&#8221;solid&#8221; force_fullwidth=&#8221;off&#8221; src=&#8221;https://esclaustre.com/wp-content/uploads/2021/08/Pullman.jpg&#8221; /][/et_pb_column][et_pb_column type=&#8221;1_2&#8243;][et_pb_customEventMetaFields location=&#8221;on&#8221; schedule=&#8221;on&#8221; price=&#8221;on&#8221; _builder_version=&#8221;3.0.64&#8243;]</p>
<div class="wrapper_tribe-events-infoBlock">
<dl class="tribe-events-infoBlock et_pb_customEventMetaFields_1">
<dt class="tribe-events-infoBlock__label">Lloc</dt>
<dd class="tribe-events-infoBlock__field"></dd>
</dl>
<dl class="tribe-events-infoBlock et_pb_customEventMetaFields_1">
<dt class="tribe-events-infoBlock__label">Horari</dt>
<dd class="tribe-events-infoBlock__field">H</dd>
</dl>
<dl class="tribe-events-infoBlock et_pb_customEventMetaFields_1">
<dt class="tribe-events-infoBlock__label">Preu</dt>
<dd class="tribe-events-infoBlock__field"></dd>
</dl>
<p><a class="tribe-events-infoBlock_addCAlendar" href="https://esclaustre.com/agenda/?ical=1">Afegir al calendari</a></p>
</div>
<p>[/et_pb_customEventMetaFields][et_pb_button _builder_version=&#8221;3.0.64&#8243; button_text=&#8221;COMPRAR&#8221; button_url=&#8221;https://entradas.codetickets.com/entradas/esclaustre&#8221; url_new_window=&#8221;off&#8221; button_alignment=&#8221;center&#8221; background_layout=&#8221;light&#8221; custom_button=&#8221;off&#8221; button_letter_spacing=&#8221;0&#8243; button_icon_placement=&#8221;right&#8221; button_letter_spacing_hover=&#8221;0&#8243; module_class=&#8221;btn-ticket appendTo_tribe-events-infoBlocks_landscape&#8221; /][et_pb_text admin_label=&#8221;Dades generals de la pelicula&#8221; module_class=&#8221;postEvent_cine__block&#8221; _builder_version=&#8221;3.0.64&#8243; background_layout=&#8221;light&#8221; text_orientation=&#8221;left&#8221; border_style=&#8221;solid&#8221;]</p>
<h1>PULLMAN</h1>
<h3 class="tit fusion-responsive-typography-calculated" data-fontsize="46" data-lineheight="41px"><strong>Toni Bestard</strong></h3>
<p class="tit fusion-responsive-typography-calculated" data-fontsize="46" data-lineheight="41px">VO subtitulada en català</p>
<p>Espanya</p>
<p>2019  70 minuts</p>
<div></div>
<p>[/et_pb_text][et_pb_customEventTags admin_label=&#8221;Tags&#8221; _builder_version=&#8221;3.0.64&#8243; /][et_pb_customEventCategories admin_label=&#8221;Categories&#8221; _builder_version=&#8221;3.0.64&#8243; /][et_pb_text admin_label=&#8221;Premis + Link Trailer&#8221; module_class=&#8221;postEvent_cine__block&#8221; _builder_version=&#8221;3.0.64&#8243; background_layout=&#8221;light&#8221; text_orientation=&#8221;left&#8221; border_style=&#8221;solid&#8221;]</p>
<h4><span style="color: #000000;">PREMIS I FESTIVALS</span></h4>
<ul class="list-unstyled text-lg" data-v-285dcc03="">
<li class="py-3" data-v-285dcc03=""><a class="d-block c-link c-link--text c-link--caption" href="https://www.filmin.es/catalogo/premio/festival-evolution" data-v-285dcc03="" target="_blank" rel="noopener">FESTIVAL EVOLUTION</a>
<ul class="mt-2 list-unstyled" data-v-285dcc03="">
<li data-v-285dcc03="">Sección Oficial</li>
</ul>
</li>
<li class="py-3 border-top" data-v-285dcc03=""><a class="d-block c-link c-link--text c-link--caption" href="https://www.filmin.es/catalogo/premio/buff-international-film-festival-for-children-and-young-people" data-v-285dcc03="" target="_blank" rel="noopener">BUFF INTERNATIONAL FILM FESTIVAL FOR CHILDREN AND YOUNG PEOPLE</a>
<ul class="mt-2 list-unstyled" data-v-285dcc03="">
<li data-v-285dcc03="">Sección Oficial</li>
</ul>
</li>
<li class="py-3 border-top" data-v-285dcc03=""><a class="d-block c-link c-link--text c-link--caption" href="https://www.filmin.es/catalogo/premio/mallorca-de-cinema" data-v-285dcc03="" target="_blank" rel="noopener">MALLORCA DE CINEMA</a>
<ul class="mt-2 list-unstyled" data-v-285dcc03="">
<li data-v-285dcc03="">Mejor Película</li>
</ul>
</li>
<li class="py-3 border-top" data-v-285dcc03=""><a class="d-block c-link c-link--text c-link--caption" href="https://www.filmin.es/catalogo/premio/festival-abycine" data-v-285dcc03="" target="_blank" rel="noopener">FESTIVAL ABYCINE</a>
<ul class="mt-2 list-unstyled" data-v-285dcc03="">
<li data-v-285dcc03="">Sección Oficial</li>
</ul>
</li>
<li class="py-3 border-top" data-v-285dcc03=""><a class="d-block c-link c-link--text c-link--caption" href="https://www.filmin.es/catalogo/premio/festival-de-bruselas" data-v-285dcc03="" target="_blank" rel="noopener">FESTIVAL DE BRUSELAS</a>
<ul class="mt-2 list-unstyled" data-v-285dcc03="">
<li data-v-285dcc03="">Sección Oficial</li>
</ul>
</li>
<li class="py-3 border-top" data-v-285dcc03=""><a class="d-block c-link c-link--text c-link--caption" href="https://www.filmin.es/catalogo/premio/lecyt-festival-cine-y-television-reino-de-leon" data-v-285dcc03="" target="_blank" rel="noopener">LECYT &#8211; FESTIVAL CINE Y TELEVISIÓN REINO DE LEÓN</a>
<ul class="mt-2 list-unstyled" data-v-285dcc03="">
<li data-v-285dcc03="">Sección Oficial</li>
</ul>
</li>
</ul>
<p>&nbsp;</p>
<p><a class="postEvent_cine__filmLink" href="https://youtu.be/P6DGuOP0R4o" target="_blank" rel="noopener noreferrer">Veure Trailer</a></p>
<p>&nbsp;</p>
<p>[/et_pb_text][et_pb_code admin_label=&#8221;Compartir&#8221; module_class=&#8221;postEvent_cine__block__Share&#8221; _builder_version=&#8221;3.0.64&#8243;][socialpug_share][/et_pb_code][/et_pb_column][/et_pb_row][et_pb_row][et_pb_column type=&#8221;2_3&#8243;][et_pb_text _builder_version=&#8221;3.0.64&#8243; background_layout=&#8221;light&#8221; text_orientation=&#8221;left&#8221; border_style=&#8221;solid&#8221;]</p>
<h3 class="postEvent_content__titleh3">SINOPSIS</h3>
<p>&nbsp;</p>
<p>Dos infants, Nàdia i Daren, viuen un viatge iniciàtic durant el seu primer dia de vacances d’estiu. Des dels apartaments Pullman, on resideixen, fins a una famosa zona d’oci nocturn de Mallorca que reflecteix el turisme low cost, els infants viuran situacions que els acompanyaran per sempre en el seu viatge cap a la vida adulta.</p>
<p><em>Amb la presentació a càrrec del director</em></p>
<p><strong>CICLE DE CINEMA INTERCULTURAL</strong>. Aquest cicle de cinema vol posar en valor la diversitat cultural i promoure les relacions interculturals, com a forma de complir el novè dels compromisos pels quals la ciutat de Maó forma part de la Coalició Europea Contra el Racisme.</p>
<p>Cicle documental amb el suport de la Regidoria de Política Lingüística de l&#8217;<a href="http://www.ajmao.org/" target="_blank" rel="noopener">Ajuntament de Maó</a>.</p>
<p>[/et_pb_text][/et_pb_column][et_pb_column type=&#8221;1_3&#8243;][et_pb_text admin_label=&#8221;Fitxa tècnica&#8221; module_class=&#8221;postEvent_content__technicalData&#8221; _builder_version=&#8221;3.0.64&#8243; background_layout=&#8221;light&#8221; text_orientation=&#8221;left&#8221; border_style=&#8221;solid&#8221;]</p>
<h4><strong><span style="color: #000000;">FITXA TÈCNICA</span></strong></h4>
<p><strong>Año</strong>: 2019<br />
<strong>Duración</strong>: 70 min.<br />
<strong>País</strong>: España<br />
<strong>Director</strong>: Toni Bestard<br />
<strong>Guion</strong>: Toni Bestard, Arturo Ruiz<br />
<strong>Fotografía</strong>: Edu Biurrun<br />
<strong>Música</strong>: Tolo Prats<br />
<strong>Género: Drama.</strong> Infancia<br />
<strong>Distribuidor</strong>: <a href="https://www.filmin.es/" target="_blank" rel="noopener">Filmin</a></p>
<p>&nbsp;</p>
<p>[/et_pb_text][/et_pb_column][/et_pb_row][/]</p>
