{"id":13162,"date":"2021-08-16T16:37:42","date_gmt":"2021-08-16T16:37:42","guid":{"rendered":"https:\/\/esclaustre.com\/event\/josep\/"},"modified":"2021-08-16T16:57:26","modified_gmt":"2021-08-16T16:57:26","slug":"josep","status":"publish","type":"tribe_events","link":"https:\/\/esclaustre.com\/en\/event\/josep\/","title":{"rendered":"Josep"},"content":{"rendered":"<p>[ bb_built=&#8221;1&#8243; admin_label=&#8221;section&#8221; module_class=&#8221;eventPost__vertical&#8221; _builder_version=&#8221;3.0.51&#8243;][et_pb_row admin_label=&#8221;row&#8221; make_equal=&#8221;on&#8221; background_position_1=&#8221;top_left&#8221; background_position_2=&#8221;top_left&#8221; background_repeat_1=&#8221;no-repeat&#8221; background_repeat_2=&#8221;no-repeat&#8221; module_class_1=&#8221;eventPost__vertical__img&#8221; module_class_2=&#8221;eventPost__vertical__img_content&#8221; _builder_version=&#8221;3.0.51&#8243; background_size=&#8221;initial&#8221; background_position=&#8221;top_left&#8221; background_repeat=&#8221;repeat&#8221;][et_pb_column type=&#8221;1_2&#8243;][et_pb_image sticky=&#8221;on&#8221; _builder_version=&#8221;3.0.64&#8243; show_in_lightbox=&#8221;off&#8221; url_new_window=&#8221;off&#8221; use_overlay=&#8221;off&#8221; align=&#8221;left&#8221; always_center_on_mobile=&#8221;on&#8221; border_style=&#8221;solid&#8221; force_fullwidth=&#8221;off&#8221; src=&#8221;https:\/\/esclaustre.com\/wp-content\/uploads\/2021\/08\/Josep.jpg&#8221; \/][\/et_pb_column][et_pb_column type=&#8221;1_2&#8243;][et_pb_customEventMetaFields location=&#8221;on&#8221; schedule=&#8221;on&#8221; price=&#8221;on&#8221; _builder_version=&#8221;3.0.64&#8243;]<\/p>\n<div class=\"wrapper_tribe-events-infoBlock\">\n<dl class=\"tribe-events-infoBlock et_pb_customEventMetaFields_1\">\n<dt class=\"tribe-events-infoBlock__label\">Lloc<\/dt>\n<dd class=\"tribe-events-infoBlock__field\"><\/dd>\n<\/dl>\n<dl class=\"tribe-events-infoBlock et_pb_customEventMetaFields_1\">\n<dt class=\"tribe-events-infoBlock__label\">Horari<\/dt>\n<dd class=\"tribe-events-infoBlock__field\">H<\/dd>\n<\/dl>\n<dl class=\"tribe-events-infoBlock et_pb_customEventMetaFields_1\">\n<dt class=\"tribe-events-infoBlock__label\">Preu<\/dt>\n<dd class=\"tribe-events-infoBlock__field\"><\/dd>\n<\/dl>\n<p><a class=\"tribe-events-infoBlock_addCAlendar\" href=\"https:\/\/esclaustre.com\/agenda\/?ical=1\">Afegir al calendari<\/a><\/p>\n<\/div>\n<p>[\/et_pb_customEventMetaFields][et_pb_button _builder_version=&#8221;3.0.64&#8243; button_text=&#8221;COMPRAR&#8221; button_url=&#8221;https:\/\/entradas.codetickets.com\/entradas\/esclaustre&#8221; url_new_window=&#8221;off&#8221; button_alignment=&#8221;center&#8221; background_layout=&#8221;light&#8221; custom_button=&#8221;off&#8221; button_letter_spacing=&#8221;0&#8243; button_icon_placement=&#8221;right&#8221; button_letter_spacing_hover=&#8221;0&#8243; module_class=&#8221;btn-ticket appendTo_tribe-events-infoBlocks_landscape&#8221; \/][et_pb_text admin_label=&#8221;Dades generals de la pelicula&#8221; module_class=&#8221;postEvent_cine__block&#8221; _builder_version=&#8221;3.0.64&#8243; background_layout=&#8221;light&#8221; text_orientation=&#8221;left&#8221; border_style=&#8221;solid&#8221;]<\/p>\n<h1>JOSEP<\/h1>\n<h3 class=\"tit fusion-responsive-typography-calculated\" data-fontsize=\"46\" data-lineheight=\"41px\"><strong>Aur\u00e9lien Froment<\/strong><\/h3>\n<p class=\"tit fusion-responsive-typography-calculated\" data-fontsize=\"46\" data-lineheight=\"41px\">VO subtitulada en catal\u00e0<\/p>\n<p>Fran\u00e7a<\/p>\n<p>2020 \u00a081 minuts<\/p>\n<div><\/div>\n<p>[\/et_pb_text][et_pb_customEventTags admin_label=&#8221;Tags&#8221; _builder_version=&#8221;3.0.64&#8243; \/][et_pb_customEventCategories admin_label=&#8221;Categories&#8221; _builder_version=&#8221;3.0.64&#8243; \/][et_pb_text admin_label=&#8221;Premis + Link Trailer&#8221; module_class=&#8221;postEvent_cine__block&#8221; _builder_version=&#8221;3.0.64&#8243; background_layout=&#8221;light&#8221; text_orientation=&#8221;left&#8221; border_style=&#8221;solid&#8221;]<\/p>\n<h4><span style=\"color: #000000;\">PREMIS I FESTIVALS<\/span><\/h4>\n<dl class=\"margin-top movie-info\">\n<dd class=\"award\">\n<div class=\"margin-bottom\"><a href=\"https:\/\/www.filmaffinity.com\/es\/awards.php?award_id=european&amp;year=2020\" target=\"_blank\" rel=\"noopener\">2020<\/a>: Premios del Cine Europeo: Mejor film de animaci\u00f3n<\/div>\n<div class=\"margin-bottom\"><a href=\"https:\/\/www.filmaffinity.com\/es\/awards.php?award_id=cesar&amp;year=2021\" target=\"_blank\" rel=\"noopener\">2020<\/a>: Premios C\u00e9sar: Mejor film de animaci\u00f3n<\/div>\n<div class=\"margin-bottom\"><a href=\"https:\/\/www.filmaffinity.com\/es\/awards.php?award_id=seminci&amp;year=2020\" target=\"_blank\" rel=\"noopener\">2020<\/a>: Festival de Valladolid &#8211; Seminci: Mejor direcci\u00f3n (ex-aequo)<\/div>\n<div><\/div>\n<\/dd>\n<\/dl>\n<p><a class=\"postEvent_cine__filmLink\" href=\"https:\/\/youtu.be\/bS9apnbe9Eg\" target=\"_blank\" rel=\"noopener noreferrer\">Veure Trailer<\/a><\/p>\n<p>&nbsp;<\/p>\n<p>[\/et_pb_text][et_pb_code admin_label=&#8221;Compartir&#8221; module_class=&#8221;postEvent_cine__block__Share&#8221; _builder_version=&#8221;3.0.64&#8243;][socialpug_share][\/et_pb_code][\/et_pb_column][\/et_pb_row][et_pb_row][et_pb_column type=&#8221;2_3&#8243;][et_pb_text _builder_version=&#8221;3.0.64&#8243; background_layout=&#8221;light&#8221; text_orientation=&#8221;left&#8221; border_style=&#8221;solid&#8221;]<\/p>\n<h3 class=\"postEvent_content__titleh3\">SINOPSIS<\/h3>\n<p>&nbsp;<\/p>\n<p>Febrer de 1939. Aclaparat per l\u2019onada de republicans que fugen de la repressi\u00f3 de Franco, el govern franc\u00e8s opta per confinar-los en\u00a0camps de concentraci\u00f3. En un d\u2019aquests camps, dues persones separades per un filferro espin\u00f3s traven una amistat. Un d\u2019ells \u00e9s Josep\u00a0Bartol\u00ed, un dibuixant que lluita contra el r\u00e8gim de Franco.<\/p>\n<p>Organitza: <strong>Consell Insular de Menorca<\/strong> i <strong>Mem\u00f2ries de Menorca<\/strong><\/p>\n<p><em>Amb\u00a0la presentaci\u00f3 a c\u00e0rrec del director.<\/em><\/p>\n<p><strong>CICLE DE CINEMA INTERCULTURAL<\/strong>.\u00a0Aquest cicle de cinema vol posar en valor la diversitat cultural i promoure les relacions interculturals, com a forma de complir el nov\u00e8 dels compromisos pels quals la ciutat de Ma\u00f3 forma part de la Coalici\u00f3 Europea Contra el Racisme.<\/p>\n<p>Cicle documental amb el suport de la Regidoria de Pol\u00edtica Ling\u00fc\u00edstica de l&#8217;<a href=\"http:\/\/www.ajmao.org\/\" target=\"_blank\" rel=\"noopener\">Ajuntament de Ma\u00f3<\/a>.<\/p>\n<p>[\/et_pb_text][\/et_pb_column][et_pb_column type=&#8221;1_3&#8243;][et_pb_text admin_label=&#8221;Fitxa t\u00e8cnica&#8221; module_class=&#8221;postEvent_content__technicalData&#8221; _builder_version=&#8221;3.0.64&#8243; background_layout=&#8221;light&#8221; text_orientation=&#8221;left&#8221; border_style=&#8221;solid&#8221;]<\/p>\n<h4><strong><span style=\"color: #000000;\">FITXA T\u00c8CNICA<\/span><\/strong><\/h4>\n<div><strong>Gui\u00f3<\/strong>: Jean-Louis Milesi<\/div>\n<div><strong>Fotografia<\/strong>: Hubert\u00a0Taczanowski<\/div>\n<div><strong>M\u00fasica<\/strong>: S\u00edlvia Perez Cruz<\/div>\n<div><strong>Pa\u00eds<\/strong>: producci\u00f3\u00a0francocatalana<\/div>\n<div><strong>Any<\/strong>: 2020<\/div>\n<div><strong>Durada<\/strong>: 81 minuts<\/div>\n<div><\/div>\n<div>No\u00a0recomanada a menors de 7 anys.<\/div>\n<div>\n<p>Film d\u2019animaci\u00f3 amb les veus de la mateixa P\u00e9rez Cruz,\u00a0Sergi L\u00f3pez, Val\u00e9rie Lemercier, David Marsais i Alba Pujol<\/p><\/div>\n<p>&nbsp;<\/p>\n<p>[\/et_pb_text][\/et_pb_column][\/et_pb_row][\/]<\/p>\n","protected":false},"excerpt":{"rendered":"<p>[CINEMA A LA FRESCA: MIRADES] El documental cada dilluns Es Claustre: Josep del director, Aur\u00e9lien Froment.<\/p>\n","protected":false},"author":1,"featured_media":13160,"template":"","meta":{"_acf_changed":false,"_tribe_events_status":"","_tribe_events_status_reason":"","_tribe_events_is_hybrid":"","_tribe_events_is_virtual":"","_tribe_events_virtual_video_source":"","_tribe_events_virtual_embed_video":"","_tribe_events_virtual_linked_button_text":"","_tribe_events_virtual_linked_button":"","_tribe_events_virtual_show_embed_at":"","_tribe_events_virtual_show_embed_to":[],"_tribe_events_virtual_show_on_event":"","_tribe_events_virtual_show_on_views":"","_tribe_events_virtual_url":"","footnotes":""},"tags":[1281,2408,1580,2409,2410,2411],"tribe_events_cat":[116],"class_list":["post-13162","tribe_events","type-tribe_events","status-publish","has-post-thumbnail","hentry","tag-animacio-en","tag-aurel-en","tag-cinema-a-la-fresca-en","tag-exili-en","tag-frida-kahlo-en","tag-josep-bartoli-en","tribe_events_cat-cinema-en","cat_cinema-en"],"acf":[],"_links":{"self":[{"href":"https:\/\/esclaustre.com\/en\/wp-json\/wp\/v2\/tribe_events\/13162","targetHints":{"allow":["GET"]}}],"collection":[{"href":"https:\/\/esclaustre.com\/en\/wp-json\/wp\/v2\/tribe_events"}],"about":[{"href":"https:\/\/esclaustre.com\/en\/wp-json\/wp\/v2\/types\/tribe_events"}],"author":[{"embeddable":true,"href":"https:\/\/esclaustre.com\/en\/wp-json\/wp\/v2\/users\/1"}],"version-history":[{"count":0,"href":"https:\/\/esclaustre.com\/en\/wp-json\/wp\/v2\/tribe_events\/13162\/revisions"}],"wp:featuredmedia":[{"embeddable":true,"href":"https:\/\/esclaustre.com\/en\/wp-json\/wp\/v2\/media\/13160"}],"wp:attachment":[{"href":"https:\/\/esclaustre.com\/en\/wp-json\/wp\/v2\/media?parent=13162"}],"wp:term":[{"taxonomy":"post_tag","embeddable":true,"href":"https:\/\/esclaustre.com\/en\/wp-json\/wp\/v2\/tags?post=13162"},{"taxonomy":"tribe_events_cat","embeddable":true,"href":"https:\/\/esclaustre.com\/en\/wp-json\/wp\/v2\/tribe_events_cat?post=13162"}],"curies":[{"name":"wp","href":"https:\/\/api.w.org\/{rel}","templated":true}]}}

<p>[ bb_built=&#8221;1&#8243; admin_label=&#8221;section&#8221; module_class=&#8221;eventPost__vertical&#8221; _builder_version=&#8221;3.0.51&#8243;][et_pb_row admin_label=&#8221;row&#8221; make_equal=&#8221;on&#8221; background_position_1=&#8221;top_left&#8221; background_position_2=&#8221;top_left&#8221; background_repeat_1=&#8221;no-repeat&#8221; background_repeat_2=&#8221;no-repeat&#8221; module_class_1=&#8221;eventPost__vertical__img&#8221; module_class_2=&#8221;eventPost__vertical__img_content&#8221; _builder_version=&#8221;3.0.51&#8243; background_size=&#8221;initial&#8221; background_position=&#8221;top_left&#8221; background_repeat=&#8221;repeat&#8221;][et_pb_column type=&#8221;1_2&#8243;][et_pb_image sticky=&#8221;on&#8221; _builder_version=&#8221;3.0.64&#8243; show_in_lightbox=&#8221;off&#8221; url_new_window=&#8221;off&#8221; use_overlay=&#8221;off&#8221; align=&#8221;left&#8221; always_center_on_mobile=&#8221;on&#8221; border_style=&#8221;solid&#8221; force_fullwidth=&#8221;off&#8221; src=&#8221;https://esclaustre.com/wp-content/uploads/2021/08/Josep.jpg&#8221; /][/et_pb_column][et_pb_column type=&#8221;1_2&#8243;][et_pb_customEventMetaFields location=&#8221;on&#8221; schedule=&#8221;on&#8221; price=&#8221;on&#8221; _builder_version=&#8221;3.0.64&#8243;]</p>
<div class="wrapper_tribe-events-infoBlock">
<dl class="tribe-events-infoBlock et_pb_customEventMetaFields_1">
<dt class="tribe-events-infoBlock__label">Lloc</dt>
<dd class="tribe-events-infoBlock__field"></dd>
</dl>
<dl class="tribe-events-infoBlock et_pb_customEventMetaFields_1">
<dt class="tribe-events-infoBlock__label">Horari</dt>
<dd class="tribe-events-infoBlock__field">H</dd>
</dl>
<dl class="tribe-events-infoBlock et_pb_customEventMetaFields_1">
<dt class="tribe-events-infoBlock__label">Preu</dt>
<dd class="tribe-events-infoBlock__field"></dd>
</dl>
<p><a class="tribe-events-infoBlock_addCAlendar" href="https://esclaustre.com/agenda/?ical=1">Afegir al calendari</a></p>
</div>
<p>[/et_pb_customEventMetaFields][et_pb_button _builder_version=&#8221;3.0.64&#8243; button_text=&#8221;COMPRAR&#8221; button_url=&#8221;https://entradas.codetickets.com/entradas/esclaustre&#8221; url_new_window=&#8221;off&#8221; button_alignment=&#8221;center&#8221; background_layout=&#8221;light&#8221; custom_button=&#8221;off&#8221; button_letter_spacing=&#8221;0&#8243; button_icon_placement=&#8221;right&#8221; button_letter_spacing_hover=&#8221;0&#8243; module_class=&#8221;btn-ticket appendTo_tribe-events-infoBlocks_landscape&#8221; /][et_pb_text admin_label=&#8221;Dades generals de la pelicula&#8221; module_class=&#8221;postEvent_cine__block&#8221; _builder_version=&#8221;3.0.64&#8243; background_layout=&#8221;light&#8221; text_orientation=&#8221;left&#8221; border_style=&#8221;solid&#8221;]</p>
<h1>JOSEP</h1>
<h3 class="tit fusion-responsive-typography-calculated" data-fontsize="46" data-lineheight="41px"><strong>Aurélien Froment</strong></h3>
<p class="tit fusion-responsive-typography-calculated" data-fontsize="46" data-lineheight="41px">VO subtitulada en català</p>
<p>França</p>
<p>2020  81 minuts</p>
<div></div>
<p>[/et_pb_text][et_pb_customEventTags admin_label=&#8221;Tags&#8221; _builder_version=&#8221;3.0.64&#8243; /][et_pb_customEventCategories admin_label=&#8221;Categories&#8221; _builder_version=&#8221;3.0.64&#8243; /][et_pb_text admin_label=&#8221;Premis + Link Trailer&#8221; module_class=&#8221;postEvent_cine__block&#8221; _builder_version=&#8221;3.0.64&#8243; background_layout=&#8221;light&#8221; text_orientation=&#8221;left&#8221; border_style=&#8221;solid&#8221;]</p>
<h4><span style="color: #000000;">PREMIS I FESTIVALS</span></h4>
<dl class="margin-top movie-info">
<dd class="award">
<div class="margin-bottom"><a href="https://www.filmaffinity.com/es/awards.php?award_id=european&amp;year=2020" target="_blank" rel="noopener">2020</a>: Premios del Cine Europeo: Mejor film de animación</div>
<div class="margin-bottom"><a href="https://www.filmaffinity.com/es/awards.php?award_id=cesar&amp;year=2021" target="_blank" rel="noopener">2020</a>: Premios César: Mejor film de animación</div>
<div class="margin-bottom"><a href="https://www.filmaffinity.com/es/awards.php?award_id=seminci&amp;year=2020" target="_blank" rel="noopener">2020</a>: Festival de Valladolid &#8211; Seminci: Mejor dirección (ex-aequo)</div>
<div></div>
</dd>
</dl>
<p><a class="postEvent_cine__filmLink" href="https://youtu.be/bS9apnbe9Eg" target="_blank" rel="noopener noreferrer">Veure Trailer</a></p>
<p>&nbsp;</p>
<p>[/et_pb_text][et_pb_code admin_label=&#8221;Compartir&#8221; module_class=&#8221;postEvent_cine__block__Share&#8221; _builder_version=&#8221;3.0.64&#8243;][socialpug_share][/et_pb_code][/et_pb_column][/et_pb_row][et_pb_row][et_pb_column type=&#8221;2_3&#8243;][et_pb_text _builder_version=&#8221;3.0.64&#8243; background_layout=&#8221;light&#8221; text_orientation=&#8221;left&#8221; border_style=&#8221;solid&#8221;]</p>
<h3 class="postEvent_content__titleh3">SINOPSIS</h3>
<p>&nbsp;</p>
<p>Febrer de 1939. Aclaparat per l’onada de republicans que fugen de la repressió de Franco, el govern francès opta per confinar-los en camps de concentració. En un d’aquests camps, dues persones separades per un filferro espinós traven una amistat. Un d’ells és Josep Bartolí, un dibuixant que lluita contra el règim de Franco.</p>
<p>Organitza: <strong>Consell Insular de Menorca</strong> i <strong>Memòries de Menorca</strong></p>
<p><em>Amb la presentació a càrrec del director.</em></p>
<p><strong>CICLE DE CINEMA INTERCULTURAL</strong>. Aquest cicle de cinema vol posar en valor la diversitat cultural i promoure les relacions interculturals, com a forma de complir el novè dels compromisos pels quals la ciutat de Maó forma part de la Coalició Europea Contra el Racisme.</p>
<p>Cicle documental amb el suport de la Regidoria de Política Lingüística de l&#8217;<a href="http://www.ajmao.org/" target="_blank" rel="noopener">Ajuntament de Maó</a>.</p>
<p>[/et_pb_text][/et_pb_column][et_pb_column type=&#8221;1_3&#8243;][et_pb_text admin_label=&#8221;Fitxa tècnica&#8221; module_class=&#8221;postEvent_content__technicalData&#8221; _builder_version=&#8221;3.0.64&#8243; background_layout=&#8221;light&#8221; text_orientation=&#8221;left&#8221; border_style=&#8221;solid&#8221;]</p>
<h4><strong><span style="color: #000000;">FITXA TÈCNICA</span></strong></h4>
<div><strong>Guió</strong>: Jean-Louis Milesi</div>
<div><strong>Fotografia</strong>: Hubert Taczanowski</div>
<div><strong>Música</strong>: Sílvia Perez Cruz</div>
<div><strong>País</strong>: producció francocatalana</div>
<div><strong>Any</strong>: 2020</div>
<div><strong>Durada</strong>: 81 minuts</div>
<div></div>
<div>No recomanada a menors de 7 anys.</div>
<div>
<p>Film d’animació amb les veus de la mateixa Pérez Cruz, Sergi López, Valérie Lemercier, David Marsais i Alba Pujol</p></div>
<p>&nbsp;</p>
<p>[/et_pb_text][/et_pb_column][/et_pb_row][/]</p>

<p>[CINEMA A LA FRESCA: MIRADES] El documental cada dilluns Es Claustre: Josep del director, Aurélien Froment.</p>
