{"id":13229,"date":"2021-08-29T16:59:48","date_gmt":"2021-08-29T16:59:48","guid":{"rendered":"https:\/\/esclaustre.com\/event\/joan-colomo\/"},"modified":"2021-08-31T07:59:37","modified_gmt":"2021-08-31T07:59:37","slug":"joan-colomo","status":"publish","type":"tribe_events","link":"https:\/\/esclaustre.com\/en\/event\/joan-colomo\/","title":{"rendered":"Joan Colomo"},"content":{"rendered":"<p>[ bb_built=&#8221;1&#8243; fullwidth=&#8221;off&#8221; specialty=&#8221;on&#8221;][et_pb_column type=&#8221;3_4&#8243; specialty_columns=&#8221;3&#8243;][et_pb_row_inner admin_label=&#8221;Row&#8221; _builder_version=&#8221;3.0.51&#8243; background_position_1=&#8221;top_left&#8221; background_repeat_1=&#8221;no-repeat&#8221; module_class=&#8221;tribe-events-content__img&#8221;][et_pb_column_inner type=&#8221;4_4&#8243; saved_specialty_column_type=&#8221;3_4&#8243;][et_pb_image _builder_version=&#8221;3.0.64&#8243; show_in_lightbox=&#8221;off&#8221; url_new_window=&#8221;off&#8221; use_overlay=&#8221;off&#8221; sticky=&#8221;off&#8221; align=&#8221;left&#8221; always_center_on_mobile=&#8221;on&#8221; border_style=&#8221;solid&#8221; force_fullwidth=&#8221;off&#8221; src=&#8221;https:\/\/esclaustre.com\/wp-content\/uploads\/2021\/08\/JColomo_RubenCruz-.jpg&#8221; \/][\/et_pb_column_inner][\/et_pb_row_inner][et_pb_row_inner admin_label=&#8221;Row&#8221; _builder_version=&#8221;3.0.51&#8243; background_position_1=&#8221;top_left&#8221; background_repeat_1=&#8221;no-repeat&#8221; module_class=&#8221;tribe-events-content__content&#8221;][et_pb_column_inner type=&#8221;4_4&#8243; saved_specialty_column_type=&#8221;3_4&#8243;][et_pb_code _builder_version=&#8221;3.0.64&#8243;][socialpug_share][\/et_pb_code][et_pb_text _builder_version=&#8221;3.0.64&#8243; background_layout=&#8221;light&#8221; text_orientation=&#8221;left&#8221; border_style=&#8221;solid&#8221;]<\/p>\n<h2><span style=\"color: #000000;\"><strong>\u00abJoan Colomo\u00bb\u00a0<\/strong><\/span><strong>s&#8217;incorpora al programa d&#8217;Es Claustre<\/strong><\/h2>\n<div class=\"page\" title=\"Page 1\">\n<div class=\"layoutArea\">\n<div class=\"column\">\n<p>&nbsp;<\/p>\n<\/div>\n<\/div>\n<\/div>\n<div class=\"elementor-element elementor-element-a42810a elementor-widget elementor-widget-heading\" data-id=\"a42810a\" data-element_type=\"widget\" data-widget_type=\"heading.default\">\n<div class=\"elementor-widget-container\">\n<div class=\"page\" title=\"Page 1\">\n<div class=\"section\">\n<div class=\"layoutArea\">\n<div class=\"column\">\n<p>Mesurar el talent \u00e9s absurd, impossible, fins i tot rid\u00edcul; per\u00f2 ning\u00fa dubtaria que el talent existeix. Nom\u00e9s cal fer un passeig per la traject\u00f2ria musical de <span style=\"color: #000000;\"><strong>Joan Colomo<\/strong><\/span> per tenir-ne una prova irrefutable. Un talent que desborda per totes bandes, que dibuixa melodies impossibles amb una m\u00e0 mentre, amb l\u2019altra, juga a sorprendre\u2019ns amb detalls de producci\u00f3 inesperats. Un talent capa\u00e7 d\u2019interpretar tots els papers de l\u2019auca, i, si li sobren deu minuts, inventar-se\u2019n de nous. I quan despr\u00e9s d\u2019escoltar-ne tots els discos pensem que s\u00ed, que ja ho tenim, que ja hem ent\u00e8s el qu\u00e8 i el com del torrent creatiu del de Sant Celoni, treu un disc nou i ens torna a agafar per sorpresa, assenyalant passadissos i portes que ni ens hav\u00edem imaginat que existien.<\/p>\n<p><strong>L&#8217;oferta i la demanda<\/strong> demostra, amb una claredat incontrovertible, que tiri pel cam\u00ed musical que tiri en Joan Colomo no pot deixar de ser un autor. La personalitat aclaparadora de la seva m\u00fasica li col\u00b7loca un plat a part en el panorama musical catal\u00e0. Fins i tot quan juga amb l&#8217;electr\u00f2nica i els sons mainstream, com a Ritme pervers o a Prisma, on se\u2019ns emporta a la pista de ball amb un somriure als llavis i una necessitat imperiosa de cantar mentre movem els malucs, s\u2019allunya dels convencionalismes i les estructures previsibles. I \u00e9s que, per primera vegada, a L&#8217;oferta i la demanda els teclats miren als ulls a les guitarres i els sintetitzadors encoixinen les composicions, tot per aconseguir unes atmosferes absolutament subjugadores, com a la inesperada Guerra freda o a l\u2019\u00e8pica i delicada Esclat etern.<\/p>\n<p>Hi ha poca gent en el m\u00f3n del pop que pugui afirmar que t\u00e9 \u201cuna veu pr\u00f2pia\u201d, una manera de composar i de cantar que pren referents tan diversos que sembla que no en tingui cap, i que tot el que fa s\u2019estigui fent per primera vegada. Joan Colomo n\u2019\u00e9s un. Mestre dels contrastos, \u00e9s capa\u00e7 de fer que la m\u00fasica que es xiuxiueja i la que es balla amb els ulls tancats es donin la m\u00e0 en una mateixa can\u00e7\u00f3. En aquest sentit, L&#8217;oferta i la demanda frega la perfecci\u00f3. La foscor conceptual s&#8217;embolcalla d&#8217;un so llumin\u00f3s, les emocions a flor de pell s&#8217;omplen de significat, i les melodies fr\u00e0gils despunten amb tornades altament corejables, com a l\u2019excepcional Consum intern, o a Fantasma, una altra de les moltes joies d\u2019aquest disc. Pel que fa a les lletres, com ja \u00e9s marca de la casa, all\u00f2 \u00edntim i all\u00f2 pol\u00edtic es barregen com si fossin una sola cosa, i les relacions humanes se&#8217;ns mostren com un reflex de les relacions econ\u00f2miques i pol\u00edtiques, perqu\u00e8 , en el fons, i aix\u00f2 sembla apuntar des del mateix t\u00edtol, tot s\u00f3n jocs de poder.<\/p>\n<p>Ramon Mas<\/p>\n<p>Un concert, un artista que no et pots perdre!!<\/p>\n<\/div>\n<\/div>\n<\/div>\n<\/div>\n<\/div>\n<\/div>\n<p>&nbsp;<\/p>\n<p><iframe title=\"YouTube video player\" src=\"https:\/\/www.youtube.com\/embed\/CYW5K_2ylgo\" width=\"560\" height=\"315\" frameborder=\"0\" allowfullscreen=\"allowfullscreen\"><\/iframe><\/p>\n<p>&nbsp;<\/p>\n<p>[\/et_pb_text][\/et_pb_column_inner][\/et_pb_row_inner][\/et_pb_column][et_pb_column type=&#8221;1_4&#8243;][et_pb_customEventMetaFields admin_label=&#8221;EsClaustre Camps Event&#8221; _builder_version=&#8221;3.0.64&#8243; location=&#8221;on&#8221; schedule=&#8221;on&#8221; price=&#8221;on&#8221; module_class=&#8221;appendTo_tribe-events-infoBlocks_landscape&#8221; \/][et_pb_button _builder_version=&#8221;3.0.64&#8243; button_text=&#8221;COMPRAR&#8221; url_new_window=&#8221;on&#8221; button_alignment=&#8221;center&#8221; background_layout=&#8221;light&#8221; custom_button=&#8221;off&#8221; button_letter_spacing=&#8221;0&#8243; button_icon_placement=&#8221;right&#8221; button_letter_spacing_hover=&#8221;0&#8243; module_class=&#8221;btn-ticket appendTo_tribe-events-infoBlocks_landscape&#8221; button_url=&#8221;https:\/\/entradas.codetickets.com\/entradas\/joan-colomo\/21151\/esclaustre\/online?lang=ca_ES&#8221; \/][et_pb_customEventCategories _builder_version=&#8221;3.0.64&#8243; \/][et_pb_customEventTags _builder_version=&#8221;3.0.64&#8243; \/][\/et_pb_column][\/]<\/p>\n","protected":false},"excerpt":{"rendered":"<p>\u00abJoan Colomo\u00bb\u00a0s&#8217;incorpora al programa d&#8217;estiu d&#8217;Es Claustre. Divendres 10 de setembre a les 21.00h a l&#8217;escenari d&#8217;Es Claustre.<\/p>\n","protected":false},"author":1,"featured_media":13237,"template":"","meta":{"_acf_changed":false,"_tribe_events_status":"","_tribe_events_status_reason":"","_tribe_events_is_hybrid":"","_tribe_events_is_virtual":"","_tribe_events_virtual_video_source":"","_tribe_events_virtual_embed_video":"","_tribe_events_virtual_linked_button_text":"","_tribe_events_virtual_linked_button":"","_tribe_events_virtual_show_embed_at":"","_tribe_events_virtual_show_embed_to":[],"_tribe_events_virtual_show_on_event":"","_tribe_events_virtual_show_on_views":"","_tribe_events_virtual_url":"","footnotes":""},"tags":[762,2446],"tribe_events_cat":[650,107],"class_list":["post-13229","tribe_events","type-tribe_events","status-publish","has-post-thumbnail","hentry","tag-barcelona-en","tag-zeidun-en","tribe_events_cat-cultura-en","tribe_events_cat-musica-en","cat_cultura-en","cat_musica-en"],"acf":[],"_links":{"self":[{"href":"https:\/\/esclaustre.com\/en\/wp-json\/wp\/v2\/tribe_events\/13229","targetHints":{"allow":["GET"]}}],"collection":[{"href":"https:\/\/esclaustre.com\/en\/wp-json\/wp\/v2\/tribe_events"}],"about":[{"href":"https:\/\/esclaustre.com\/en\/wp-json\/wp\/v2\/types\/tribe_events"}],"author":[{"embeddable":true,"href":"https:\/\/esclaustre.com\/en\/wp-json\/wp\/v2\/users\/1"}],"version-history":[{"count":0,"href":"https:\/\/esclaustre.com\/en\/wp-json\/wp\/v2\/tribe_events\/13229\/revisions"}],"wp:featuredmedia":[{"embeddable":true,"href":"https:\/\/esclaustre.com\/en\/wp-json\/wp\/v2\/media\/13237"}],"wp:attachment":[{"href":"https:\/\/esclaustre.com\/en\/wp-json\/wp\/v2\/media?parent=13229"}],"wp:term":[{"taxonomy":"post_tag","embeddable":true,"href":"https:\/\/esclaustre.com\/en\/wp-json\/wp\/v2\/tags?post=13229"},{"taxonomy":"tribe_events_cat","embeddable":true,"href":"https:\/\/esclaustre.com\/en\/wp-json\/wp\/v2\/tribe_events_cat?post=13229"}],"curies":[{"name":"wp","href":"https:\/\/api.w.org\/{rel}","templated":true}]}}

<p>[ bb_built=&#8221;1&#8243; fullwidth=&#8221;off&#8221; specialty=&#8221;on&#8221;][et_pb_column type=&#8221;3_4&#8243; specialty_columns=&#8221;3&#8243;][et_pb_row_inner admin_label=&#8221;Row&#8221; _builder_version=&#8221;3.0.51&#8243; background_position_1=&#8221;top_left&#8221; background_repeat_1=&#8221;no-repeat&#8221; module_class=&#8221;tribe-events-content__img&#8221;][et_pb_column_inner type=&#8221;4_4&#8243; saved_specialty_column_type=&#8221;3_4&#8243;][et_pb_image _builder_version=&#8221;3.0.64&#8243; show_in_lightbox=&#8221;off&#8221; url_new_window=&#8221;off&#8221; use_overlay=&#8221;off&#8221; sticky=&#8221;off&#8221; align=&#8221;left&#8221; always_center_on_mobile=&#8221;on&#8221; border_style=&#8221;solid&#8221; force_fullwidth=&#8221;off&#8221; src=&#8221;https://esclaustre.com/wp-content/uploads/2021/08/JColomo_RubenCruz-.jpg&#8221; /][/et_pb_column_inner][/et_pb_row_inner][et_pb_row_inner admin_label=&#8221;Row&#8221; _builder_version=&#8221;3.0.51&#8243; background_position_1=&#8221;top_left&#8221; background_repeat_1=&#8221;no-repeat&#8221; module_class=&#8221;tribe-events-content__content&#8221;][et_pb_column_inner type=&#8221;4_4&#8243; saved_specialty_column_type=&#8221;3_4&#8243;][et_pb_code _builder_version=&#8221;3.0.64&#8243;][socialpug_share][/et_pb_code][et_pb_text _builder_version=&#8221;3.0.64&#8243; background_layout=&#8221;light&#8221; text_orientation=&#8221;left&#8221; border_style=&#8221;solid&#8221;]</p>
<h2><span style="color: #000000;"><strong>«Joan Colomo» </strong></span><strong>s&#8217;incorpora al programa d&#8217;Es Claustre</strong></h2>
<div class="page" title="Page 1">
<div class="layoutArea">
<div class="column">
<p>&nbsp;</p>
</div>
</div>
</div>
<div class="elementor-element elementor-element-a42810a elementor-widget elementor-widget-heading" data-id="a42810a" data-element_type="widget" data-widget_type="heading.default">
<div class="elementor-widget-container">
<div class="page" title="Page 1">
<div class="section">
<div class="layoutArea">
<div class="column">
<p>Mesurar el talent és absurd, impossible, fins i tot ridícul; però ningú dubtaria que el talent existeix. Només cal fer un passeig per la trajectòria musical de <span style="color: #000000;"><strong>Joan Colomo</strong></span> per tenir-ne una prova irrefutable. Un talent que desborda per totes bandes, que dibuixa melodies impossibles amb una mà mentre, amb l’altra, juga a sorprendre’ns amb detalls de producció inesperats. Un talent capaç d’interpretar tots els papers de l’auca, i, si li sobren deu minuts, inventar-se’n de nous. I quan després d’escoltar-ne tots els discos pensem que sí, que ja ho tenim, que ja hem entès el què i el com del torrent creatiu del de Sant Celoni, treu un disc nou i ens torna a agafar per sorpresa, assenyalant passadissos i portes que ni ens havíem imaginat que existien.</p>
<p><strong>L&#8217;oferta i la demanda</strong> demostra, amb una claredat incontrovertible, que tiri pel camí musical que tiri en Joan Colomo no pot deixar de ser un autor. La personalitat aclaparadora de la seva música li col·loca un plat a part en el panorama musical català. Fins i tot quan juga amb l&#8217;electrònica i els sons mainstream, com a Ritme pervers o a Prisma, on se’ns emporta a la pista de ball amb un somriure als llavis i una necessitat imperiosa de cantar mentre movem els malucs, s’allunya dels convencionalismes i les estructures previsibles. I és que, per primera vegada, a L&#8217;oferta i la demanda els teclats miren als ulls a les guitarres i els sintetitzadors encoixinen les composicions, tot per aconseguir unes atmosferes absolutament subjugadores, com a la inesperada Guerra freda o a l’èpica i delicada Esclat etern.</p>
<p>Hi ha poca gent en el món del pop que pugui afirmar que té “una veu pròpia”, una manera de composar i de cantar que pren referents tan diversos que sembla que no en tingui cap, i que tot el que fa s’estigui fent per primera vegada. Joan Colomo n’és un. Mestre dels contrastos, és capaç de fer que la música que es xiuxiueja i la que es balla amb els ulls tancats es donin la mà en una mateixa cançó. En aquest sentit, L&#8217;oferta i la demanda frega la perfecció. La foscor conceptual s&#8217;embolcalla d&#8217;un so lluminós, les emocions a flor de pell s&#8217;omplen de significat, i les melodies fràgils despunten amb tornades altament corejables, com a l’excepcional Consum intern, o a Fantasma, una altra de les moltes joies d’aquest disc. Pel que fa a les lletres, com ja és marca de la casa, allò íntim i allò polític es barregen com si fossin una sola cosa, i les relacions humanes se&#8217;ns mostren com un reflex de les relacions econòmiques i polítiques, perquè , en el fons, i això sembla apuntar des del mateix títol, tot són jocs de poder.</p>
<p>Ramon Mas</p>
<p>Un concert, un artista que no et pots perdre!!</p>
</div>
</div>
</div>
</div>
</div>
</div>
<p>&nbsp;</p>
<p><iframe title="YouTube video player" src="https://www.youtube.com/embed/CYW5K_2ylgo" width="560" height="315" frameborder="0" allowfullscreen="allowfullscreen"></iframe></p>
<p>&nbsp;</p>
<p>[/et_pb_text][/et_pb_column_inner][/et_pb_row_inner][/et_pb_column][et_pb_column type=&#8221;1_4&#8243;][et_pb_customEventMetaFields admin_label=&#8221;EsClaustre Camps Event&#8221; _builder_version=&#8221;3.0.64&#8243; location=&#8221;on&#8221; schedule=&#8221;on&#8221; price=&#8221;on&#8221; module_class=&#8221;appendTo_tribe-events-infoBlocks_landscape&#8221; /][et_pb_button _builder_version=&#8221;3.0.64&#8243; button_text=&#8221;COMPRAR&#8221; url_new_window=&#8221;on&#8221; button_alignment=&#8221;center&#8221; background_layout=&#8221;light&#8221; custom_button=&#8221;off&#8221; button_letter_spacing=&#8221;0&#8243; button_icon_placement=&#8221;right&#8221; button_letter_spacing_hover=&#8221;0&#8243; module_class=&#8221;btn-ticket appendTo_tribe-events-infoBlocks_landscape&#8221; button_url=&#8221;https://entradas.codetickets.com/entradas/joan-colomo/21151/esclaustre/online?lang=ca_ES&#8221; /][et_pb_customEventCategories _builder_version=&#8221;3.0.64&#8243; /][et_pb_customEventTags _builder_version=&#8221;3.0.64&#8243; /][/et_pb_column][/]</p>
