{"id":13363,"date":"2021-09-07T08:33:24","date_gmt":"2021-09-07T08:33:24","guid":{"rendered":"https:\/\/esclaustre.com\/event\/la-mari-chambao-copy\/"},"modified":"2021-09-07T08:59:04","modified_gmt":"2021-09-07T08:59:04","slug":"mu-mbana","status":"publish","type":"tribe_events","link":"https:\/\/esclaustre.com\/en\/event\/mu-mbana\/","title":{"rendered":"M\u00fb Mbana"},"content":{"rendered":"<p>[ bb_built=&#8221;1&#8243; fullwidth=&#8221;off&#8221; specialty=&#8221;on&#8221;][et_pb_column type=&#8221;3_4&#8243; specialty_columns=&#8221;3&#8243;][et_pb_row_inner admin_label=&#8221;Row&#8221; _builder_version=&#8221;3.0.51&#8243; background_position_1=&#8221;top_left&#8221; background_repeat_1=&#8221;no-repeat&#8221; module_class=&#8221;tribe-events-content__img&#8221;][et_pb_column_inner type=&#8221;4_4&#8243; saved_specialty_column_type=&#8221;3_4&#8243;][et_pb_image _builder_version=&#8221;3.0.64&#8243; show_in_lightbox=&#8221;off&#8221; url_new_window=&#8221;off&#8221; use_overlay=&#8221;off&#8221; sticky=&#8221;off&#8221; align=&#8221;left&#8221; always_center_on_mobile=&#8221;on&#8221; border_style=&#8221;solid&#8221; force_fullwidth=&#8221;off&#8221; src=&#8221;https:\/\/esclaustre.com\/wp-content\/uploads\/2021\/09\/M\u00fb-Mabana.jpg&#8221; \/][\/et_pb_column_inner][\/et_pb_row_inner][et_pb_row_inner admin_label=&#8221;Row&#8221; _builder_version=&#8221;3.0.51&#8243; background_position_1=&#8221;top_left&#8221; background_repeat_1=&#8221;no-repeat&#8221; module_class=&#8221;tribe-events-content__content&#8221;][et_pb_column_inner type=&#8221;4_4&#8243; saved_specialty_column_type=&#8221;3_4&#8243;][et_pb_code _builder_version=&#8221;3.0.64&#8243;][socialpug_share][\/et_pb_code][et_pb_text _builder_version=&#8221;3.0.64&#8243; background_layout=&#8221;light&#8221; text_orientation=&#8221;left&#8221; border_style=&#8221;solid&#8221;]<\/p>\n<h2><span style=\"color: #000000;\"><strong>\u00abM\u00fb Mbana\u00bb visita el Menorca Groove a Hauser &amp; Wirth<\/strong><\/span><\/h2>\n<div class=\"page\" title=\"Page 2\">\n<div class=\"section\">\n<div class=\"layoutArea\">\n<div class=\"column\">\n<p><span style=\"color: #000000;\"><strong>M\u00fb Mbana<\/strong><\/span>, compositor e int\u00e9rprete de cuerdas varia. Tonos y aromas de \u00c1frica germinados por el mundo.<\/p>\n<p>Natural de la isla de Bolama en Guinea-Biss\u00e1u, creci\u00f3 influenciado por las c\u00e1nti-cos religiosos de las mujeres de los grupos \u00e9tnicos Brame (Mancanha) y Bijagos (Bidjugu).<\/p>\n<p>Multinstrumentista, compositor y poeta. La madurez de su m\u00fasica y los instrumentos que lo acompa\u00f1an son como un reflejo material de su alma de m\u00fasico y artista. Su vasto y ecl\u00e9ctico curr\u00edculum incluye 10 discos ya editados y muchos escenarios de Europa, \u00c1frica y Am\u00e9rica.<\/p>\n<p>Ha colaborado con muchos m\u00fasicos y proyectos como Selva de Mar, <strong>La Locomotora Negra<\/strong>, el gran <strong>Manu Dibango<\/strong>, Sim\u00e3o Felix, Rosa Zaragoza, Lula Pena, Jurandir Santana y Fabiana Cozza.<\/p>\n<p>Actualmente, entre Biss\u00e1u y Barcelona, alterna su trabajo en solitario con proyectos paralelos como, <strong>Nua Tr\u00edo<\/strong>, junto al contrabajista <strong>Javier Colina<\/strong> y Jes\u00fas Ma\u00f1eru, M\u00fb &amp; Sasha con el violoncelista israel\u00ed Sasha Agranov, \u201cMornas Ku Nghuni Nghunid\u00faras\u201d en honor a los autores guineanos y la big band Colectivo BDB.<\/p>\n<\/div>\n<\/div>\n<\/div>\n<\/div>\n<p>&nbsp;<\/p>\n<p>Nos us perdeu en <strong>M\u00fb Mbana<\/strong> dins el <a href=\"http:\/\/www.menorcagroove.com\" target=\"_blank\" rel=\"noopener\">Menorca Groove Festival<\/a>, aqu\u00ed tota la<a href=\"http:\/\/www.menorcagroove.com\/catal\" target=\"_blank\" rel=\"noopener\"> info<\/a><\/p>\n<p>&nbsp;<\/p>\n<div class=\"elementor-element elementor-element-a42810a elementor-widget elementor-widget-heading\" data-id=\"a42810a\" data-element_type=\"widget\" data-widget_type=\"heading.default\">\n<div class=\"elementor-widget-container\">\n<p>&nbsp;<\/p>\n<\/div>\n<\/div>\n<p>&nbsp;<\/p>\n<p>&nbsp;<\/p>\n<p>&nbsp;<\/p>\n<p>[\/et_pb_text][\/et_pb_column_inner][\/et_pb_row_inner][\/et_pb_column][et_pb_column type=&#8221;1_4&#8243;][et_pb_customEventMetaFields admin_label=&#8221;EsClaustre Camps Event&#8221; _builder_version=&#8221;3.0.64&#8243; location=&#8221;on&#8221; schedule=&#8221;on&#8221; price=&#8221;on&#8221; module_class=&#8221;appendTo_tribe-events-infoBlocks_landscape&#8221; \/][et_pb_button _builder_version=&#8221;3.0.64&#8243; button_text=&#8221;RESERVAR&#8221; url_new_window=&#8221;on&#8221; button_alignment=&#8221;center&#8221; background_layout=&#8221;light&#8221; custom_button=&#8221;off&#8221; button_letter_spacing=&#8221;0&#8243; button_icon_placement=&#8221;right&#8221; button_letter_spacing_hover=&#8221;0&#8243; module_class=&#8221;btn-ticket appendTo_tribe-events-infoBlocks_landscape&#8221; button_url=&#8221;https:\/\/www.hauserwirth.com\/events\/33216-mu-mabana&#8221; \/][et_pb_customEventCategories _builder_version=&#8221;3.0.64&#8243; \/][et_pb_customEventTags _builder_version=&#8221;3.0.64&#8243; \/][\/et_pb_column][\/]<\/p>\n","protected":false},"excerpt":{"rendered":"<p>\u00abM\u00fb Mbana\u00bb visita Menorca de la m\u00e0 del Menorca Groove. Actuar\u00e0 en el fantpastic etorn de Hauser &#038; Wirth de l&#8217;illa del Rei a les 12.15h<\/p>\n","protected":false},"author":1,"featured_media":13282,"template":"","meta":{"_acf_changed":false,"_tribe_events_status":"","_tribe_events_status_reason":"","_tribe_events_is_hybrid":"","_tribe_events_is_virtual":"","_tribe_events_virtual_video_source":"","_tribe_events_virtual_embed_video":"","_tribe_events_virtual_linked_button_text":"","_tribe_events_virtual_linked_button":"","_tribe_events_virtual_show_embed_at":"","_tribe_events_virtual_show_embed_to":[],"_tribe_events_virtual_show_on_event":"","_tribe_events_virtual_show_on_views":"","_tribe_events_virtual_url":"","footnotes":""},"tags":[1235,2489,2490,892,846],"tribe_events_cat":[1423,650,915],"class_list":["post-13363","tribe_events","type-tribe_events","status-publish","has-post-thumbnail","hentry","tag-africa-en","tag-cantics-religiosos-en","tag-guinea-bissau-en","tag-poeta-en","tag-world-music-en","tribe_events_cat-agenda-menorca-en","tribe_events_cat-cultura-en","tribe_events_cat-menorca-groove-en","cat_agenda-menorca-en","cat_cultura-en","cat_menorca-groove-en"],"acf":[],"_links":{"self":[{"href":"https:\/\/esclaustre.com\/en\/wp-json\/wp\/v2\/tribe_events\/13363","targetHints":{"allow":["GET"]}}],"collection":[{"href":"https:\/\/esclaustre.com\/en\/wp-json\/wp\/v2\/tribe_events"}],"about":[{"href":"https:\/\/esclaustre.com\/en\/wp-json\/wp\/v2\/types\/tribe_events"}],"author":[{"embeddable":true,"href":"https:\/\/esclaustre.com\/en\/wp-json\/wp\/v2\/users\/1"}],"version-history":[{"count":0,"href":"https:\/\/esclaustre.com\/en\/wp-json\/wp\/v2\/tribe_events\/13363\/revisions"}],"wp:featuredmedia":[{"embeddable":true,"href":"https:\/\/esclaustre.com\/en\/wp-json\/wp\/v2\/media\/13282"}],"wp:attachment":[{"href":"https:\/\/esclaustre.com\/en\/wp-json\/wp\/v2\/media?parent=13363"}],"wp:term":[{"taxonomy":"post_tag","embeddable":true,"href":"https:\/\/esclaustre.com\/en\/wp-json\/wp\/v2\/tags?post=13363"},{"taxonomy":"tribe_events_cat","embeddable":true,"href":"https:\/\/esclaustre.com\/en\/wp-json\/wp\/v2\/tribe_events_cat?post=13363"}],"curies":[{"name":"wp","href":"https:\/\/api.w.org\/{rel}","templated":true}]}}

Mû Mbana

<p>[ bb_built=&#8221;1&#8243; fullwidth=&#8221;off&#8221; specialty=&#8221;on&#8221;][et_pb_column type=&#8221;3_4&#8243; specialty_columns=&#8221;3&#8243;][et_pb_row_inner admin_label=&#8221;Row&#8221; _builder_version=&#8221;3.0.51&#8243; background_position_1=&#8221;top_left&#8221; background_repeat_1=&#8221;no-repeat&#8221; module_class=&#8221;tribe-events-content__img&#8221;][et_pb_column_inner type=&#8221;4_4&#8243; saved_specialty_column_type=&#8221;3_4&#8243;][et_pb_image _builder_version=&#8221;3.0.64&#8243; show_in_lightbox=&#8221;off&#8221; url_new_window=&#8221;off&#8221; use_overlay=&#8221;off&#8221; sticky=&#8221;off&#8221; align=&#8221;left&#8221; always_center_on_mobile=&#8221;on&#8221; border_style=&#8221;solid&#8221; force_fullwidth=&#8221;off&#8221; src=&#8221;https://esclaustre.com/wp-content/uploads/2021/09/Mû-Mabana.jpg&#8221; /][/et_pb_column_inner][/et_pb_row_inner][et_pb_row_inner admin_label=&#8221;Row&#8221; _builder_version=&#8221;3.0.51&#8243; background_position_1=&#8221;top_left&#8221; background_repeat_1=&#8221;no-repeat&#8221; module_class=&#8221;tribe-events-content__content&#8221;][et_pb_column_inner type=&#8221;4_4&#8243; saved_specialty_column_type=&#8221;3_4&#8243;][et_pb_code _builder_version=&#8221;3.0.64&#8243;][socialpug_share][/et_pb_code][et_pb_text _builder_version=&#8221;3.0.64&#8243; background_layout=&#8221;light&#8221; text_orientation=&#8221;left&#8221; border_style=&#8221;solid&#8221;]</p>
<h2><span style="color: #000000;"><strong>«Mû Mbana» visita el Menorca Groove a Hauser &amp; Wirth</strong></span></h2>
<div class="page" title="Page 2">
<div class="section">
<div class="layoutArea">
<div class="column">
<p><span style="color: #000000;"><strong>Mû Mbana</strong></span>, compositor e intérprete de cuerdas varia. Tonos y aromas de África germinados por el mundo.</p>
<p>Natural de la isla de Bolama en Guinea-Bissáu, creció influenciado por las cánti-cos religiosos de las mujeres de los grupos étnicos Brame (Mancanha) y Bijagos (Bidjugu).</p>
<p>Multinstrumentista, compositor y poeta. La madurez de su música y los instrumentos que lo acompañan son como un reflejo material de su alma de músico y artista. Su vasto y ecléctico currículum incluye 10 discos ya editados y muchos escenarios de Europa, África y América.</p>
<p>Ha colaborado con muchos músicos y proyectos como Selva de Mar, <strong>La Locomotora Negra</strong>, el gran <strong>Manu Dibango</strong>, Simão Felix, Rosa Zaragoza, Lula Pena, Jurandir Santana y Fabiana Cozza.</p>
<p>Actualmente, entre Bissáu y Barcelona, alterna su trabajo en solitario con proyectos paralelos como, <strong>Nua Trío</strong>, junto al contrabajista <strong>Javier Colina</strong> y Jesús Mañeru, Mû &amp; Sasha con el violoncelista israelí Sasha Agranov, “Mornas Ku Nghuni Nghunidúras” en honor a los autores guineanos y la big band Colectivo BDB.</p>
</div>
</div>
</div>
</div>
<p>&nbsp;</p>
<p>Nos us perdeu en <strong>Mû Mbana</strong> dins el <a href="http://www.menorcagroove.com" target="_blank" rel="noopener">Menorca Groove Festival</a>, aquí tota la<a href="http://www.menorcagroove.com/catal" target="_blank" rel="noopener"> info</a></p>
<p>&nbsp;</p>
<div class="elementor-element elementor-element-a42810a elementor-widget elementor-widget-heading" data-id="a42810a" data-element_type="widget" data-widget_type="heading.default">
<div class="elementor-widget-container">
<p>&nbsp;</p>
</div>
</div>
<p>&nbsp;</p>
<p>&nbsp;</p>
<p>&nbsp;</p>
<p>[/et_pb_text][/et_pb_column_inner][/et_pb_row_inner][/et_pb_column][et_pb_column type=&#8221;1_4&#8243;][et_pb_customEventMetaFields admin_label=&#8221;EsClaustre Camps Event&#8221; _builder_version=&#8221;3.0.64&#8243; location=&#8221;on&#8221; schedule=&#8221;on&#8221; price=&#8221;on&#8221; module_class=&#8221;appendTo_tribe-events-infoBlocks_landscape&#8221; /][et_pb_button _builder_version=&#8221;3.0.64&#8243; button_text=&#8221;RESERVAR&#8221; url_new_window=&#8221;on&#8221; button_alignment=&#8221;center&#8221; background_layout=&#8221;light&#8221; custom_button=&#8221;off&#8221; button_letter_spacing=&#8221;0&#8243; button_icon_placement=&#8221;right&#8221; button_letter_spacing_hover=&#8221;0&#8243; module_class=&#8221;btn-ticket appendTo_tribe-events-infoBlocks_landscape&#8221; button_url=&#8221;https://www.hauserwirth.com/events/33216-mu-mabana&#8221; /][et_pb_customEventCategories _builder_version=&#8221;3.0.64&#8243; /][et_pb_customEventTags _builder_version=&#8221;3.0.64&#8243; /][/et_pb_column][/]</p>

<p>«Mû Mbana» visita Menorca de la mà del Menorca Groove. Actuarà en el fantpastic etorn de Hauser &#038; Wirth de l&#8217;illa del Rei a les 12.15h</p>
