{"id":1338,"date":"2017-06-30T11:25:58","date_gmt":"2017-06-30T11:25:58","guid":{"rendered":"https:\/\/esclaustre.com\/event\/five-days-to-dance\/"},"modified":"2017-07-24T17:25:05","modified_gmt":"2017-07-24T17:25:05","slug":"five-days-to-dance","status":"publish","type":"tribe_events","link":"https:\/\/esclaustre.com\/en\/event\/five-days-to-dance\/","title":{"rendered":"Five Days to Dance"},"content":{"rendered":"<p>[ bb_built=&#8221;1&#8243; admin_label=&#8221;section&#8221; _builder_version=&#8221;3.0.51&#8243; module_class=&#8221;eventPost__vertical&#8221;][et_pb_row admin_label=&#8221;row&#8221; background_position=&#8221;top_left&#8221; background_repeat=&#8221;repeat&#8221; background_size=&#8221;initial&#8221; _builder_version=&#8221;3.0.51&#8243; background_position_1=&#8221;top_left&#8221; background_repeat_1=&#8221;no-repeat&#8221; background_position_2=&#8221;top_left&#8221; background_repeat_2=&#8221;no-repeat&#8221; module_class_1=&#8221;eventPost__vertical__img&#8221; module_class_2=&#8221;eventPost__vertical__img_content&#8221; make_equal=&#8221;on&#8221;][et_pb_column type=&#8221;1_2&#8243;][et_pb_image admin_label=&#8221;Image&#8221; _builder_version=&#8221;3.0.51&#8243; src=&#8221;https:\/\/esclaustre.com\/wp-content\/uploads\/2017\/06\/Five-Days-to-Dance.jpg&#8221; show_in_lightbox=&#8221;off&#8221; url_new_window=&#8221;off&#8221; use_overlay=&#8221;off&#8221; sticky=&#8221;on&#8221; align=&#8221;left&#8221; always_center_on_mobile=&#8221;on&#8221; border_style=&#8221;solid&#8221; force_fullwidth=&#8221;off&#8221; \/][\/et_pb_column][et_pb_column type=&#8221;1_2&#8243;][et_pb_customEventMetaFields admin_label=&#8221;Es Claustre Camps Event&#8221; _builder_version=&#8221;3.0.51&#8243; location=&#8221;on&#8221; schedule=&#8221;on&#8221; price=&#8221;on&#8221; \/][et_pb_text admin_label=&#8221;Dades generals de la pelicula&#8221; _builder_version=&#8221;3.0.51&#8243; background_layout=&#8221;light&#8221; text_orientation=&#8221;left&#8221; border_style=&#8221;solid&#8221; module_class=&#8221;postEvent_cine__block&#8221;]<\/p>\n<h1>FIVE DAYS TO DANCE<\/h1>\n<h2>Rafa Mol\u00e9s, Pepe Andreu<\/h2>\n<h3><i class=\"glyphicon glyphicon-calendar\"><\/i> 2014 <i class=\"glyphicon glyphicon-time\"><\/i> 77 min.<\/h3>\n<div class=\"meta\"><i class=\"glyphicon glyphicon-volume-up\"><\/i> VO en castell\u00e0, angl\u00e8s, alemany i basc subtitulada en catal\u00e0<br \/>\n<i class=\"glyphicon glyphicon-tag\"><\/i> <a href=\"https:\/\/eldocumentaldelmes.com\/tag\/art-i-cultura\/\" rel=\"tag noopener\" target=\"_blank\">art i cultura<\/a>, <a href=\"https:\/\/eldocumentaldelmes.com\/tag\/infantil-i-adolescent\/\" rel=\"tag noopener\" target=\"_blank\">infantil i adolescent<\/a>, <a href=\"https:\/\/eldocumentaldelmes.com\/tag\/music-and-dance-ca\/\" rel=\"tag noopener\" target=\"_blank\">music and dance<\/a><\/div>\n<p>[\/et_pb_text][et_pb_customEventCategories admin_label=&#8221;Categories&#8221; _builder_version=&#8221;3.0.51&#8243; \/][et_pb_customEventTags admin_label=&#8221;Tags&#8221; _builder_version=&#8221;3.0.51&#8243; \/][et_pb_text admin_label=&#8221;Premis + Link Trailer&#8221; _builder_version=&#8221;3.0.51&#8243; background_layout=&#8221;light&#8221; text_orientation=&#8221;left&#8221; border_style=&#8221;solid&#8221; module_class=&#8221;postEvent_cine__block&#8221;]<\/p>\n<h4>PREMIS I FESTIVALS<\/h4>\n<ul>\n<li>DocsBarcelona. Espanya, 2014.<\/li>\n<li>DocsBarcelona+Medell\u00edn. Col\u00f2mbia, 2014.<\/li>\n<li>Donostia Zinemaldia. Espanya, 2014.<\/li>\n<li>DocsDF. M\u00e8xic, 2014.<\/li>\n<li>MiradasDoc &#8211; Canal Plus Award . Espanya, 2014.<\/li>\n<\/ul>\n<p><a href=\"https:\/\/www.youtube.com\/watch?v=G211QenHzJY\" target=\"_blank\" rel=\"noopener\">VEURE TRAILER<\/a><\/p>\n<p>[\/et_pb_text][et_pb_code admin_label=&#8221;Compartir&#8221; _builder_version=&#8221;3.0.51&#8243; module_class=&#8221;postEvent_cine__block__Share&#8221;][socialpug_share][\/et_pb_code][\/et_pb_column][\/et_pb_row][et_pb_row admin_label=&#8221;Row&#8221; background_position=&#8221;top_left&#8221; background_repeat=&#8221;repeat&#8221; background_size=&#8221;initial&#8221; _builder_version=&#8221;3.0.51&#8243; background_position_1=&#8221;top_left&#8221; background_repeat_1=&#8221;no-repeat&#8221; background_position_2=&#8221;top_left&#8221; background_repeat_2=&#8221;no-repeat&#8221; module_class=&#8221;eventPost__vertical__content&#8221;][et_pb_column type=&#8221;2_3&#8243;][et_pb_text admin_label=&#8221;Text&#8221; _builder_version=&#8221;3.0.51&#8243; background_layout=&#8221;light&#8221; text_orientation=&#8221;left&#8221; border_style=&#8221;solid&#8221;]<\/p>\n<h3 class=\"postEvent_content__titleh3\">SINOPSIS<\/h3>\n<p>Una parella de ballarins apareix un mat\u00ed a l\u2019aula d\u2019un institut. \u00c9s dilluns, i anuncien a un grup d\u2019adolescents que tenen cinc dies per pujar a un escenari i ballar. Una setmana per canviar les coses; un petit termini, per\u00f2 un gran repte: moure \u00a0les persones quan el m\u00f3n ens paralitza.<\/p>\n<p>La dansa obliga \u00a0aquests joves a trencar els seus rols just en el moment de les seves vides en qu\u00e8 aquests rols socials s\u2019estan forjant. El l\u00edder deixa de ser el m\u00e9s admirat, el t\u00edmid fa un pas endavant\u2026 Ballar els obliga a tocar-se. Es comuniquen, s\u2019igualen. Algun no s\u2019alliberar\u00e0 fins a l\u2019\u00faltim instant.<\/p>\n<p>Wilfried Van Poppel i Amaya Lubeigt s\u00f3n els core\u00f2grafs. Ell, holand\u00e8s; ella, basca. La dansa \u00e9s el llenguatge com\u00fa. No importa el lloc. Cinc dies, una classe d\u2019adolescents, un microcosmos en el qual succeeix un petit big bang.<\/p>\n<h3 class=\"postEvent_content__titleh3\">SOBRE LA DIRECCI\u00d3<\/h3>\n<p>Rafa Mol\u00e9s Vilar \u00e9s periodista i guionista. El 2012, va rebre el premi de Periodista de l&#8217;Any en la III edici\u00f3 dels Premis de Periodisme de la Comunitat Valenciana. \u00c9s creador de l&#8217;equip de recerca de RTVV i autor de 18 documentals televisius. Pepe Andreu Ibarra \u00e9s un productor llicenciat en ci\u00e8ncies de la informaci\u00f3, imatge visual i auditiva. T\u00e9 15 anys d&#8217;experi\u00e8ncia com a productor televisiu, director de documentals i reporter d&#8217;informatius.<\/p>\n<p>Cicle documental amb el suport de la Regidoria de Pol\u00edtica Ling\u00fc\u00edstica de l&#8217;<a href=\"http:\/\/www.ajmao.org\" target=\"_blank\" rel=\"noopener\">Ajuntament de Ma\u00f3<\/a>.<\/p>\n<p>[\/et_pb_text][\/et_pb_column][et_pb_column type=&#8221;1_3&#8243;][et_pb_text admin_label=&#8221;Fitxa t\u00e8cnica&#8221; _builder_version=&#8221;3.0.51&#8243; background_layout=&#8221;light&#8221; text_orientation=&#8221;left&#8221; border_style=&#8221;solid&#8221; module_class=&#8221;postEvent_content__technicalData&#8221;]<\/p>\n<h4>FITXA T\u00c8CNICA<\/h4>\n<ul>\n<li style=\"list-style-type: none;\">\n<ul>\n<li><strong>Direcci\u00f3:\u00a0<\/strong>Rafa Mol\u00e9s, Pepe Andreu<\/li>\n<li><strong>M\u00fasica:\u00a0<\/strong>Jona Valent, Montefuji<\/li>\n<li><strong>So:\u00a0<\/strong>Jos\u00e9 Luis Rubio<\/li>\n<li><strong>Muntatge:\u00a0<\/strong>Pepe Andreu, M\u00f3nica Zamora<\/li>\n<li><strong>Fotografia:\u00a0<\/strong>Jos\u00e9 Luis Gonz\u00e1lez<\/li>\n<li><strong>Producci\u00f3:\u00a0<\/strong>Natalia Maestro, Jos\u00e9 Luis Rubio<\/li>\n<li><strong>Productores:\u00a0<\/strong>SUICAfilm, REC grabateka estudioa<\/li>\n<li><strong>Apte per a tots els p\u00fablics<\/strong><\/li>\n<\/ul>\n<\/li>\n<\/ul>\n<p>[\/et_pb_text][\/et_pb_column][\/et_pb_row][\/]<\/p>\n","protected":false},"excerpt":{"rendered":"<p>[DOCS MENORCA] El documental del mes: Five Days to Dance<\/p>\n","protected":false},"author":1,"featured_media":1198,"template":"","meta":{"_acf_changed":false,"_tribe_events_status":"","_tribe_events_status_reason":"","_tribe_events_is_hybrid":"","_tribe_events_is_virtual":"","_tribe_events_virtual_video_source":"","_tribe_events_virtual_embed_video":"","_tribe_events_virtual_linked_button_text":"","_tribe_events_virtual_linked_button":"","_tribe_events_virtual_show_embed_at":"","_tribe_events_virtual_show_embed_to":[],"_tribe_events_virtual_show_on_event":"","_tribe_events_virtual_show_on_views":"","_tribe_events_virtual_url":"","footnotes":""},"tags":[112,113,114,115],"tribe_events_cat":[116],"class_list":["post-1338","tribe_events","type-tribe_events","status-publish","has-post-thumbnail","hentry","tag-docs-en","tag-documental-en","tag-pepe-andreu-en","tag-rafa-moles-en","tribe_events_cat-cinema-en","cat_cinema-en"],"acf":[],"_links":{"self":[{"href":"https:\/\/esclaustre.com\/en\/wp-json\/wp\/v2\/tribe_events\/1338","targetHints":{"allow":["GET"]}}],"collection":[{"href":"https:\/\/esclaustre.com\/en\/wp-json\/wp\/v2\/tribe_events"}],"about":[{"href":"https:\/\/esclaustre.com\/en\/wp-json\/wp\/v2\/types\/tribe_events"}],"author":[{"embeddable":true,"href":"https:\/\/esclaustre.com\/en\/wp-json\/wp\/v2\/users\/1"}],"version-history":[{"count":0,"href":"https:\/\/esclaustre.com\/en\/wp-json\/wp\/v2\/tribe_events\/1338\/revisions"}],"wp:featuredmedia":[{"embeddable":true,"href":"https:\/\/esclaustre.com\/en\/wp-json\/wp\/v2\/media\/1198"}],"wp:attachment":[{"href":"https:\/\/esclaustre.com\/en\/wp-json\/wp\/v2\/media?parent=1338"}],"wp:term":[{"taxonomy":"post_tag","embeddable":true,"href":"https:\/\/esclaustre.com\/en\/wp-json\/wp\/v2\/tags?post=1338"},{"taxonomy":"tribe_events_cat","embeddable":true,"href":"https:\/\/esclaustre.com\/en\/wp-json\/wp\/v2\/tribe_events_cat?post=1338"}],"curies":[{"name":"wp","href":"https:\/\/api.w.org\/{rel}","templated":true}]}}

<p>[ bb_built=&#8221;1&#8243; admin_label=&#8221;section&#8221; _builder_version=&#8221;3.0.51&#8243; module_class=&#8221;eventPost__vertical&#8221;][et_pb_row admin_label=&#8221;row&#8221; background_position=&#8221;top_left&#8221; background_repeat=&#8221;repeat&#8221; background_size=&#8221;initial&#8221; _builder_version=&#8221;3.0.51&#8243; background_position_1=&#8221;top_left&#8221; background_repeat_1=&#8221;no-repeat&#8221; background_position_2=&#8221;top_left&#8221; background_repeat_2=&#8221;no-repeat&#8221; module_class_1=&#8221;eventPost__vertical__img&#8221; module_class_2=&#8221;eventPost__vertical__img_content&#8221; make_equal=&#8221;on&#8221;][et_pb_column type=&#8221;1_2&#8243;][et_pb_image admin_label=&#8221;Image&#8221; _builder_version=&#8221;3.0.51&#8243; src=&#8221;https://esclaustre.com/wp-content/uploads/2017/06/Five-Days-to-Dance.jpg&#8221; show_in_lightbox=&#8221;off&#8221; url_new_window=&#8221;off&#8221; use_overlay=&#8221;off&#8221; sticky=&#8221;on&#8221; align=&#8221;left&#8221; always_center_on_mobile=&#8221;on&#8221; border_style=&#8221;solid&#8221; force_fullwidth=&#8221;off&#8221; /][/et_pb_column][et_pb_column type=&#8221;1_2&#8243;][et_pb_customEventMetaFields admin_label=&#8221;Es Claustre Camps Event&#8221; _builder_version=&#8221;3.0.51&#8243; location=&#8221;on&#8221; schedule=&#8221;on&#8221; price=&#8221;on&#8221; /][et_pb_text admin_label=&#8221;Dades generals de la pelicula&#8221; _builder_version=&#8221;3.0.51&#8243; background_layout=&#8221;light&#8221; text_orientation=&#8221;left&#8221; border_style=&#8221;solid&#8221; module_class=&#8221;postEvent_cine__block&#8221;]</p>
<h1>FIVE DAYS TO DANCE</h1>
<h2>Rafa Molés, Pepe Andreu</h2>
<h3><i class="glyphicon glyphicon-calendar"></i> 2014 <i class="glyphicon glyphicon-time"></i> 77 min.</h3>
<div class="meta"><i class="glyphicon glyphicon-volume-up"></i> VO en castellà, anglès, alemany i basc subtitulada en català<br />
<i class="glyphicon glyphicon-tag"></i> <a href="https://eldocumentaldelmes.com/tag/art-i-cultura/" rel="tag noopener" target="_blank">art i cultura</a>, <a href="https://eldocumentaldelmes.com/tag/infantil-i-adolescent/" rel="tag noopener" target="_blank">infantil i adolescent</a>, <a href="https://eldocumentaldelmes.com/tag/music-and-dance-ca/" rel="tag noopener" target="_blank">music and dance</a></div>
<p>[/et_pb_text][et_pb_customEventCategories admin_label=&#8221;Categories&#8221; _builder_version=&#8221;3.0.51&#8243; /][et_pb_customEventTags admin_label=&#8221;Tags&#8221; _builder_version=&#8221;3.0.51&#8243; /][et_pb_text admin_label=&#8221;Premis + Link Trailer&#8221; _builder_version=&#8221;3.0.51&#8243; background_layout=&#8221;light&#8221; text_orientation=&#8221;left&#8221; border_style=&#8221;solid&#8221; module_class=&#8221;postEvent_cine__block&#8221;]</p>
<h4>PREMIS I FESTIVALS</h4>
<ul>
<li>DocsBarcelona. Espanya, 2014.</li>
<li>DocsBarcelona+Medellín. Colòmbia, 2014.</li>
<li>Donostia Zinemaldia. Espanya, 2014.</li>
<li>DocsDF. Mèxic, 2014.</li>
<li>MiradasDoc &#8211; Canal Plus Award . Espanya, 2014.</li>
</ul>
<p><a href="https://www.youtube.com/watch?v=G211QenHzJY" target="_blank" rel="noopener">VEURE TRAILER</a></p>
<p>[/et_pb_text][et_pb_code admin_label=&#8221;Compartir&#8221; _builder_version=&#8221;3.0.51&#8243; module_class=&#8221;postEvent_cine__block__Share&#8221;][socialpug_share][/et_pb_code][/et_pb_column][/et_pb_row][et_pb_row admin_label=&#8221;Row&#8221; background_position=&#8221;top_left&#8221; background_repeat=&#8221;repeat&#8221; background_size=&#8221;initial&#8221; _builder_version=&#8221;3.0.51&#8243; background_position_1=&#8221;top_left&#8221; background_repeat_1=&#8221;no-repeat&#8221; background_position_2=&#8221;top_left&#8221; background_repeat_2=&#8221;no-repeat&#8221; module_class=&#8221;eventPost__vertical__content&#8221;][et_pb_column type=&#8221;2_3&#8243;][et_pb_text admin_label=&#8221;Text&#8221; _builder_version=&#8221;3.0.51&#8243; background_layout=&#8221;light&#8221; text_orientation=&#8221;left&#8221; border_style=&#8221;solid&#8221;]</p>
<h3 class="postEvent_content__titleh3">SINOPSIS</h3>
<p>Una parella de ballarins apareix un matí a l’aula d’un institut. És dilluns, i anuncien a un grup d’adolescents que tenen cinc dies per pujar a un escenari i ballar. Una setmana per canviar les coses; un petit termini, però un gran repte: moure  les persones quan el món ens paralitza.</p>
<p>La dansa obliga  aquests joves a trencar els seus rols just en el moment de les seves vides en què aquests rols socials s’estan forjant. El líder deixa de ser el més admirat, el tímid fa un pas endavant… Ballar els obliga a tocar-se. Es comuniquen, s’igualen. Algun no s’alliberarà fins a l’últim instant.</p>
<p>Wilfried Van Poppel i Amaya Lubeigt són els coreògrafs. Ell, holandès; ella, basca. La dansa és el llenguatge comú. No importa el lloc. Cinc dies, una classe d’adolescents, un microcosmos en el qual succeeix un petit big bang.</p>
<h3 class="postEvent_content__titleh3">SOBRE LA DIRECCIÓ</h3>
<p>Rafa Molés Vilar és periodista i guionista. El 2012, va rebre el premi de Periodista de l&#8217;Any en la III edició dels Premis de Periodisme de la Comunitat Valenciana. És creador de l&#8217;equip de recerca de RTVV i autor de 18 documentals televisius. Pepe Andreu Ibarra és un productor llicenciat en ciències de la informació, imatge visual i auditiva. Té 15 anys d&#8217;experiència com a productor televisiu, director de documentals i reporter d&#8217;informatius.</p>
<p>Cicle documental amb el suport de la Regidoria de Política Lingüística de l&#8217;<a href="http://www.ajmao.org" target="_blank" rel="noopener">Ajuntament de Maó</a>.</p>
<p>[/et_pb_text][/et_pb_column][et_pb_column type=&#8221;1_3&#8243;][et_pb_text admin_label=&#8221;Fitxa tècnica&#8221; _builder_version=&#8221;3.0.51&#8243; background_layout=&#8221;light&#8221; text_orientation=&#8221;left&#8221; border_style=&#8221;solid&#8221; module_class=&#8221;postEvent_content__technicalData&#8221;]</p>
<h4>FITXA TÈCNICA</h4>
<ul>
<li style="list-style-type: none;">
<ul>
<li><strong>Direcció: </strong>Rafa Molés, Pepe Andreu</li>
<li><strong>Música: </strong>Jona Valent, Montefuji</li>
<li><strong>So: </strong>José Luis Rubio</li>
<li><strong>Muntatge: </strong>Pepe Andreu, Mónica Zamora</li>
<li><strong>Fotografia: </strong>José Luis González</li>
<li><strong>Producció: </strong>Natalia Maestro, José Luis Rubio</li>
<li><strong>Productores: </strong>SUICAfilm, REC grabateka estudioa</li>
<li><strong>Apte per a tots els públics</strong></li>
</ul>
</li>
</ul>
<p>[/et_pb_text][/et_pb_column][/et_pb_row][/]</p>
