{"id":1434,"date":"2017-07-15T18:34:06","date_gmt":"2017-07-15T18:34:06","guid":{"rendered":"https:\/\/esclaustre.com\/event\/javier-alvarez-i-bruno-sotos\/"},"modified":"2017-07-24T17:31:37","modified_gmt":"2017-07-24T17:31:37","slug":"javier-alvarez-i-bruno-sotos","status":"publish","type":"tribe_events","link":"https:\/\/esclaustre.com\/en\/event\/javier-alvarez-i-bruno-sotos\/","title":{"rendered":"Javier \u00c1lvarez i Bruno Sotos"},"content":{"rendered":"<p>[ bb_built=&#8221;1&#8243; fullwidth=&#8221;off&#8221; specialty=&#8221;on&#8221;][et_pb_column type=&#8221;3_4&#8243; specialty_columns=&#8221;3&#8243;][et_pb_row_inner admin_label=&#8221;Row&#8221; _builder_version=&#8221;3.0.51&#8243; background_position_1=&#8221;top_left&#8221; background_repeat_1=&#8221;no-repeat&#8221; module_class=&#8221;tribe-events-content__img&#8221;][et_pb_column_inner type=&#8221;4_4&#8243; saved_specialty_column_type=&#8221;3_4&#8243;][et_pb_image _builder_version=&#8221;3.0.61&#8243; src=&#8221;https:\/\/esclaustre.com\/wp-content\/uploads\/2017\/07\/Javier-Alvarez.jpg&#8221; show_in_lightbox=&#8221;off&#8221; url_new_window=&#8221;off&#8221; use_overlay=&#8221;off&#8221; sticky=&#8221;off&#8221; align=&#8221;left&#8221; always_center_on_mobile=&#8221;on&#8221; border_style=&#8221;solid&#8221; force_fullwidth=&#8221;off&#8221; \/][\/et_pb_column_inner][\/et_pb_row_inner][et_pb_row_inner admin_label=&#8221;Row&#8221; _builder_version=&#8221;3.0.51&#8243; background_position_1=&#8221;top_left&#8221; background_repeat_1=&#8221;no-repeat&#8221; module_class=&#8221;tribe-events-content__content&#8221;][et_pb_column_inner type=&#8221;4_4&#8243; saved_specialty_column_type=&#8221;3_4&#8243;][et_pb_code _builder_version=&#8221;3.0.51&#8243;][socialpug_share][\/et_pb_code][et_pb_text _builder_version=&#8221;3.0.61&#8243; background_layout=&#8221;light&#8221; text_orientation=&#8221;left&#8221; border_style=&#8221;solid&#8221;]<\/p>\n<p><strong>Javier \u00c1lvarez<\/strong> vuelve con un recorrido por toda la discograf\u00eda del ecl\u00e9ctico e inclasificable cantabailautor madrile\u00f1o con alguna que otra sorpresa y la presentaci\u00f3n de dos discos nuevos.<\/p>\n<p>En esta ocasi\u00f3n viene acompa\u00f1ado del cantante mallorqu\u00edn <strong>Bruno Sotos<\/strong>. No os lo perd\u00e1is!<\/p>\n<p>&nbsp;<\/p>\n<p><iframe src=\"https:\/\/www.youtube.com\/embed\/cUbzXocMDM4?ecver=1\" width=\"560\" height=\"315\" frameborder=\"0\" allowfullscreen=\"allowfullscreen\"><\/iframe><\/p>\n<p>&nbsp;<\/p>\n<p><a href=\"http:\/\/www.alvarezjavier.com\" target=\"_blank\" rel=\"noopener\">www.alvarezjavier.com<\/a><\/p>\n<p>[\/et_pb_text][\/et_pb_column_inner][\/et_pb_row_inner][\/et_pb_column][et_pb_column type=&#8221;1_4&#8243;][et_pb_customEventMetaFields admin_label=&#8221;EsClaustre Camps Event&#8221; _builder_version=&#8221;3.0.51&#8243; location=&#8221;on&#8221; schedule=&#8221;on&#8221; price=&#8221;on&#8221; module_class=&#8221;appendTo_tribe-events-infoBlocks_landscape&#8221; \/][et_pb_button _builder_version=&#8221;3.0.61&#8243; button_text=&#8221;Comprar&#8221; button_url=&#8221;https:\/\/entradas.codetickets.com\/entradas\/javier-alvarez-i-bruno-sotos\/1850\/esclaustre\/online&#8221; url_new_window=&#8221;on&#8221; button_alignment=&#8221;center&#8221; background_layout=&#8221;light&#8221; custom_button=&#8221;off&#8221; button_text_color=&#8221;#ffffff&#8221; button_bg_color=&#8221;#f92b44&#8243; button_border_width=&#8221;0&#8243; button_border_radius=&#8221;0&#8243; button_letter_spacing=&#8221;0&#8243; button_icon_placement=&#8221;right&#8221; button_letter_spacing_hover=&#8221;0&#8243; module_class=&#8221;btn-ticket appendTo_tribe-events-infoBlocks_landscape&#8221; \/][et_pb_customEventCategories _builder_version=&#8221;3.0.51&#8243; \/][et_pb_customEventTags _builder_version=&#8221;3.0.51&#8243; \/][\/et_pb_column][\/]<\/p>\n","protected":false},"excerpt":{"rendered":"<p>Javier \u00c1lvarez i Bruno Sotos se presentan en Menorca.<\/p>\n","protected":false},"author":1,"featured_media":1240,"template":"","meta":{"_acf_changed":false,"_tribe_events_status":"","_tribe_events_status_reason":"","_tribe_events_is_hybrid":"","_tribe_events_is_virtual":"","_tribe_events_virtual_video_source":"","_tribe_events_virtual_embed_video":"","_tribe_events_virtual_linked_button_text":"","_tribe_events_virtual_linked_button":"","_tribe_events_virtual_show_embed_at":"","_tribe_events_virtual_show_embed_to":[],"_tribe_events_virtual_show_on_event":"","_tribe_events_virtual_show_on_views":"","_tribe_events_virtual_url":"","footnotes":""},"tags":[222,223,132],"tribe_events_cat":[107],"class_list":["post-1434","tribe_events","type-tribe_events","status-publish","has-post-thumbnail","hentry","tag-bailautor-en","tag-madrid-en","tag-mallorca-en","tribe_events_cat-musica-en","cat_musica-en"],"acf":[],"_links":{"self":[{"href":"https:\/\/esclaustre.com\/en\/wp-json\/wp\/v2\/tribe_events\/1434","targetHints":{"allow":["GET"]}}],"collection":[{"href":"https:\/\/esclaustre.com\/en\/wp-json\/wp\/v2\/tribe_events"}],"about":[{"href":"https:\/\/esclaustre.com\/en\/wp-json\/wp\/v2\/types\/tribe_events"}],"author":[{"embeddable":true,"href":"https:\/\/esclaustre.com\/en\/wp-json\/wp\/v2\/users\/1"}],"version-history":[{"count":0,"href":"https:\/\/esclaustre.com\/en\/wp-json\/wp\/v2\/tribe_events\/1434\/revisions"}],"wp:featuredmedia":[{"embeddable":true,"href":"https:\/\/esclaustre.com\/en\/wp-json\/wp\/v2\/media\/1240"}],"wp:attachment":[{"href":"https:\/\/esclaustre.com\/en\/wp-json\/wp\/v2\/media?parent=1434"}],"wp:term":[{"taxonomy":"post_tag","embeddable":true,"href":"https:\/\/esclaustre.com\/en\/wp-json\/wp\/v2\/tags?post=1434"},{"taxonomy":"tribe_events_cat","embeddable":true,"href":"https:\/\/esclaustre.com\/en\/wp-json\/wp\/v2\/tribe_events_cat?post=1434"}],"curies":[{"name":"wp","href":"https:\/\/api.w.org\/{rel}","templated":true}]}}

Javier Álvarez i Bruno Sotos

<p>[ bb_built=&#8221;1&#8243; fullwidth=&#8221;off&#8221; specialty=&#8221;on&#8221;][et_pb_column type=&#8221;3_4&#8243; specialty_columns=&#8221;3&#8243;][et_pb_row_inner admin_label=&#8221;Row&#8221; _builder_version=&#8221;3.0.51&#8243; background_position_1=&#8221;top_left&#8221; background_repeat_1=&#8221;no-repeat&#8221; module_class=&#8221;tribe-events-content__img&#8221;][et_pb_column_inner type=&#8221;4_4&#8243; saved_specialty_column_type=&#8221;3_4&#8243;][et_pb_image _builder_version=&#8221;3.0.61&#8243; src=&#8221;https://esclaustre.com/wp-content/uploads/2017/07/Javier-Alvarez.jpg&#8221; show_in_lightbox=&#8221;off&#8221; url_new_window=&#8221;off&#8221; use_overlay=&#8221;off&#8221; sticky=&#8221;off&#8221; align=&#8221;left&#8221; always_center_on_mobile=&#8221;on&#8221; border_style=&#8221;solid&#8221; force_fullwidth=&#8221;off&#8221; /][/et_pb_column_inner][/et_pb_row_inner][et_pb_row_inner admin_label=&#8221;Row&#8221; _builder_version=&#8221;3.0.51&#8243; background_position_1=&#8221;top_left&#8221; background_repeat_1=&#8221;no-repeat&#8221; module_class=&#8221;tribe-events-content__content&#8221;][et_pb_column_inner type=&#8221;4_4&#8243; saved_specialty_column_type=&#8221;3_4&#8243;][et_pb_code _builder_version=&#8221;3.0.51&#8243;][socialpug_share][/et_pb_code][et_pb_text _builder_version=&#8221;3.0.61&#8243; background_layout=&#8221;light&#8221; text_orientation=&#8221;left&#8221; border_style=&#8221;solid&#8221;]</p>
<p><strong>Javier Álvarez</strong> vuelve con un recorrido por toda la discografía del ecléctico e inclasificable cantabailautor madrileño con alguna que otra sorpresa y la presentación de dos discos nuevos.</p>
<p>En esta ocasión viene acompañado del cantante mallorquín <strong>Bruno Sotos</strong>. No os lo perdáis!</p>
<p>&nbsp;</p>
<p><iframe src="https://www.youtube.com/embed/cUbzXocMDM4?ecver=1" width="560" height="315" frameborder="0" allowfullscreen="allowfullscreen"></iframe></p>
<p>&nbsp;</p>
<p><a href="http://www.alvarezjavier.com" target="_blank" rel="noopener">www.alvarezjavier.com</a></p>
<p>[/et_pb_text][/et_pb_column_inner][/et_pb_row_inner][/et_pb_column][et_pb_column type=&#8221;1_4&#8243;][et_pb_customEventMetaFields admin_label=&#8221;EsClaustre Camps Event&#8221; _builder_version=&#8221;3.0.51&#8243; location=&#8221;on&#8221; schedule=&#8221;on&#8221; price=&#8221;on&#8221; module_class=&#8221;appendTo_tribe-events-infoBlocks_landscape&#8221; /][et_pb_button _builder_version=&#8221;3.0.61&#8243; button_text=&#8221;Comprar&#8221; button_url=&#8221;https://entradas.codetickets.com/entradas/javier-alvarez-i-bruno-sotos/1850/esclaustre/online&#8221; url_new_window=&#8221;on&#8221; button_alignment=&#8221;center&#8221; background_layout=&#8221;light&#8221; custom_button=&#8221;off&#8221; button_text_color=&#8221;#ffffff&#8221; button_bg_color=&#8221;#f92b44&#8243; button_border_width=&#8221;0&#8243; button_border_radius=&#8221;0&#8243; button_letter_spacing=&#8221;0&#8243; button_icon_placement=&#8221;right&#8221; button_letter_spacing_hover=&#8221;0&#8243; module_class=&#8221;btn-ticket appendTo_tribe-events-infoBlocks_landscape&#8221; /][et_pb_customEventCategories _builder_version=&#8221;3.0.51&#8243; /][et_pb_customEventTags _builder_version=&#8221;3.0.51&#8243; /][/et_pb_column][/]</p>

<p>Javier Álvarez i Bruno Sotos se presentan en Menorca.</p>
