{"id":14608,"date":"2022-05-18T21:03:43","date_gmt":"2022-05-18T21:03:43","guid":{"rendered":"https:\/\/esclaustre.com\/event\/314-copy\/"},"modified":"2022-05-19T11:40:43","modified_gmt":"2022-05-19T11:40:43","slug":"sofia_comas","status":"publish","type":"tribe_events","link":"https:\/\/esclaustre.com\/en\/event\/sofia_comas\/","title":{"rendered":"Sofia Comas"},"content":{"rendered":"<p>[ bb_built=&#8221;1&#8243; fullwidth=&#8221;off&#8221; specialty=&#8221;on&#8221;][et_pb_column type=&#8221;3_4&#8243; specialty_columns=&#8221;3&#8243;][et_pb_row_inner admin_label=&#8221;Row&#8221; _builder_version=&#8221;3.0.51&#8243; background_position_1=&#8221;top_left&#8221; background_repeat_1=&#8221;no-repeat&#8221; module_class=&#8221;tribe-events-content__img&#8221;][et_pb_column_inner type=&#8221;4_4&#8243; saved_specialty_column_type=&#8221;3_4&#8243;][et_pb_image _builder_version=&#8221;3.0.64&#8243; show_in_lightbox=&#8221;off&#8221; url_new_window=&#8221;off&#8221; use_overlay=&#8221;off&#8221; sticky=&#8221;off&#8221; align=&#8221;left&#8221; always_center_on_mobile=&#8221;on&#8221; border_style=&#8221;solid&#8221; force_fullwidth=&#8221;off&#8221; src=&#8221;https:\/\/esclaustre.com\/wp-content\/uploads\/2022\/05\/Sof\u00eda_Comas-.jpg&#8221; \/][\/et_pb_column_inner][\/et_pb_row_inner][et_pb_row_inner admin_label=&#8221;Row&#8221; _builder_version=&#8221;3.0.51&#8243; background_position_1=&#8221;top_left&#8221; background_repeat_1=&#8221;no-repeat&#8221; module_class=&#8221;tribe-events-content__content&#8221;][et_pb_column_inner type=&#8221;4_4&#8243; saved_specialty_column_type=&#8221;3_4&#8243;][et_pb_code _builder_version=&#8221;3.0.51&#8243;][socialpug_share][\/et_pb_code][et_pb_text _builder_version=&#8221;3.0.64&#8243; background_layout=&#8221;light&#8221; text_orientation=&#8221;left&#8221; border_style=&#8221;solid&#8221;]<\/p>\n<h2><strong>\u00abSof\u00eda Comas\u00bb en directe al Claustre dins el circuit <em>Petjades<\/em>\u00a0<\/strong><\/h2>\n<p><b>Sofia Comas<\/b> \u00e9s una compositora, cantant i actriu d&#8217;origen espanyol\/canadenc. Cofundadora de la banda madrilenya <span style=\"color: #000000;\"><strong>Tucan<\/strong><\/span>, ha exercit com a directora musical de la companyia de dansa <strong>Zuk<\/strong> en diversos espectacles i ha participat en altres projectes esc\u00e8nics vinculats amb la poesia com a compositora i int\u00e8rpret.<\/p>\n<p>T\u00e9 la capacitat de fer alqu\u00edmia amb els versos, l&#8217;electr\u00f2nica i el soul, convertint-los en mal\u00b7leables al seu gust, apte per als que saben afinar l&#8217;orella i aguditzar els sentiments. Una <b>poeta musical<\/b> que porta a l&#8217;esquena la creaci\u00f3 del grup <strong>Tuc\u00e1n Morgan<\/strong>, grup referent de l&#8217;underground nacional, fa tan sols cinc anys enrere, influ\u00e8ncies que acull amb una crua sensibilitat en aquesta nova etapa experimental, i que l&#8217;ha portat a musicalitzar valentament <strong>Lorca<\/strong> i <strong>Machado<\/strong>.<\/p>\n<p>&nbsp;<\/p>\n<div class=\"page\" title=\"Page 1\">\n<div class=\"section\">\n<div class=\"layoutArea\">\n<div class=\"column\">\n<p><strong>Petjades<\/strong> \u00e9s el circuit de <a href=\"https:\/\/fonart.com\/sonsdenit\/sofia-comas-2\/\" target=\"_blank\" rel=\"noopener\"><strong>Sons de Nit<\/strong><\/a> com a marca d&#8217;una serie de set concerts per Mallorca i Menorca. Tota la recaptaci\u00f3 d&#8217;aquest concert anir\u00e0 a c\u00e0rrec de l&#8217;entitat\u00a0<b>SOS Mam\u00e1s Baleares<\/b><\/p>\n<p>&nbsp;<\/p>\n<p><iframe title=\"YouTube video player\" src=\"https:\/\/www.youtube.com\/embed\/jlBH9xjh9e8\" width=\"560\" height=\"315\" frameborder=\"0\" allowfullscreen=\"allowfullscreen\"><\/iframe><\/p>\n<\/div>\n<\/div>\n<\/div>\n<\/div>\n<p>[\/et_pb_text][\/et_pb_column_inner][\/et_pb_row_inner][\/et_pb_column][et_pb_column type=&#8221;1_4&#8243;][et_pb_customEventMetaFields admin_label=&#8221;EsClaustre Camps Event&#8221; _builder_version=&#8221;3.0.51&#8243; location=&#8221;on&#8221; schedule=&#8221;on&#8221; price=&#8221;on&#8221; module_class=&#8221;appendTo_tribe-events-infoBlocks_landscape&#8221; \/][et_pb_button _builder_version=&#8221;3.0.64&#8243; button_text=&#8221;Comprar&#8221; url_new_window=&#8221;on&#8221; button_alignment=&#8221;center&#8221; background_layout=&#8221;light&#8221; custom_button=&#8221;off&#8221; button_text_color=&#8221;#ffffff&#8221; button_bg_color=&#8221;#f92b44&#8243; button_border_width=&#8221;0&#8243; button_border_radius=&#8221;0&#8243; button_letter_spacing=&#8221;0&#8243; button_icon_placement=&#8221;right&#8221; button_letter_spacing_hover=&#8221;0&#8243; module_class=&#8221;btn-ticket appendTo_tribe-events-infoBlocks_landscape&#8221; button_url=&#8221;https:\/\/ticketib.com\/ca\/events\/sdn-sofia-comas-mao&#8221; \/][et_pb_customEventCategories _builder_version=&#8221;3.0.51&#8243; \/][et_pb_customEventTags _builder_version=&#8221;3.0.51&#8243; \/][\/et_pb_column][\/]<\/p>\n","protected":false},"excerpt":{"rendered":"<p>\u00abSof\u00eda Comas\u00bb en directe al Claustre dins el circuit Petjades del Sons de Nit. Sofia Comas \u00e9s una compositora, cantant i actriu d&#8217;origen espanyol\/canadenc. Cofundadora de la banda madrilenya Tucan<\/p>\n","protected":false},"author":1,"featured_media":14606,"template":"","meta":{"_acf_changed":false,"_tribe_events_status":"","_tribe_events_status_reason":"","_tribe_events_is_hybrid":"","_tribe_events_is_virtual":"","_tribe_events_virtual_video_source":"","_tribe_events_virtual_embed_video":"","_tribe_events_virtual_linked_button_text":"","_tribe_events_virtual_linked_button":"","_tribe_events_virtual_show_embed_at":"","_tribe_events_virtual_show_embed_to":[],"_tribe_events_virtual_show_on_event":"","_tribe_events_virtual_show_on_views":"","_tribe_events_virtual_url":"","footnotes":""},"tags":[2783,2784,223,2224,2100],"tribe_events_cat":[1423,650,107],"class_list":["post-14608","tribe_events","type-tribe_events","status-publish","has-post-thumbnail","hentry","tag-canada-en","tag-cultura-sostenible-en","tag-madrid-en","tag-petjades-en","tag-sons-de-nit-en","tribe_events_cat-agenda-menorca-en","tribe_events_cat-cultura-en","tribe_events_cat-musica-en","cat_agenda-menorca-en","cat_cultura-en","cat_musica-en"],"acf":[],"_links":{"self":[{"href":"https:\/\/esclaustre.com\/en\/wp-json\/wp\/v2\/tribe_events\/14608","targetHints":{"allow":["GET"]}}],"collection":[{"href":"https:\/\/esclaustre.com\/en\/wp-json\/wp\/v2\/tribe_events"}],"about":[{"href":"https:\/\/esclaustre.com\/en\/wp-json\/wp\/v2\/types\/tribe_events"}],"author":[{"embeddable":true,"href":"https:\/\/esclaustre.com\/en\/wp-json\/wp\/v2\/users\/1"}],"version-history":[{"count":0,"href":"https:\/\/esclaustre.com\/en\/wp-json\/wp\/v2\/tribe_events\/14608\/revisions"}],"wp:featuredmedia":[{"embeddable":true,"href":"https:\/\/esclaustre.com\/en\/wp-json\/wp\/v2\/media\/14606"}],"wp:attachment":[{"href":"https:\/\/esclaustre.com\/en\/wp-json\/wp\/v2\/media?parent=14608"}],"wp:term":[{"taxonomy":"post_tag","embeddable":true,"href":"https:\/\/esclaustre.com\/en\/wp-json\/wp\/v2\/tags?post=14608"},{"taxonomy":"tribe_events_cat","embeddable":true,"href":"https:\/\/esclaustre.com\/en\/wp-json\/wp\/v2\/tribe_events_cat?post=14608"}],"curies":[{"name":"wp","href":"https:\/\/api.w.org\/{rel}","templated":true}]}}

<p>[ bb_built=&#8221;1&#8243; fullwidth=&#8221;off&#8221; specialty=&#8221;on&#8221;][et_pb_column type=&#8221;3_4&#8243; specialty_columns=&#8221;3&#8243;][et_pb_row_inner admin_label=&#8221;Row&#8221; _builder_version=&#8221;3.0.51&#8243; background_position_1=&#8221;top_left&#8221; background_repeat_1=&#8221;no-repeat&#8221; module_class=&#8221;tribe-events-content__img&#8221;][et_pb_column_inner type=&#8221;4_4&#8243; saved_specialty_column_type=&#8221;3_4&#8243;][et_pb_image _builder_version=&#8221;3.0.64&#8243; show_in_lightbox=&#8221;off&#8221; url_new_window=&#8221;off&#8221; use_overlay=&#8221;off&#8221; sticky=&#8221;off&#8221; align=&#8221;left&#8221; always_center_on_mobile=&#8221;on&#8221; border_style=&#8221;solid&#8221; force_fullwidth=&#8221;off&#8221; src=&#8221;https://esclaustre.com/wp-content/uploads/2022/05/Sofía_Comas-.jpg&#8221; /][/et_pb_column_inner][/et_pb_row_inner][et_pb_row_inner admin_label=&#8221;Row&#8221; _builder_version=&#8221;3.0.51&#8243; background_position_1=&#8221;top_left&#8221; background_repeat_1=&#8221;no-repeat&#8221; module_class=&#8221;tribe-events-content__content&#8221;][et_pb_column_inner type=&#8221;4_4&#8243; saved_specialty_column_type=&#8221;3_4&#8243;][et_pb_code _builder_version=&#8221;3.0.51&#8243;][socialpug_share][/et_pb_code][et_pb_text _builder_version=&#8221;3.0.64&#8243; background_layout=&#8221;light&#8221; text_orientation=&#8221;left&#8221; border_style=&#8221;solid&#8221;]</p>
<h2><strong>«Sofía Comas» en directe al Claustre dins el circuit <em>Petjades</em> </strong></h2>
<p><b>Sofia Comas</b> és una compositora, cantant i actriu d&#8217;origen espanyol/canadenc. Cofundadora de la banda madrilenya <span style="color: #000000;"><strong>Tucan</strong></span>, ha exercit com a directora musical de la companyia de dansa <strong>Zuk</strong> en diversos espectacles i ha participat en altres projectes escènics vinculats amb la poesia com a compositora i intèrpret.</p>
<p>Té la capacitat de fer alquímia amb els versos, l&#8217;electrònica i el soul, convertint-los en mal·leables al seu gust, apte per als que saben afinar l&#8217;orella i aguditzar els sentiments. Una <b>poeta musical</b> que porta a l&#8217;esquena la creació del grup <strong>Tucán Morgan</strong>, grup referent de l&#8217;underground nacional, fa tan sols cinc anys enrere, influències que acull amb una crua sensibilitat en aquesta nova etapa experimental, i que l&#8217;ha portat a musicalitzar valentament <strong>Lorca</strong> i <strong>Machado</strong>.</p>
<p>&nbsp;</p>
<div class="page" title="Page 1">
<div class="section">
<div class="layoutArea">
<div class="column">
<p><strong>Petjades</strong> és el circuit de <a href="https://fonart.com/sonsdenit/sofia-comas-2/" target="_blank" rel="noopener"><strong>Sons de Nit</strong></a> com a marca d&#8217;una serie de set concerts per Mallorca i Menorca. Tota la recaptació d&#8217;aquest concert anirà a càrrec de l&#8217;entitat <b>SOS Mamás Baleares</b></p>
<p>&nbsp;</p>
<p><iframe title="YouTube video player" src="https://www.youtube.com/embed/jlBH9xjh9e8" width="560" height="315" frameborder="0" allowfullscreen="allowfullscreen"></iframe></p>
</div>
</div>
</div>
</div>
<p>[/et_pb_text][/et_pb_column_inner][/et_pb_row_inner][/et_pb_column][et_pb_column type=&#8221;1_4&#8243;][et_pb_customEventMetaFields admin_label=&#8221;EsClaustre Camps Event&#8221; _builder_version=&#8221;3.0.51&#8243; location=&#8221;on&#8221; schedule=&#8221;on&#8221; price=&#8221;on&#8221; module_class=&#8221;appendTo_tribe-events-infoBlocks_landscape&#8221; /][et_pb_button _builder_version=&#8221;3.0.64&#8243; button_text=&#8221;Comprar&#8221; url_new_window=&#8221;on&#8221; button_alignment=&#8221;center&#8221; background_layout=&#8221;light&#8221; custom_button=&#8221;off&#8221; button_text_color=&#8221;#ffffff&#8221; button_bg_color=&#8221;#f92b44&#8243; button_border_width=&#8221;0&#8243; button_border_radius=&#8221;0&#8243; button_letter_spacing=&#8221;0&#8243; button_icon_placement=&#8221;right&#8221; button_letter_spacing_hover=&#8221;0&#8243; module_class=&#8221;btn-ticket appendTo_tribe-events-infoBlocks_landscape&#8221; button_url=&#8221;https://ticketib.com/ca/events/sdn-sofia-comas-mao&#8221; /][et_pb_customEventCategories _builder_version=&#8221;3.0.51&#8243; /][et_pb_customEventTags _builder_version=&#8221;3.0.51&#8243; /][/et_pb_column][/]</p>

<p>«Sofía Comas» en directe al Claustre dins el circuit Petjades del Sons de Nit. Sofia Comas és una compositora, cantant i actriu d&#8217;origen espanyol/canadenc. Cofundadora de la banda madrilenya Tucan</p>
