{"id":1465,"date":"2017-07-04T12:24:47","date_gmt":"2017-07-04T12:24:47","guid":{"rendered":"https:\/\/esclaustre.com\/event\/mallorca-gay-mens-chorus\/"},"modified":"2017-07-04T12:24:47","modified_gmt":"2017-07-04T12:24:47","slug":"mallorca-gay-mens-chorus","status":"publish","type":"tribe_events","link":"https:\/\/esclaustre.com\/en\/event\/mallorca-gay-mens-chorus\/","title":{"rendered":"MALLORCA GAY MEN\u2019S CHORUS"},"content":{"rendered":"<p>[ bb_built=&#8221;1&#8243; admin_label=&#8221;section&#8221; _builder_version=&#8221;3.0.51&#8243; module_class=&#8221;eventPost__vertical&#8221;][et_pb_row admin_label=&#8221;row&#8221; background_position=&#8221;top_left&#8221; background_repeat=&#8221;repeat&#8221; background_size=&#8221;initial&#8221; _builder_version=&#8221;3.0.51&#8243; background_position_1=&#8221;top_left&#8221; background_repeat_1=&#8221;no-repeat&#8221; background_position_2=&#8221;top_left&#8221; background_repeat_2=&#8221;no-repeat&#8221; module_class_1=&#8221;eventPost__vertical__img&#8221; module_class_2=&#8221;eventPost__vertical__img_content&#8221; make_equal=&#8221;on&#8221;][et_pb_column type=&#8221;1_2&#8243;][et_pb_image admin_label=&#8221;Image&#8221; _builder_version=&#8221;3.0.51&#8243; src=&#8221;https:\/\/esclaustre.com\/wp-content\/uploads\/2017\/07\/MALLORCA-GAY-MEN\u2019S-CHORUS.jpg&#8221; show_in_lightbox=&#8221;off&#8221; url_new_window=&#8221;off&#8221; use_overlay=&#8221;off&#8221; sticky=&#8221;on&#8221; align=&#8221;left&#8221; always_center_on_mobile=&#8221;on&#8221; border_style=&#8221;solid&#8221; force_fullwidth=&#8221;off&#8221; \/][\/et_pb_column][et_pb_column type=&#8221;1_2&#8243;][et_pb_customEventMetaFields admin_label=&#8221;Es Claustre Camps Event&#8221; _builder_version=&#8221;3.0.51&#8243; location=&#8221;on&#8221; schedule=&#8221;on&#8221; price=&#8221;on&#8221; \/][et_pb_text admin_label=&#8221;Dades generals de la pelicula&#8221; _builder_version=&#8221;3.0.51&#8243; background_layout=&#8221;light&#8221; text_orientation=&#8221;left&#8221; border_style=&#8221;solid&#8221; module_class=&#8221;postEvent_cine__block&#8221;]<\/p>\n<h1>MALLORCA GAY ME&#8217;NS CHORUS<\/h1>\n<p>[\/et_pb_text][et_pb_customEventCategories admin_label=&#8221;Categories&#8221; _builder_version=&#8221;3.0.51&#8243; \/][et_pb_customEventTags admin_label=&#8221;Tags&#8221; _builder_version=&#8221;3.0.51&#8243; \/][et_pb_text admin_label=&#8221;Premis + Link Trailer&#8221; _builder_version=&#8221;3.0.51&#8243; background_layout=&#8221;light&#8221; text_orientation=&#8221;left&#8221; border_style=&#8221;solid&#8221; module_class=&#8221;postEvent_cine__block&#8221;]<\/p>\n<p>Despu\u00e9s de dos a\u00f1os sobre los escenarios se confirma: este grupo de amigos que en octubre de 2012 se juntaron para llevar a cabo un nuevo proyecto musical, parece que dieron en el clavo. Nac\u00eda entonces el <a href=\"https:\/\/www.facebook.com\/mallorcagaymenschorus\" target=\"_blank\" rel=\"noopener\">Mallorca Gay Men\u2019s Chorus<\/a>, un coro compuesto \u00edntegramente por voces masculinas y que buscaba (y sigue buscando) hacer algo diferente dentro de la m\u00fasica coral.<\/p>\n<p>Aunque la palabra \u201cgay\u201d figura en el nombre, no es una formaci\u00f3n cerrada solo a homosexuales. Cualquier hombre puede formar parte de la misma, siempre que comparta pasi\u00f3n, ganas de disfrutar cantando y, como no, est\u00e9 dispuesto a colaborar en todos las actividades, eventos y asociaciones dedicadas a ayudar y favorecerla integraci\u00f3n y \u00a0los derechos humanos: D\u00eda del Orgullo LGTB, D\u00eda Internacional de la Lucha Contra el SIDA, Fundaci\u00f3 Santo Joan de Deu, SOS Mamas\u2026.<\/p>\n<p>[\/et_pb_text][et_pb_code admin_label=&#8221;Compartir&#8221; _builder_version=&#8221;3.0.51&#8243; module_class=&#8221;postEvent_cine__block__Share&#8221;][socialpug_share][\/et_pb_code][\/et_pb_column][\/et_pb_row][et_pb_row admin_label=&#8221;Row&#8221; background_position=&#8221;top_left&#8221; background_repeat=&#8221;repeat&#8221; background_size=&#8221;initial&#8221; _builder_version=&#8221;3.0.51&#8243; background_position_1=&#8221;top_left&#8221; background_repeat_1=&#8221;no-repeat&#8221; background_position_2=&#8221;top_left&#8221; background_repeat_2=&#8221;no-repeat&#8221; module_class=&#8221;eventPost__vertical__content&#8221;][et_pb_column type=&#8221;2_3&#8243;][et_pb_text admin_label=&#8221;Text&#8221; _builder_version=&#8221;3.0.51&#8243; background_layout=&#8221;light&#8221; text_orientation=&#8221;left&#8221; border_style=&#8221;solid&#8221;]<\/p>\n<div class=\"page\" title=\"Page 5\">\n<div class=\"section\">\n<div class=\"layoutArea\">\n<div class=\"column\">\n<h3><strong>MA\u00d3 AMB ORGULL LGTBI<\/strong><\/h3>\n<p>Un coro de m\u00e1s de 30 coristas y m\u00fasicos en directo, cantando y bailando de una forma como nunca antes hab\u00edas visto. Acompa\u00f1ado de luces, proyecciones, fiesta y un mensaje: recorramos ese camino que nos llevar\u00e1 desde donde estamos a donde queremos llegar, a nuestro lugar en el mundo.<\/p>\n<div class=\"page\" title=\"Page 4\">\n<div class=\"layoutArea\">\n<div class=\"column\">\n<p>M\u00e1s de 60 actuaciones y conciertos, m\u00e1s de 16.000 espectadores, actuaciones internacionales&#8230;Espect\u00e1culo, baile y fiesta dirigidos por el director <strong>Joan La\u00ednez<\/strong>.<\/p>\n<p>&nbsp;<\/p>\n<\/div>\n<\/div>\n<\/div>\n<p><a href=\"http:\/\/www.mgmc.es\" target=\"_blank\" rel=\"noopener\">www.mgmc.es<\/a><\/p>\n<\/div>\n<\/div>\n<\/div>\n<\/div>\n<p>[\/et_pb_text][\/et_pb_column][et_pb_column type=&#8221;1_3&#8243;][et_pb_text admin_label=&#8221;Fitxa t\u00e8cnica&#8221; _builder_version=&#8221;3.0.51&#8243; background_layout=&#8221;light&#8221; text_orientation=&#8221;left&#8221; border_style=&#8221;solid&#8221; module_class=&#8221;postEvent_content__technicalData&#8221;]<\/p>\n<h3><strong>EL DIRECTOR<\/strong><\/h3>\n<p><strong>Joan La\u00ednez<\/strong> nace en Llucmajor, y comienza sus estudios de m\u00fasica a los 7 a\u00f1os con la profesora Ant\u00f2nia Noguera, continu\u00e1ndolos en el Conservatorio Profesional de M\u00fasica y Danza de Mallorca estudiando Piano bajo la supervisi\u00f3n de Margalida Palou y Miquel Segura. Posteriormente se traslada a Barcelona y sigue completando sus conocimientos con la pedagoga y music\u00f3loga Carmen Poch.<\/p>\n<p>Actualmente dirige diferentes formaciones corales: Cor de Pollen\u00e7a, Cor ciutat de Mallorca, Mallorca Gay Men\u2019s Chorus, Noname Chorus, Teen Spirit Chorus y un proyecto social con Quatre vents, el coro infantil de El Terreno.<\/p>\n<p>Con el Mallorca Gay Men\u2019s Chorus ha realizado cerca de setenta conciertos y actuaciones en apenas tres a\u00f1os, con m\u00e1s de 15.000 espectadores en la isla de Mallorca. Ha participado, adem\u00e1s, en el programa de televisi\u00f3n nacional \u201cAlaska y Coronas\u201d, junto a La Terremoto de Alcorc\u00f3n y en el concierto en el Cadogan Hall de Londres, invitados por el coro Pink Singers.<\/p>\n<p>[\/et_pb_text][\/et_pb_column][\/et_pb_row][\/]<\/p>\n","protected":false},"excerpt":{"rendered":"<p>MALLORCA GAY MEN\u2019S CHORUS<\/p>\n","protected":false},"author":1,"featured_media":1206,"template":"","meta":{"_acf_changed":false,"_tribe_events_status":"","_tribe_events_status_reason":"","_tribe_events_is_hybrid":"","_tribe_events_is_virtual":"","_tribe_events_virtual_video_source":"","_tribe_events_virtual_embed_video":"","_tribe_events_virtual_linked_button_text":"","_tribe_events_virtual_linked_button":"","_tribe_events_virtual_show_embed_at":"","_tribe_events_virtual_show_embed_to":[],"_tribe_events_virtual_show_on_event":"","_tribe_events_virtual_show_on_views":"","_tribe_events_virtual_url":"","footnotes":""},"tags":[243,244,245],"tribe_events_cat":[107],"class_list":["post-1465","tribe_events","type-tribe_events","status-publish","has-post-thumbnail","hentry","tag-coral-en","tag-lgtbi-en","tag-mallorca-gay-en","tribe_events_cat-musica-en","cat_musica-en"],"acf":[],"_links":{"self":[{"href":"https:\/\/esclaustre.com\/en\/wp-json\/wp\/v2\/tribe_events\/1465","targetHints":{"allow":["GET"]}}],"collection":[{"href":"https:\/\/esclaustre.com\/en\/wp-json\/wp\/v2\/tribe_events"}],"about":[{"href":"https:\/\/esclaustre.com\/en\/wp-json\/wp\/v2\/types\/tribe_events"}],"author":[{"embeddable":true,"href":"https:\/\/esclaustre.com\/en\/wp-json\/wp\/v2\/users\/1"}],"version-history":[{"count":0,"href":"https:\/\/esclaustre.com\/en\/wp-json\/wp\/v2\/tribe_events\/1465\/revisions"}],"wp:featuredmedia":[{"embeddable":true,"href":"https:\/\/esclaustre.com\/en\/wp-json\/wp\/v2\/media\/1206"}],"wp:attachment":[{"href":"https:\/\/esclaustre.com\/en\/wp-json\/wp\/v2\/media?parent=1465"}],"wp:term":[{"taxonomy":"post_tag","embeddable":true,"href":"https:\/\/esclaustre.com\/en\/wp-json\/wp\/v2\/tags?post=1465"},{"taxonomy":"tribe_events_cat","embeddable":true,"href":"https:\/\/esclaustre.com\/en\/wp-json\/wp\/v2\/tribe_events_cat?post=1465"}],"curies":[{"name":"wp","href":"https:\/\/api.w.org\/{rel}","templated":true}]}}

<p>[ bb_built=&#8221;1&#8243; admin_label=&#8221;section&#8221; _builder_version=&#8221;3.0.51&#8243; module_class=&#8221;eventPost__vertical&#8221;][et_pb_row admin_label=&#8221;row&#8221; background_position=&#8221;top_left&#8221; background_repeat=&#8221;repeat&#8221; background_size=&#8221;initial&#8221; _builder_version=&#8221;3.0.51&#8243; background_position_1=&#8221;top_left&#8221; background_repeat_1=&#8221;no-repeat&#8221; background_position_2=&#8221;top_left&#8221; background_repeat_2=&#8221;no-repeat&#8221; module_class_1=&#8221;eventPost__vertical__img&#8221; module_class_2=&#8221;eventPost__vertical__img_content&#8221; make_equal=&#8221;on&#8221;][et_pb_column type=&#8221;1_2&#8243;][et_pb_image admin_label=&#8221;Image&#8221; _builder_version=&#8221;3.0.51&#8243; src=&#8221;https://esclaustre.com/wp-content/uploads/2017/07/MALLORCA-GAY-MEN’S-CHORUS.jpg&#8221; show_in_lightbox=&#8221;off&#8221; url_new_window=&#8221;off&#8221; use_overlay=&#8221;off&#8221; sticky=&#8221;on&#8221; align=&#8221;left&#8221; always_center_on_mobile=&#8221;on&#8221; border_style=&#8221;solid&#8221; force_fullwidth=&#8221;off&#8221; /][/et_pb_column][et_pb_column type=&#8221;1_2&#8243;][et_pb_customEventMetaFields admin_label=&#8221;Es Claustre Camps Event&#8221; _builder_version=&#8221;3.0.51&#8243; location=&#8221;on&#8221; schedule=&#8221;on&#8221; price=&#8221;on&#8221; /][et_pb_text admin_label=&#8221;Dades generals de la pelicula&#8221; _builder_version=&#8221;3.0.51&#8243; background_layout=&#8221;light&#8221; text_orientation=&#8221;left&#8221; border_style=&#8221;solid&#8221; module_class=&#8221;postEvent_cine__block&#8221;]</p>
<h1>MALLORCA GAY ME&#8217;NS CHORUS</h1>
<p>[/et_pb_text][et_pb_customEventCategories admin_label=&#8221;Categories&#8221; _builder_version=&#8221;3.0.51&#8243; /][et_pb_customEventTags admin_label=&#8221;Tags&#8221; _builder_version=&#8221;3.0.51&#8243; /][et_pb_text admin_label=&#8221;Premis + Link Trailer&#8221; _builder_version=&#8221;3.0.51&#8243; background_layout=&#8221;light&#8221; text_orientation=&#8221;left&#8221; border_style=&#8221;solid&#8221; module_class=&#8221;postEvent_cine__block&#8221;]</p>
<p>Después de dos años sobre los escenarios se confirma: este grupo de amigos que en octubre de 2012 se juntaron para llevar a cabo un nuevo proyecto musical, parece que dieron en el clavo. Nacía entonces el <a href="https://www.facebook.com/mallorcagaymenschorus" target="_blank" rel="noopener">Mallorca Gay Men’s Chorus</a>, un coro compuesto íntegramente por voces masculinas y que buscaba (y sigue buscando) hacer algo diferente dentro de la música coral.</p>
<p>Aunque la palabra “gay” figura en el nombre, no es una formación cerrada solo a homosexuales. Cualquier hombre puede formar parte de la misma, siempre que comparta pasión, ganas de disfrutar cantando y, como no, esté dispuesto a colaborar en todos las actividades, eventos y asociaciones dedicadas a ayudar y favorecerla integración y  los derechos humanos: Día del Orgullo LGTB, Día Internacional de la Lucha Contra el SIDA, Fundació Santo Joan de Deu, SOS Mamas….</p>
<p>[/et_pb_text][et_pb_code admin_label=&#8221;Compartir&#8221; _builder_version=&#8221;3.0.51&#8243; module_class=&#8221;postEvent_cine__block__Share&#8221;][socialpug_share][/et_pb_code][/et_pb_column][/et_pb_row][et_pb_row admin_label=&#8221;Row&#8221; background_position=&#8221;top_left&#8221; background_repeat=&#8221;repeat&#8221; background_size=&#8221;initial&#8221; _builder_version=&#8221;3.0.51&#8243; background_position_1=&#8221;top_left&#8221; background_repeat_1=&#8221;no-repeat&#8221; background_position_2=&#8221;top_left&#8221; background_repeat_2=&#8221;no-repeat&#8221; module_class=&#8221;eventPost__vertical__content&#8221;][et_pb_column type=&#8221;2_3&#8243;][et_pb_text admin_label=&#8221;Text&#8221; _builder_version=&#8221;3.0.51&#8243; background_layout=&#8221;light&#8221; text_orientation=&#8221;left&#8221; border_style=&#8221;solid&#8221;]</p>
<div class="page" title="Page 5">
<div class="section">
<div class="layoutArea">
<div class="column">
<h3><strong>MAÓ AMB ORGULL LGTBI</strong></h3>
<p>Un coro de más de 30 coristas y músicos en directo, cantando y bailando de una forma como nunca antes habías visto. Acompañado de luces, proyecciones, fiesta y un mensaje: recorramos ese camino que nos llevará desde donde estamos a donde queremos llegar, a nuestro lugar en el mundo.</p>
<div class="page" title="Page 4">
<div class="layoutArea">
<div class="column">
<p>Más de 60 actuaciones y conciertos, más de 16.000 espectadores, actuaciones internacionales&#8230;Espectáculo, baile y fiesta dirigidos por el director <strong>Joan Laínez</strong>.</p>
<p>&nbsp;</p>
</div>
</div>
</div>
<p><a href="http://www.mgmc.es" target="_blank" rel="noopener">www.mgmc.es</a></p>
</div>
</div>
</div>
</div>
<p>[/et_pb_text][/et_pb_column][et_pb_column type=&#8221;1_3&#8243;][et_pb_text admin_label=&#8221;Fitxa tècnica&#8221; _builder_version=&#8221;3.0.51&#8243; background_layout=&#8221;light&#8221; text_orientation=&#8221;left&#8221; border_style=&#8221;solid&#8221; module_class=&#8221;postEvent_content__technicalData&#8221;]</p>
<h3><strong>EL DIRECTOR</strong></h3>
<p><strong>Joan Laínez</strong> nace en Llucmajor, y comienza sus estudios de música a los 7 años con la profesora Antònia Noguera, continuándolos en el Conservatorio Profesional de Música y Danza de Mallorca estudiando Piano bajo la supervisión de Margalida Palou y Miquel Segura. Posteriormente se traslada a Barcelona y sigue completando sus conocimientos con la pedagoga y musicóloga Carmen Poch.</p>
<p>Actualmente dirige diferentes formaciones corales: Cor de Pollença, Cor ciutat de Mallorca, Mallorca Gay Men’s Chorus, Noname Chorus, Teen Spirit Chorus y un proyecto social con Quatre vents, el coro infantil de El Terreno.</p>
<p>Con el Mallorca Gay Men’s Chorus ha realizado cerca de setenta conciertos y actuaciones en apenas tres años, con más de 15.000 espectadores en la isla de Mallorca. Ha participado, además, en el programa de televisión nacional “Alaska y Coronas”, junto a La Terremoto de Alcorcón y en el concierto en el Cadogan Hall de Londres, invitados por el coro Pink Singers.</p>
<p>[/et_pb_text][/et_pb_column][/et_pb_row][/]</p>
