{"id":1468,"date":"2017-06-21T07:25:05","date_gmt":"2017-06-21T07:25:05","guid":{"rendered":"https:\/\/esclaustre.com\/event\/carles-viarnes\/"},"modified":"2017-06-21T07:25:05","modified_gmt":"2017-06-21T07:25:05","slug":"carles-viarnes","status":"publish","type":"tribe_events","link":"https:\/\/esclaustre.com\/en\/event\/carles-viarnes\/","title":{"rendered":"Carles Viarn\u00e8s"},"content":{"rendered":"<p>[ bb_built=&#8221;1&#8243; admin_label=&#8221;Section&#8221; fullwidth=&#8221;off&#8221; specialty=&#8221;on&#8221;][et_pb_column type=&#8221;3_4&#8243; specialty_columns=&#8221;3&#8243;][et_pb_row_inner admin_label=&#8221;Row&#8221; _builder_version=&#8221;3.0.51&#8243; background_position_1=&#8221;top_left&#8221; background_repeat_1=&#8221;no-repeat&#8221; module_class=&#8221;tribe-events-content__img&#8221;][et_pb_column_inner type=&#8221;4_4&#8243; saved_specialty_column_type=&#8221;3_4&#8243;][et_pb_image admin_label=&#8221;Image&#8221; _builder_version=&#8221;3.0.51&#8243; src=&#8221;https:\/\/esclaustre.com\/wp-content\/uploads\/2017\/06\/Carles-Viarn\u00e9s.jpg&#8221; show_in_lightbox=&#8221;off&#8221; url_new_window=&#8221;off&#8221; use_overlay=&#8221;off&#8221; sticky=&#8221;off&#8221; align=&#8221;left&#8221; always_center_on_mobile=&#8221;on&#8221; border_style=&#8221;solid&#8221; force_fullwidth=&#8221;off&#8221; \/][\/et_pb_column_inner][\/et_pb_row_inner][et_pb_row_inner admin_label=&#8221;Row&#8221; _builder_version=&#8221;3.0.51&#8243; background_position_1=&#8221;top_left&#8221; background_repeat_1=&#8221;no-repeat&#8221; module_class=&#8221;tribe-events-content__content&#8221;][et_pb_column_inner type=&#8221;4_4&#8243; saved_specialty_column_type=&#8221;3_4&#8243;][et_pb_code admin_label=&#8221;Code&#8221; _builder_version=&#8221;3.0.51&#8243;][socialpug_share][\/et_pb_code][et_pb_text admin_label=&#8221;Text&#8221; _builder_version=&#8221;3.0.51&#8243; background_layout=&#8221;light&#8221; text_orientation=&#8221;left&#8221; border_style=&#8221;solid&#8221;]<\/p>\n<p>Pianista i compositor de formaci\u00f3 eminentment cl\u00e0ssica. El seu bagatge estil\u00edstic \u00e9s ampli, de Bach a P\u00e4rt, passant per Gorecki, Camar\u00f3n, Davis o\u00a0Haden, encara\u00a0que la seva obra es centra est\u00e8ticament en el terreny de la m\u00fasica contempor\u00e0nia i el minimalisme, amb tocs subtils de l\u2019est\u00e8tica\u00a0electr\u00f2nica i experimental actuals.<\/p>\n<p>El seu proc\u00e9s natural de composici\u00f3 est\u00e0 influ\u00eft en gran mesura per la improvisaci\u00f3 i el piano contemporani de Peter Broderick, Goldmund o Nils\u00a0Frahm. Les seves simples &#8216;peces per a piano&#8217;, evocadores i \u00edntimes, amb els seus febles desenvolupaments, dibuixen uns paisatges lents, quasi\u00a0est\u00e0tics.<\/p>\n<p>En directe, <strong>Carles Viarn\u00e8s<\/strong> es presenta auster per\u00f2 emotiu, capa\u00e7 de crear ambients melanc\u00f2lics i fr\u00e0gils, amb diversos pianos fluint\u00a0simult\u00e0niament, a trav\u00e9s dels quals es trasllueix el ventall que va des dels passatges m\u00e9s cinematogr\u00e0fics de E.S.T. o The Montgolfier Brothers\u00a0fins a Flim.<\/p>\n<p><a href=\"http:\/\/www.carlesviarnes.com\" target=\"_blank\" rel=\"noopener\">www.carlesviarnes.com<\/a><\/p>\n<p>[\/et_pb_text][\/et_pb_column_inner][\/et_pb_row_inner][\/et_pb_column][et_pb_column type=&#8221;1_4&#8243;][et_pb_customEventMetaFields admin_label=&#8221;EsClaustre Camps Event&#8221; _builder_version=&#8221;3.0.51&#8243; location=&#8221;on&#8221; schedule=&#8221;on&#8221; price=&#8221;on&#8221; module_class=&#8221;appendTo_tribe-events-infoBlocks_landscape&#8221; \/][et_pb_button admin_label=&#8221;Button&#8221; _builder_version=&#8221;3.0.51&#8243; button_text=&#8221;Comprar&#8221; url_new_window=&#8221;on&#8221; button_alignment=&#8221;center&#8221; background_layout=&#8221;light&#8221; custom_button=&#8221;off&#8221; button_text_color=&#8221;#ffffff&#8221; button_bg_color=&#8221;#f92b44&#8243; button_border_width=&#8221;0&#8243; button_border_radius=&#8221;0&#8243; button_letter_spacing=&#8221;0&#8243; button_icon_placement=&#8221;right&#8221; button_letter_spacing_hover=&#8221;0&#8243; module_class=&#8221;btn-ticket appendTo_tribe-events-infoBlocks_landscape&#8221; \/][et_pb_customEventCategories admin_label=&#8221;Es Claustre Categories Event&#8221; _builder_version=&#8221;3.0.51&#8243; \/][et_pb_customEventTags admin_label=&#8221;Es Claustre Tags Event&#8221; _builder_version=&#8221;3.0.51&#8243; \/][\/et_pb_column][\/]<\/p>\n","protected":false},"excerpt":{"rendered":"<p>Les composiciones d&#8217;en Carles Viarn\u00e8ss arriben a Es Claustre.<\/p>\n","protected":false},"author":1,"featured_media":578,"template":"","meta":{"_acf_changed":false,"_tribe_events_status":"","_tribe_events_status_reason":"","_tribe_events_is_hybrid":"","_tribe_events_is_virtual":"","_tribe_events_virtual_video_source":"","_tribe_events_virtual_embed_video":"","_tribe_events_virtual_linked_button_text":"","_tribe_events_virtual_linked_button":"","_tribe_events_virtual_show_embed_at":"","_tribe_events_virtual_show_embed_to":[],"_tribe_events_virtual_show_on_event":"","_tribe_events_virtual_show_on_views":"","_tribe_events_virtual_url":"","footnotes":""},"tags":[],"tribe_events_cat":[107],"class_list":["post-1468","tribe_events","type-tribe_events","status-publish","has-post-thumbnail","hentry","tribe_events_cat-musica-en","cat_musica-en"],"acf":[],"_links":{"self":[{"href":"https:\/\/esclaustre.com\/en\/wp-json\/wp\/v2\/tribe_events\/1468","targetHints":{"allow":["GET"]}}],"collection":[{"href":"https:\/\/esclaustre.com\/en\/wp-json\/wp\/v2\/tribe_events"}],"about":[{"href":"https:\/\/esclaustre.com\/en\/wp-json\/wp\/v2\/types\/tribe_events"}],"author":[{"embeddable":true,"href":"https:\/\/esclaustre.com\/en\/wp-json\/wp\/v2\/users\/1"}],"version-history":[{"count":0,"href":"https:\/\/esclaustre.com\/en\/wp-json\/wp\/v2\/tribe_events\/1468\/revisions"}],"wp:featuredmedia":[{"embeddable":true,"href":"https:\/\/esclaustre.com\/en\/wp-json\/wp\/v2\/media\/578"}],"wp:attachment":[{"href":"https:\/\/esclaustre.com\/en\/wp-json\/wp\/v2\/media?parent=1468"}],"wp:term":[{"taxonomy":"post_tag","embeddable":true,"href":"https:\/\/esclaustre.com\/en\/wp-json\/wp\/v2\/tags?post=1468"},{"taxonomy":"tribe_events_cat","embeddable":true,"href":"https:\/\/esclaustre.com\/en\/wp-json\/wp\/v2\/tribe_events_cat?post=1468"}],"curies":[{"name":"wp","href":"https:\/\/api.w.org\/{rel}","templated":true}]}}

Carles Viarnès

<p>[ bb_built=&#8221;1&#8243; admin_label=&#8221;Section&#8221; fullwidth=&#8221;off&#8221; specialty=&#8221;on&#8221;][et_pb_column type=&#8221;3_4&#8243; specialty_columns=&#8221;3&#8243;][et_pb_row_inner admin_label=&#8221;Row&#8221; _builder_version=&#8221;3.0.51&#8243; background_position_1=&#8221;top_left&#8221; background_repeat_1=&#8221;no-repeat&#8221; module_class=&#8221;tribe-events-content__img&#8221;][et_pb_column_inner type=&#8221;4_4&#8243; saved_specialty_column_type=&#8221;3_4&#8243;][et_pb_image admin_label=&#8221;Image&#8221; _builder_version=&#8221;3.0.51&#8243; src=&#8221;https://esclaustre.com/wp-content/uploads/2017/06/Carles-Viarnés.jpg&#8221; show_in_lightbox=&#8221;off&#8221; url_new_window=&#8221;off&#8221; use_overlay=&#8221;off&#8221; sticky=&#8221;off&#8221; align=&#8221;left&#8221; always_center_on_mobile=&#8221;on&#8221; border_style=&#8221;solid&#8221; force_fullwidth=&#8221;off&#8221; /][/et_pb_column_inner][/et_pb_row_inner][et_pb_row_inner admin_label=&#8221;Row&#8221; _builder_version=&#8221;3.0.51&#8243; background_position_1=&#8221;top_left&#8221; background_repeat_1=&#8221;no-repeat&#8221; module_class=&#8221;tribe-events-content__content&#8221;][et_pb_column_inner type=&#8221;4_4&#8243; saved_specialty_column_type=&#8221;3_4&#8243;][et_pb_code admin_label=&#8221;Code&#8221; _builder_version=&#8221;3.0.51&#8243;][socialpug_share][/et_pb_code][et_pb_text admin_label=&#8221;Text&#8221; _builder_version=&#8221;3.0.51&#8243; background_layout=&#8221;light&#8221; text_orientation=&#8221;left&#8221; border_style=&#8221;solid&#8221;]</p>
<p>Pianista i compositor de formació eminentment clàssica. El seu bagatge estilístic és ampli, de Bach a Pärt, passant per Gorecki, Camarón, Davis o Haden, encara que la seva obra es centra estèticament en el terreny de la música contemporània i el minimalisme, amb tocs subtils de l’estètica electrònica i experimental actuals.</p>
<p>El seu procés natural de composició està influït en gran mesura per la improvisació i el piano contemporani de Peter Broderick, Goldmund o Nils Frahm. Les seves simples &#8216;peces per a piano&#8217;, evocadores i íntimes, amb els seus febles desenvolupaments, dibuixen uns paisatges lents, quasi estàtics.</p>
<p>En directe, <strong>Carles Viarnès</strong> es presenta auster però emotiu, capaç de crear ambients melancòlics i fràgils, amb diversos pianos fluint simultàniament, a través dels quals es trasllueix el ventall que va des dels passatges més cinematogràfics de E.S.T. o The Montgolfier Brothers fins a Flim.</p>
<p><a href="http://www.carlesviarnes.com" target="_blank" rel="noopener">www.carlesviarnes.com</a></p>
<p>[/et_pb_text][/et_pb_column_inner][/et_pb_row_inner][/et_pb_column][et_pb_column type=&#8221;1_4&#8243;][et_pb_customEventMetaFields admin_label=&#8221;EsClaustre Camps Event&#8221; _builder_version=&#8221;3.0.51&#8243; location=&#8221;on&#8221; schedule=&#8221;on&#8221; price=&#8221;on&#8221; module_class=&#8221;appendTo_tribe-events-infoBlocks_landscape&#8221; /][et_pb_button admin_label=&#8221;Button&#8221; _builder_version=&#8221;3.0.51&#8243; button_text=&#8221;Comprar&#8221; url_new_window=&#8221;on&#8221; button_alignment=&#8221;center&#8221; background_layout=&#8221;light&#8221; custom_button=&#8221;off&#8221; button_text_color=&#8221;#ffffff&#8221; button_bg_color=&#8221;#f92b44&#8243; button_border_width=&#8221;0&#8243; button_border_radius=&#8221;0&#8243; button_letter_spacing=&#8221;0&#8243; button_icon_placement=&#8221;right&#8221; button_letter_spacing_hover=&#8221;0&#8243; module_class=&#8221;btn-ticket appendTo_tribe-events-infoBlocks_landscape&#8221; /][et_pb_customEventCategories admin_label=&#8221;Es Claustre Categories Event&#8221; _builder_version=&#8221;3.0.51&#8243; /][et_pb_customEventTags admin_label=&#8221;Es Claustre Tags Event&#8221; _builder_version=&#8221;3.0.51&#8243; /][/et_pb_column][/]</p>

<p>Les composiciones d&#8217;en Carles Viarnèss arriben a Es Claustre.</p>
