{"id":14989,"date":"2022-06-14T06:10:20","date_gmt":"2022-06-14T06:10:20","guid":{"rendered":"https:\/\/esclaustre.com\/event\/oliva-trencada-copy\/"},"modified":"2022-06-14T08:10:59","modified_gmt":"2022-06-14T08:10:59","slug":"alex-ferreira","status":"publish","type":"tribe_events","link":"https:\/\/esclaustre.com\/en\/event\/alex-ferreira\/","title":{"rendered":"Alex Ferreira"},"content":{"rendered":"<p>[ bb_built=&#8221;1&#8243; fullwidth=&#8221;off&#8221; specialty=&#8221;on&#8221;][et_pb_column type=&#8221;3_4&#8243; specialty_columns=&#8221;3&#8243;][et_pb_row_inner admin_label=&#8221;Row&#8221; _builder_version=&#8221;3.0.51&#8243; background_position_1=&#8221;top_left&#8221; background_repeat_1=&#8221;no-repeat&#8221; module_class=&#8221;tribe-events-content__img&#8221;][et_pb_column_inner type=&#8221;4_4&#8243; saved_specialty_column_type=&#8221;3_4&#8243;][et_pb_image _builder_version=&#8221;3.0.64&#8243; show_in_lightbox=&#8221;off&#8221; url_new_window=&#8221;off&#8221; use_overlay=&#8221;off&#8221; sticky=&#8221;off&#8221; align=&#8221;left&#8221; always_center_on_mobile=&#8221;on&#8221; border_style=&#8221;solid&#8221; force_fullwidth=&#8221;off&#8221; src=&#8221;https:\/\/esclaustre.com\/wp-content\/uploads\/2022\/06\/ALEX_FERREIRA.jpg&#8221; \/][\/et_pb_column_inner][\/et_pb_row_inner][et_pb_row_inner admin_label=&#8221;Row&#8221; _builder_version=&#8221;3.0.51&#8243; background_position_1=&#8221;top_left&#8221; background_repeat_1=&#8221;no-repeat&#8221; module_class=&#8221;tribe-events-content__content&#8221;][et_pb_column_inner type=&#8221;4_4&#8243; saved_specialty_column_type=&#8221;3_4&#8243;][et_pb_code _builder_version=&#8221;3.0.51&#8243;][socialpug_share][\/et_pb_code][et_pb_text _builder_version=&#8221;3.0.64&#8243; background_layout=&#8221;light&#8221; text_orientation=&#8221;left&#8221; border_style=&#8221;solid&#8221;]<\/p>\n<h2><strong>\u00abAlex Ferreira\u00bb explorador de nous camins per la can\u00e7\u00f3.<\/strong><\/h2>\n<p>El cantautor dominic\u00e0 s&#8217;apropa a Menorca, a l&#8217;escenari d&#8217;Es Claustre per presentar-nos les can\u00e7ons del seu darrer disc <strong>\u00abEn Lo Que Llega La Primavera\u00bb<\/strong> i d&#8217;altres \u00e8xits del seu repertori tant reconeguts com els discs de <strong>\u00abTANDA\u00bb<\/strong> y <strong>\u00abCanap\u00e9\u00bb<\/strong> en un concert en ac\u00fastic\u00a0molt especial.<\/p>\n<p>&#8220;Si pudiera definir la m\u00fasica de <span style=\"color: #000000;\"><strong>Alex Ferreira<\/strong><\/span>, dir\u00eda que es un c\u00e1lido abrazo para el alma. Su nuevo \u00e1lbum no es la excepci\u00f3n, es ese rubor en la mejilla que te da cuando escuchas un piropo o cuando te pega un sol de 30 grados, es algo similar cuando escuchas la\u00a0voz y el sentimiento del artista dominicano que, pareciera m\u00e1s mexicano \u00faltimamente&#8230;\u201d \u2014 Gisela Terrazas (<strong>IndieRocks!<\/strong>) &#8221;<\/p>\n<p>Ya sea que est\u00e9 sosteniendo una guitarra ac\u00fastica o agachado sobre un sintetizador, el cantautor dominicano Alex Ferreira se inspira en el tipo de balada latina de la vieja escuela que permite una generosa efusi\u00f3n de sentimientos. Aunque en el fondo es un\u00a0rom\u00e1ntico cl\u00e1sico, se deleita en su propia necesidad hiperactiva de experimentar, lo que le ha permitido construir un cat\u00e1logo salvajemente ecl\u00e9ctico. Sus \u00e1lbumes en solitario y proyectos colaborativos presentan canciones que incursionan en una variedad de ritmos\u00a0bailables de <strong>bachata, merengue, electro-pop y folk<\/strong>. \u2014 Julyssa Lopez (<strong>The New Yorker<\/strong>).<\/p>\n<p>&nbsp;<\/p>\n<p><iframe title=\"YouTube video player\" src=\"https:\/\/www.youtube.com\/embed\/jBSXWFqKLGA\" width=\"560\" height=\"315\" frameborder=\"0\" allowfullscreen=\"allowfullscreen\"><\/iframe><\/p>\n<p>[\/et_pb_text][\/et_pb_column_inner][\/et_pb_row_inner][\/et_pb_column][et_pb_column type=&#8221;1_4&#8243;][et_pb_customEventMetaFields admin_label=&#8221;EsClaustre Camps Event&#8221; _builder_version=&#8221;3.0.51&#8243; location=&#8221;on&#8221; schedule=&#8221;on&#8221; price=&#8221;on&#8221; module_class=&#8221;appendTo_tribe-events-infoBlocks_landscape&#8221; \/][et_pb_button _builder_version=&#8221;3.0.64&#8243; button_text=&#8221;BUY TICKETS&#8221; url_new_window=&#8221;on&#8221; button_alignment=&#8221;center&#8221; background_layout=&#8221;light&#8221; custom_button=&#8221;off&#8221; button_text_color=&#8221;#ffffff&#8221; button_bg_color=&#8221;#f92b44&#8243; button_border_width=&#8221;0&#8243; button_border_radius=&#8221;0&#8243; button_letter_spacing=&#8221;0&#8243; button_icon_placement=&#8221;right&#8221; button_letter_spacing_hover=&#8221;0&#8243; module_class=&#8221;btn-ticket appendTo_tribe-events-infoBlocks_landscape&#8221; button_url=&#8221;https:\/\/entradas.codetickets.com\/entradas\/alex-fereira\/28707\/esclaustre\/online?lang=en_GB&#8221; \/][et_pb_customEventCategories _builder_version=&#8221;3.0.51&#8243; \/][et_pb_customEventTags _builder_version=&#8221;3.0.51&#8243; \/][\/et_pb_column][\/]<\/p>\n","protected":false},"excerpt":{"rendered":"<p>\u00abAlex Ferreira\u00bb explorador de nous camins per la can\u00e7\u00f3. El cantautor dominic\u00e0 s&#8217;apropa a Menorca, a l&#8217;escenari d&#8217;Es Claustre per presentar-nos les can\u00e7ons del seu darrer disc &#8220;En Lo Que Llega La Primavera&#8221; i d&#8217;altres \u00e8xits del seu repertori tant reconeguts com els discs de &#8220;TANDA&#8221; y &#8220;Canap\u00e9&#8221; en un concert en ac\u00fastic molt especial.<\/p>\n","protected":false},"author":1,"featured_media":14987,"template":"","meta":{"_acf_changed":false,"_tribe_events_status":"","_tribe_events_status_reason":"","_tribe_events_is_hybrid":"","_tribe_events_is_virtual":"","_tribe_events_virtual_video_source":"","_tribe_events_virtual_embed_video":"","_tribe_events_virtual_linked_button_text":"","_tribe_events_virtual_linked_button":"","_tribe_events_virtual_show_embed_at":"","_tribe_events_virtual_show_embed_to":[],"_tribe_events_virtual_show_on_event":"","_tribe_events_virtual_show_on_views":"","_tribe_events_virtual_url":"","footnotes":""},"tags":[122,2899,2123,2900,2901],"tribe_events_cat":[1423,107],"class_list":["post-14989","tribe_events","type-tribe_events","status-publish","has-post-thumbnail","hentry","tag-canco-en","tag-en-lo-que-llega-la-primavera-en","tag-llatinoamerica-en","tag-mexic-en","tag-republica-dominicana-en","tribe_events_cat-agenda-menorca-en","tribe_events_cat-musica-en","cat_agenda-menorca-en","cat_musica-en"],"acf":[],"_links":{"self":[{"href":"https:\/\/esclaustre.com\/en\/wp-json\/wp\/v2\/tribe_events\/14989","targetHints":{"allow":["GET"]}}],"collection":[{"href":"https:\/\/esclaustre.com\/en\/wp-json\/wp\/v2\/tribe_events"}],"about":[{"href":"https:\/\/esclaustre.com\/en\/wp-json\/wp\/v2\/types\/tribe_events"}],"author":[{"embeddable":true,"href":"https:\/\/esclaustre.com\/en\/wp-json\/wp\/v2\/users\/1"}],"version-history":[{"count":0,"href":"https:\/\/esclaustre.com\/en\/wp-json\/wp\/v2\/tribe_events\/14989\/revisions"}],"wp:featuredmedia":[{"embeddable":true,"href":"https:\/\/esclaustre.com\/en\/wp-json\/wp\/v2\/media\/14987"}],"wp:attachment":[{"href":"https:\/\/esclaustre.com\/en\/wp-json\/wp\/v2\/media?parent=14989"}],"wp:term":[{"taxonomy":"post_tag","embeddable":true,"href":"https:\/\/esclaustre.com\/en\/wp-json\/wp\/v2\/tags?post=14989"},{"taxonomy":"tribe_events_cat","embeddable":true,"href":"https:\/\/esclaustre.com\/en\/wp-json\/wp\/v2\/tribe_events_cat?post=14989"}],"curies":[{"name":"wp","href":"https:\/\/api.w.org\/{rel}","templated":true}]}}

<p>[ bb_built=&#8221;1&#8243; fullwidth=&#8221;off&#8221; specialty=&#8221;on&#8221;][et_pb_column type=&#8221;3_4&#8243; specialty_columns=&#8221;3&#8243;][et_pb_row_inner admin_label=&#8221;Row&#8221; _builder_version=&#8221;3.0.51&#8243; background_position_1=&#8221;top_left&#8221; background_repeat_1=&#8221;no-repeat&#8221; module_class=&#8221;tribe-events-content__img&#8221;][et_pb_column_inner type=&#8221;4_4&#8243; saved_specialty_column_type=&#8221;3_4&#8243;][et_pb_image _builder_version=&#8221;3.0.64&#8243; show_in_lightbox=&#8221;off&#8221; url_new_window=&#8221;off&#8221; use_overlay=&#8221;off&#8221; sticky=&#8221;off&#8221; align=&#8221;left&#8221; always_center_on_mobile=&#8221;on&#8221; border_style=&#8221;solid&#8221; force_fullwidth=&#8221;off&#8221; src=&#8221;https://esclaustre.com/wp-content/uploads/2022/06/ALEX_FERREIRA.jpg&#8221; /][/et_pb_column_inner][/et_pb_row_inner][et_pb_row_inner admin_label=&#8221;Row&#8221; _builder_version=&#8221;3.0.51&#8243; background_position_1=&#8221;top_left&#8221; background_repeat_1=&#8221;no-repeat&#8221; module_class=&#8221;tribe-events-content__content&#8221;][et_pb_column_inner type=&#8221;4_4&#8243; saved_specialty_column_type=&#8221;3_4&#8243;][et_pb_code _builder_version=&#8221;3.0.51&#8243;][socialpug_share][/et_pb_code][et_pb_text _builder_version=&#8221;3.0.64&#8243; background_layout=&#8221;light&#8221; text_orientation=&#8221;left&#8221; border_style=&#8221;solid&#8221;]</p>
<h2><strong>«Alex Ferreira» explorador de nous camins per la cançó.</strong></h2>
<p>El cantautor dominicà s&#8217;apropa a Menorca, a l&#8217;escenari d&#8217;Es Claustre per presentar-nos les cançons del seu darrer disc <strong>«En Lo Que Llega La Primavera»</strong> i d&#8217;altres èxits del seu repertori tant reconeguts com els discs de <strong>«TANDA»</strong> y <strong>«Canapé»</strong> en un concert en acústic molt especial.</p>
<p>&#8220;Si pudiera definir la música de <span style="color: #000000;"><strong>Alex Ferreira</strong></span>, diría que es un cálido abrazo para el alma. Su nuevo álbum no es la excepción, es ese rubor en la mejilla que te da cuando escuchas un piropo o cuando te pega un sol de 30 grados, es algo similar cuando escuchas la voz y el sentimiento del artista dominicano que, pareciera más mexicano últimamente&#8230;” — Gisela Terrazas (<strong>IndieRocks!</strong>) &#8221;</p>
<p>Ya sea que esté sosteniendo una guitarra acústica o agachado sobre un sintetizador, el cantautor dominicano Alex Ferreira se inspira en el tipo de balada latina de la vieja escuela que permite una generosa efusión de sentimientos. Aunque en el fondo es un romántico clásico, se deleita en su propia necesidad hiperactiva de experimentar, lo que le ha permitido construir un catálogo salvajemente ecléctico. Sus álbumes en solitario y proyectos colaborativos presentan canciones que incursionan en una variedad de ritmos bailables de <strong>bachata, merengue, electro-pop y folk</strong>. — Julyssa Lopez (<strong>The New Yorker</strong>).</p>
<p>&nbsp;</p>
<p><iframe title="YouTube video player" src="https://www.youtube.com/embed/jBSXWFqKLGA" width="560" height="315" frameborder="0" allowfullscreen="allowfullscreen"></iframe></p>
<p>[/et_pb_text][/et_pb_column_inner][/et_pb_row_inner][/et_pb_column][et_pb_column type=&#8221;1_4&#8243;][et_pb_customEventMetaFields admin_label=&#8221;EsClaustre Camps Event&#8221; _builder_version=&#8221;3.0.51&#8243; location=&#8221;on&#8221; schedule=&#8221;on&#8221; price=&#8221;on&#8221; module_class=&#8221;appendTo_tribe-events-infoBlocks_landscape&#8221; /][et_pb_button _builder_version=&#8221;3.0.64&#8243; button_text=&#8221;BUY TICKETS&#8221; url_new_window=&#8221;on&#8221; button_alignment=&#8221;center&#8221; background_layout=&#8221;light&#8221; custom_button=&#8221;off&#8221; button_text_color=&#8221;#ffffff&#8221; button_bg_color=&#8221;#f92b44&#8243; button_border_width=&#8221;0&#8243; button_border_radius=&#8221;0&#8243; button_letter_spacing=&#8221;0&#8243; button_icon_placement=&#8221;right&#8221; button_letter_spacing_hover=&#8221;0&#8243; module_class=&#8221;btn-ticket appendTo_tribe-events-infoBlocks_landscape&#8221; button_url=&#8221;https://entradas.codetickets.com/entradas/alex-fereira/28707/esclaustre/online?lang=en_GB&#8221; /][et_pb_customEventCategories _builder_version=&#8221;3.0.51&#8243; /][et_pb_customEventTags _builder_version=&#8221;3.0.51&#8243; /][/et_pb_column][/]</p>

<p>«Alex Ferreira» explorador de nous camins per la cançó. El cantautor dominicà s&#8217;apropa a Menorca, a l&#8217;escenari d&#8217;Es Claustre per presentar-nos les cançons del seu darrer disc &#8220;En Lo Que Llega La Primavera&#8221; i d&#8217;altres èxits del seu repertori tant reconeguts com els discs de &#8220;TANDA&#8221; y &#8220;Canapé&#8221; en un concert en acústic molt especial.</p>
