{"id":15491,"date":"2022-07-04T20:22:35","date_gmt":"2022-07-04T20:22:35","guid":{"rendered":"https:\/\/esclaustre.com\/event\/mil-incendis-copy\/"},"modified":"2022-07-11T13:26:06","modified_gmt":"2022-07-11T13:26:06","slug":"simfonies-de-ciutat","status":"publish","type":"tribe_events","link":"https:\/\/esclaustre.com\/en\/event\/simfonies-de-ciutat\/","title":{"rendered":"Simfonies de ciutat"},"content":{"rendered":"<p>[ bb_built=&#8221;1&#8243; admin_label=&#8221;section&#8221; module_class=&#8221;eventPost__vertical&#8221; _builder_version=&#8221;3.0.51&#8243;][et_pb_row admin_label=&#8221;row&#8221; make_equal=&#8221;on&#8221; background_position_1=&#8221;top_left&#8221; background_position_2=&#8221;top_left&#8221; background_repeat_1=&#8221;no-repeat&#8221; background_repeat_2=&#8221;no-repeat&#8221; module_class_1=&#8221;eventPost__vertical__img&#8221; module_class_2=&#8221;eventPost__vertical__img_content&#8221; _builder_version=&#8221;3.0.51&#8243; background_size=&#8221;initial&#8221; background_position=&#8221;top_left&#8221; background_repeat=&#8221;repeat&#8221;][et_pb_column type=&#8221;1_2&#8243;][et_pb_image sticky=&#8221;on&#8221; _builder_version=&#8221;3.0.64&#8243; show_in_lightbox=&#8221;off&#8221; url_new_window=&#8221;off&#8221; use_overlay=&#8221;off&#8221; align=&#8221;left&#8221; always_center_on_mobile=&#8221;on&#8221; border_style=&#8221;solid&#8221; force_fullwidth=&#8221;off&#8221; src=&#8221;https:\/\/esclaustre.com\/wp-content\/uploads\/2022\/07\/SIMFONIES_DE_CIUTAT.jpg&#8221; \/][\/et_pb_column][et_pb_column type=&#8221;1_2&#8243;][et_pb_customEventMetaFields location=&#8221;on&#8221; schedule=&#8221;on&#8221; price=&#8221;on&#8221; _builder_version=&#8221;3.0.64&#8243;]<\/p>\n<div class=\"wrapper_tribe-events-infoBlock\">\n<dl class=\"tribe-events-infoBlock et_pb_customEventMetaFields_1\">\n<dt class=\"tribe-events-infoBlock__label\">Lloc<\/dt>\n<dd class=\"tribe-events-infoBlock__field\"><\/dd>\n<\/dl>\n<dl class=\"tribe-events-infoBlock et_pb_customEventMetaFields_1\">\n<dt class=\"tribe-events-infoBlock__label\">Horari<\/dt>\n<dd class=\"tribe-events-infoBlock__field\">H<\/dd>\n<\/dl>\n<dl class=\"tribe-events-infoBlock et_pb_customEventMetaFields_1\">\n<dt class=\"tribe-events-infoBlock__label\">Preu<\/dt>\n<dd class=\"tribe-events-infoBlock__field\"><\/dd>\n<\/dl>\n<p><a class=\"tribe-events-infoBlock_addCAlendar\" href=\"https:\/\/esclaustre.com\/agenda\/?ical=1\">Afegir al calendari<\/a><\/p>\n<\/div>\n<p>[\/et_pb_customEventMetaFields][et_pb_button _builder_version=&#8221;3.0.64&#8243; button_text=&#8221;ENTRADES&#8221; button_url=&#8221;https:\/\/entradas.codetickets.com\/entradas\/esclaustre&#8221; url_new_window=&#8221;off&#8221; button_alignment=&#8221;center&#8221; background_layout=&#8221;light&#8221; custom_button=&#8221;off&#8221; button_letter_spacing=&#8221;0&#8243; button_icon_placement=&#8221;right&#8221; button_letter_spacing_hover=&#8221;0&#8243; module_class=&#8221;btn-ticket appendTo_tribe-events-infoBlocks_landscape&#8221; \/][et_pb_customEventTags _builder_version=&#8221;3.0.51&#8243; \/][et_pb_text admin_label=&#8221;Dades generals de la pelicula&#8221; module_class=&#8221;postEvent_cine__block&#8221; _builder_version=&#8221;3.0.64&#8243; background_layout=&#8221;light&#8221; text_orientation=&#8221;left&#8221; border_style=&#8221;solid&#8221;]<\/p>\n<h1><span style=\"color: #000000;\">SINFONIES DE CIUTAT<\/span><\/h1>\n<h3 class=\"mt-4 font-condensed-48 text-2xl xs:text-3xl md:text-2xl 2xl:text-3xl tracking-tight leading-none\"><strong><span class=\"\">Eva Murgui, Carme Puche, Carolina Astudillo, Raquel Barrera, Col\u00b7lectiu La Selva, Beatriz P\u00e9rez i Meritxell Colell Aparicio<\/span><\/strong><\/h3>\n<p class=\"tit fusion-responsive-typography-calculated\" data-fontsize=\"46\" data-lineheight=\"41px\"><span style=\"color: #000000;\">VO subtitulada en catal\u00e0<\/span><\/p>\n<div>\n<div class=\"page\" title=\"Page 1\">\n<div class=\"section\">\n<div class=\"layoutArea\">\n<div class=\"column\">\n<p><strong>2022<\/strong>, 138 min. Espanya.<\/p>\n<p>Col\u00b7labora: <a href=\"https:\/\/www.cccb.org\/ca\" target=\"_blank\" rel=\"noopener\"><strong>Centre de Cultura Contempora\u0300nia de Barcelona<\/strong><\/a><\/p>\n<\/div>\n<\/div>\n<\/div>\n<\/div>\n<\/div>\n<div><\/div>\n<p>&nbsp;<\/p>\n<div><\/div>\n<p>[\/et_pb_text][et_pb_customEventCategories admin_label=&#8221;Categories&#8221; _builder_version=&#8221;3.0.64&#8243; \/][et_pb_customEventTags admin_label=&#8221;Tags&#8221; _builder_version=&#8221;3.0.64&#8243; \/][et_pb_text admin_label=&#8221;Premis + Link Trailer&#8221; module_class=&#8221;postEvent_cine__block&#8221; _builder_version=&#8221;3.0.64&#8243; background_layout=&#8221;light&#8221; text_orientation=&#8221;left&#8221; border_style=&#8221;solid&#8221;]<\/p>\n<div class=\"lg:w-1\/2 mb-10 flex\">\n<div class=\"flex-none\"><\/div>\n<\/div>\n<p><a class=\"postEvent_cine__filmLink\" href=\"https:\/\/youtu.be\/G_ZzOsYsLcc\" target=\"_blank\" rel=\"noopener noreferrer\">Veure Trailer<\/a><\/p>\n<p>&nbsp;<\/p>\n<p>[\/et_pb_text][et_pb_code admin_label=&#8221;Compartir&#8221; module_class=&#8221;postEvent_cine__block__Share&#8221; _builder_version=&#8221;3.0.64&#8243;][socialpug_share][\/et_pb_code][\/et_pb_column][\/et_pb_row][et_pb_row][et_pb_column type=&#8221;2_3&#8243;][et_pb_text _builder_version=&#8221;3.0.64&#8243; background_layout=&#8221;light&#8221; text_orientation=&#8221;left&#8221; border_style=&#8221;solid&#8221;]<\/p>\n<h3 class=\"postEvent_content__titleh3\">SINOPSIS<\/h3>\n<div class=\"page\" title=\"Page 1\">\n<div class=\"layoutArea\">\n<div class=\"column\">\n<div class=\"lead\">\n<p><span style=\"color: #000000;\"><strong>Com s\u00f3n les ciutats d\u2019avui? I qu\u00e8 ens en pot revelar la mirada de les cineastes?<\/strong><\/span><\/p>\n<\/div>\n<p>Simfonies de ciutat pret\u00e9n veure i analitzar l\u2019espai urb\u00e0 a trav\u00e9s dels itineraris personals de diferents cineastes, crear una col\u00b7lecci\u00f3 de peces audiovisuals que donin testimoni de les ciutats de principis del segle XXI.<\/p>\n<p><strong>Simfonies de ciutat<\/strong> recull el testimoni de totes aquestes obres, i es planteja amb un tractament a manera de diari en primera persona, un quadern d\u2019anotacions on la cineasta recull reflexions i emocions sobre la seva ciutat. Cada pe\u00e7a t\u00e9 una mirada diferent: voyeur\u00edstica, po\u00e8tica, ir\u00f2nica&#8230; i dona peu a reflexionar sobre temes universals com el temps, la quotidianitat, la destrucci\u00f3 o construcci\u00f3 dels espais, els no-llocs, etc. Diverses percepcions de la ciutat que suggereixen de manera creativa m\u00faltiples perspectives de viure la ciutat actual.<\/p>\n<p>En la primera s\u00e8rie, es presenten <strong>set cineastes<\/strong>, que han filmat Barcelona i altres ciutats de l\u2019\u00e0rea metropolitana. La selecci\u00f3 s\u2019ha fet donant veu tant a cineastes consolidades com emergents, i treballant en col\u00b7laboraci\u00f3 amb el col\u00b7lectiu professional <strong>Dones Visuals<\/strong>.<\/p>\n<p><strong><em>La ciutat a la vora<\/em><\/strong>, Meritxell Colell, Espanya, 2022, 52&#8242;, VO en catal\u00e0<\/p>\n<p><strong><em>Minshara<\/em><\/strong>, Carme Puche, Espanya, 2022, 20&#8217;46&#8221;, VO en catal\u00e0<\/p>\n<p><strong><em>Esa fugaz esencia que dejaron los sucesos<\/em><\/strong>, Carolina Astudillo, Espanya, 2022, 12&#8242;, VO en castell\u00e0<\/p>\n<p><strong><em>Pineda&#8217;92<\/em><\/strong>, Raquel Barrera, Espanya, 2022, 10&#8217;21&#8221;, VO en catal\u00e0<\/p>\n<p><strong><em>Disonar<\/em><\/strong>, col\u00b7lectiu La Selva, Espanya, 2022, 12&#8217;28&#8221;, VO en castell\u00e0<\/p>\n<p><strong><em>Amalgama<\/em><\/strong>, Beatriz P\u00e9rez, Espanya, 2022, 22&#8242;, VO en castell\u00e0<\/p>\n<p><strong><em>Sat\u00e9lites<\/em><\/strong>, Eva Murgui, Espanya, 2022, 12&#8217;30&#8221;, VOSC<\/p>\n<p>&nbsp;<\/p>\n<p>Col\u00b7labora: <span style=\"color: #000000;\"><span style=\"caret-color: #000000;\"><a href=\"https:\/\/www.cccb.org\/ca\" target=\"_blank\" rel=\"noopener\"><b>Centre de Cultura Contempor\u00e0nia <\/b><\/a>i <a href=\"http:\/\/www.esclaustre.cat\" target=\"_blank\" rel=\"noopener\"><b>Es Claustre<\/b><\/a><\/span><\/span><\/p>\n<p>&nbsp;<\/p>\n<\/div>\n<\/div>\n<\/div>\n<p><strong>CICLE DE CINEMA INTERCULTURAL<\/strong>.\u00a0Aquest cicle de cinema vol posar en valor la diversitat cultural i promoure les relacions interculturals, com a forma de complir el nov\u00e8 dels compromisos pels quals la ciutat de Ma\u00f3 forma part de la Coalici\u00f3 Europea Contra el Racisme.<\/p>\n<p>Cicle documental amb el suport de la Regidoria de Pol\u00edtica Ling\u00fc\u00edstica de l&#8217;<a href=\"http:\/\/www.ajmao.org\" target=\"_blank\" rel=\"noopener\">Ajuntament de Ma\u00f3<\/a>.<\/p>\n<p>[\/et_pb_text][\/et_pb_column][et_pb_column type=&#8221;1_3&#8243;][et_pb_text admin_label=&#8221;Fitxa t\u00e8cnica&#8221; module_class=&#8221;postEvent_content__technicalData&#8221; _builder_version=&#8221;3.0.64&#8243; background_layout=&#8221;light&#8221; text_orientation=&#8221;left&#8221; border_style=&#8221;solid&#8221;]<\/p>\n<h4><\/h4>\n<div class=\"feature\">\n<div class=\"mb-8 md:mb-10 2xl:mb-12 font-extended xl:text-lg 3xl:text-xl tracking-tight leading-none\">\n<div class=\"xs:pr-2 mt-1 text-2sm 3xl:text-sm font-mono leading-snug\"><\/div>\n<\/div>\n<div class=\"xs:flex flex-wrap items-baseline max-w-lg -mb-6\">\n<div class=\"max-w-xs mb-6 xs:w-1\/2\"><\/div>\n<div class=\"xs:w-1\/2 max-w-xs mb-6\">\n<div class=\"xs:pr-2 mt-1 text-2sm 3xl:text-sm font-mono leading-snug\"><\/div>\n<\/div>\n<\/div>\n<\/div>\n<p>&nbsp;<\/p>\n<p>&nbsp;<\/p>\n<p>[\/et_pb_text][\/et_pb_column][\/et_pb_row][\/]<\/p>\n","protected":false},"excerpt":{"rendered":"<p>[CINEMA: MIRADES] El documental cada dilluns Es Claustre: Sinfonies de Ciutat. Pret\u00e9n veure i analitzar l\u2019espai urb\u00e0 a trav\u00e9s dels itineraris personals de diferents cineastes, crear una col\u00b7lecci\u00f3 de peces audiovisuals que donin testimoni de les ciutats de principis del segle XXI. <\/p>\n","protected":false},"author":1,"featured_media":15486,"template":"","meta":{"_acf_changed":false,"_tribe_events_status":"","_tribe_events_status_reason":"","_tribe_events_is_hybrid":"","_tribe_events_is_virtual":"","_tribe_events_virtual_video_source":"","_tribe_events_virtual_embed_video":"","_tribe_events_virtual_linked_button_text":"","_tribe_events_virtual_linked_button":"","_tribe_events_virtual_show_embed_at":"","_tribe_events_virtual_show_embed_to":[],"_tribe_events_virtual_show_on_event":"","_tribe_events_virtual_show_on_views":"","_tribe_events_virtual_url":"","footnotes":""},"tags":[762,3053,3042,3043,3044,3045,3046],"tribe_events_cat":[116],"class_list":["post-15491","tribe_events","type-tribe_events","status-publish","has-post-thumbnail","hentry","tag-barcelona-en","tag-cccb-en","tag-ciutats-en","tag-convivencia-social-en","tag-dones-cineastes-en","tag-espai-urba-en","tag-espais-intims-en","tribe_events_cat-cinema-en","cat_cinema-en"],"acf":[],"_links":{"self":[{"href":"https:\/\/esclaustre.com\/en\/wp-json\/wp\/v2\/tribe_events\/15491","targetHints":{"allow":["GET"]}}],"collection":[{"href":"https:\/\/esclaustre.com\/en\/wp-json\/wp\/v2\/tribe_events"}],"about":[{"href":"https:\/\/esclaustre.com\/en\/wp-json\/wp\/v2\/types\/tribe_events"}],"author":[{"embeddable":true,"href":"https:\/\/esclaustre.com\/en\/wp-json\/wp\/v2\/users\/1"}],"version-history":[{"count":0,"href":"https:\/\/esclaustre.com\/en\/wp-json\/wp\/v2\/tribe_events\/15491\/revisions"}],"wp:featuredmedia":[{"embeddable":true,"href":"https:\/\/esclaustre.com\/en\/wp-json\/wp\/v2\/media\/15486"}],"wp:attachment":[{"href":"https:\/\/esclaustre.com\/en\/wp-json\/wp\/v2\/media?parent=15491"}],"wp:term":[{"taxonomy":"post_tag","embeddable":true,"href":"https:\/\/esclaustre.com\/en\/wp-json\/wp\/v2\/tags?post=15491"},{"taxonomy":"tribe_events_cat","embeddable":true,"href":"https:\/\/esclaustre.com\/en\/wp-json\/wp\/v2\/tribe_events_cat?post=15491"}],"curies":[{"name":"wp","href":"https:\/\/api.w.org\/{rel}","templated":true}]}}

<p>[ bb_built=&#8221;1&#8243; admin_label=&#8221;section&#8221; module_class=&#8221;eventPost__vertical&#8221; _builder_version=&#8221;3.0.51&#8243;][et_pb_row admin_label=&#8221;row&#8221; make_equal=&#8221;on&#8221; background_position_1=&#8221;top_left&#8221; background_position_2=&#8221;top_left&#8221; background_repeat_1=&#8221;no-repeat&#8221; background_repeat_2=&#8221;no-repeat&#8221; module_class_1=&#8221;eventPost__vertical__img&#8221; module_class_2=&#8221;eventPost__vertical__img_content&#8221; _builder_version=&#8221;3.0.51&#8243; background_size=&#8221;initial&#8221; background_position=&#8221;top_left&#8221; background_repeat=&#8221;repeat&#8221;][et_pb_column type=&#8221;1_2&#8243;][et_pb_image sticky=&#8221;on&#8221; _builder_version=&#8221;3.0.64&#8243; show_in_lightbox=&#8221;off&#8221; url_new_window=&#8221;off&#8221; use_overlay=&#8221;off&#8221; align=&#8221;left&#8221; always_center_on_mobile=&#8221;on&#8221; border_style=&#8221;solid&#8221; force_fullwidth=&#8221;off&#8221; src=&#8221;https://esclaustre.com/wp-content/uploads/2022/07/SIMFONIES_DE_CIUTAT.jpg&#8221; /][/et_pb_column][et_pb_column type=&#8221;1_2&#8243;][et_pb_customEventMetaFields location=&#8221;on&#8221; schedule=&#8221;on&#8221; price=&#8221;on&#8221; _builder_version=&#8221;3.0.64&#8243;]</p>
<div class="wrapper_tribe-events-infoBlock">
<dl class="tribe-events-infoBlock et_pb_customEventMetaFields_1">
<dt class="tribe-events-infoBlock__label">Lloc</dt>
<dd class="tribe-events-infoBlock__field"></dd>
</dl>
<dl class="tribe-events-infoBlock et_pb_customEventMetaFields_1">
<dt class="tribe-events-infoBlock__label">Horari</dt>
<dd class="tribe-events-infoBlock__field">H</dd>
</dl>
<dl class="tribe-events-infoBlock et_pb_customEventMetaFields_1">
<dt class="tribe-events-infoBlock__label">Preu</dt>
<dd class="tribe-events-infoBlock__field"></dd>
</dl>
<p><a class="tribe-events-infoBlock_addCAlendar" href="https://esclaustre.com/agenda/?ical=1">Afegir al calendari</a></p>
</div>
<p>[/et_pb_customEventMetaFields][et_pb_button _builder_version=&#8221;3.0.64&#8243; button_text=&#8221;ENTRADES&#8221; button_url=&#8221;https://entradas.codetickets.com/entradas/esclaustre&#8221; url_new_window=&#8221;off&#8221; button_alignment=&#8221;center&#8221; background_layout=&#8221;light&#8221; custom_button=&#8221;off&#8221; button_letter_spacing=&#8221;0&#8243; button_icon_placement=&#8221;right&#8221; button_letter_spacing_hover=&#8221;0&#8243; module_class=&#8221;btn-ticket appendTo_tribe-events-infoBlocks_landscape&#8221; /][et_pb_customEventTags _builder_version=&#8221;3.0.51&#8243; /][et_pb_text admin_label=&#8221;Dades generals de la pelicula&#8221; module_class=&#8221;postEvent_cine__block&#8221; _builder_version=&#8221;3.0.64&#8243; background_layout=&#8221;light&#8221; text_orientation=&#8221;left&#8221; border_style=&#8221;solid&#8221;]</p>
<h1><span style="color: #000000;">SINFONIES DE CIUTAT</span></h1>
<h3 class="mt-4 font-condensed-48 text-2xl xs:text-3xl md:text-2xl 2xl:text-3xl tracking-tight leading-none"><strong><span class="">Eva Murgui, Carme Puche, Carolina Astudillo, Raquel Barrera, Col·lectiu La Selva, Beatriz Pérez i Meritxell Colell Aparicio</span></strong></h3>
<p class="tit fusion-responsive-typography-calculated" data-fontsize="46" data-lineheight="41px"><span style="color: #000000;">VO subtitulada en català</span></p>
<div>
<div class="page" title="Page 1">
<div class="section">
<div class="layoutArea">
<div class="column">
<p><strong>2022</strong>, 138 min. Espanya.</p>
<p>Col·labora: <a href="https://www.cccb.org/ca" target="_blank" rel="noopener"><strong>Centre de Cultura Contemporània de Barcelona</strong></a></p>
</div>
</div>
</div>
</div>
</div>
<div></div>
<p>&nbsp;</p>
<div></div>
<p>[/et_pb_text][et_pb_customEventCategories admin_label=&#8221;Categories&#8221; _builder_version=&#8221;3.0.64&#8243; /][et_pb_customEventTags admin_label=&#8221;Tags&#8221; _builder_version=&#8221;3.0.64&#8243; /][et_pb_text admin_label=&#8221;Premis + Link Trailer&#8221; module_class=&#8221;postEvent_cine__block&#8221; _builder_version=&#8221;3.0.64&#8243; background_layout=&#8221;light&#8221; text_orientation=&#8221;left&#8221; border_style=&#8221;solid&#8221;]</p>
<div class="lg:w-1/2 mb-10 flex">
<div class="flex-none"></div>
</div>
<p><a class="postEvent_cine__filmLink" href="https://youtu.be/G_ZzOsYsLcc" target="_blank" rel="noopener noreferrer">Veure Trailer</a></p>
<p>&nbsp;</p>
<p>[/et_pb_text][et_pb_code admin_label=&#8221;Compartir&#8221; module_class=&#8221;postEvent_cine__block__Share&#8221; _builder_version=&#8221;3.0.64&#8243;][socialpug_share][/et_pb_code][/et_pb_column][/et_pb_row][et_pb_row][et_pb_column type=&#8221;2_3&#8243;][et_pb_text _builder_version=&#8221;3.0.64&#8243; background_layout=&#8221;light&#8221; text_orientation=&#8221;left&#8221; border_style=&#8221;solid&#8221;]</p>
<h3 class="postEvent_content__titleh3">SINOPSIS</h3>
<div class="page" title="Page 1">
<div class="layoutArea">
<div class="column">
<div class="lead">
<p><span style="color: #000000;"><strong>Com són les ciutats d’avui? I què ens en pot revelar la mirada de les cineastes?</strong></span></p>
</div>
<p>Simfonies de ciutat pretén veure i analitzar l’espai urbà a través dels itineraris personals de diferents cineastes, crear una col·lecció de peces audiovisuals que donin testimoni de les ciutats de principis del segle XXI.</p>
<p><strong>Simfonies de ciutat</strong> recull el testimoni de totes aquestes obres, i es planteja amb un tractament a manera de diari en primera persona, un quadern d’anotacions on la cineasta recull reflexions i emocions sobre la seva ciutat. Cada peça té una mirada diferent: voyeurística, poètica, irònica&#8230; i dona peu a reflexionar sobre temes universals com el temps, la quotidianitat, la destrucció o construcció dels espais, els no-llocs, etc. Diverses percepcions de la ciutat que suggereixen de manera creativa múltiples perspectives de viure la ciutat actual.</p>
<p>En la primera sèrie, es presenten <strong>set cineastes</strong>, que han filmat Barcelona i altres ciutats de l’àrea metropolitana. La selecció s’ha fet donant veu tant a cineastes consolidades com emergents, i treballant en col·laboració amb el col·lectiu professional <strong>Dones Visuals</strong>.</p>
<p><strong><em>La ciutat a la vora</em></strong>, Meritxell Colell, Espanya, 2022, 52&#8242;, VO en català</p>
<p><strong><em>Minshara</em></strong>, Carme Puche, Espanya, 2022, 20&#8217;46&#8221;, VO en català</p>
<p><strong><em>Esa fugaz esencia que dejaron los sucesos</em></strong>, Carolina Astudillo, Espanya, 2022, 12&#8242;, VO en castellà</p>
<p><strong><em>Pineda&#8217;92</em></strong>, Raquel Barrera, Espanya, 2022, 10&#8217;21&#8221;, VO en català</p>
<p><strong><em>Disonar</em></strong>, col·lectiu La Selva, Espanya, 2022, 12&#8217;28&#8221;, VO en castellà</p>
<p><strong><em>Amalgama</em></strong>, Beatriz Pérez, Espanya, 2022, 22&#8242;, VO en castellà</p>
<p><strong><em>Satélites</em></strong>, Eva Murgui, Espanya, 2022, 12&#8217;30&#8221;, VOSC</p>
<p>&nbsp;</p>
<p>Col·labora: <span style="color: #000000;"><span style="caret-color: #000000;"><a href="https://www.cccb.org/ca" target="_blank" rel="noopener"><b>Centre de Cultura Contemporània </b></a>i <a href="http://www.esclaustre.cat" target="_blank" rel="noopener"><b>Es Claustre</b></a></span></span></p>
<p>&nbsp;</p>
</div>
</div>
</div>
<p><strong>CICLE DE CINEMA INTERCULTURAL</strong>. Aquest cicle de cinema vol posar en valor la diversitat cultural i promoure les relacions interculturals, com a forma de complir el novè dels compromisos pels quals la ciutat de Maó forma part de la Coalició Europea Contra el Racisme.</p>
<p>Cicle documental amb el suport de la Regidoria de Política Lingüística de l&#8217;<a href="http://www.ajmao.org" target="_blank" rel="noopener">Ajuntament de Maó</a>.</p>
<p>[/et_pb_text][/et_pb_column][et_pb_column type=&#8221;1_3&#8243;][et_pb_text admin_label=&#8221;Fitxa tècnica&#8221; module_class=&#8221;postEvent_content__technicalData&#8221; _builder_version=&#8221;3.0.64&#8243; background_layout=&#8221;light&#8221; text_orientation=&#8221;left&#8221; border_style=&#8221;solid&#8221;]</p>
<h4></h4>
<div class="feature">
<div class="mb-8 md:mb-10 2xl:mb-12 font-extended xl:text-lg 3xl:text-xl tracking-tight leading-none">
<div class="xs:pr-2 mt-1 text-2sm 3xl:text-sm font-mono leading-snug"></div>
</div>
<div class="xs:flex flex-wrap items-baseline max-w-lg -mb-6">
<div class="max-w-xs mb-6 xs:w-1/2"></div>
<div class="xs:w-1/2 max-w-xs mb-6">
<div class="xs:pr-2 mt-1 text-2sm 3xl:text-sm font-mono leading-snug"></div>
</div>
</div>
</div>
<p>&nbsp;</p>
<p>&nbsp;</p>
<p>[/et_pb_text][/et_pb_column][/et_pb_row][/]</p>

<p>[CINEMA: MIRADES] El documental cada dilluns Es Claustre: Sinfonies de Ciutat. Pretén veure i analitzar l’espai urbà a través dels itineraris personals de diferents cineastes, crear una col·lecció de peces audiovisuals que donin testimoni de les ciutats de principis del segle XXI. </p>
