{"id":16295,"date":"2022-08-30T09:25:41","date_gmt":"2022-08-30T09:25:41","guid":{"rendered":"https:\/\/esclaustre.com\/event\/juan-pablo-balcazar-quiet\/"},"modified":"2022-08-30T10:22:56","modified_gmt":"2022-08-30T10:22:56","slug":"juan-pablo-balcazar-quiet","status":"publish","type":"tribe_events","link":"https:\/\/esclaustre.com\/en\/event\/juan-pablo-balcazar-quiet\/","title":{"rendered":"Juan Pablo Balc\u00e1zar, Quiet"},"content":{"rendered":"<p>[ bb_built=&#8221;1&#8243; fullwidth=&#8221;off&#8221; specialty=&#8221;on&#8221;][et_pb_column type=&#8221;3_4&#8243; specialty_columns=&#8221;3&#8243;][et_pb_row_inner admin_label=&#8221;Row&#8221; _builder_version=&#8221;3.0.51&#8243; background_position_1=&#8221;top_left&#8221; background_repeat_1=&#8221;no-repeat&#8221; module_class=&#8221;tribe-events-content__img&#8221;][et_pb_column_inner type=&#8221;4_4&#8243; saved_specialty_column_type=&#8221;3_4&#8243;][et_pb_image _builder_version=&#8221;3.0.64&#8243; show_in_lightbox=&#8221;off&#8221; url_new_window=&#8221;off&#8221; use_overlay=&#8221;off&#8221; sticky=&#8221;off&#8221; align=&#8221;left&#8221; always_center_on_mobile=&#8221;on&#8221; border_style=&#8221;solid&#8221; force_fullwidth=&#8221;off&#8221; src=&#8221;https:\/\/esclaustre.com\/wp-content\/uploads\/2022\/08\/juan_pablo_balcazar.jpg&#8221; \/][\/et_pb_column_inner][\/et_pb_row_inner][et_pb_row_inner admin_label=&#8221;Row&#8221; _builder_version=&#8221;3.0.51&#8243; background_position_1=&#8221;top_left&#8221; background_repeat_1=&#8221;no-repeat&#8221; module_class=&#8221;tribe-events-content__content&#8221;][et_pb_column_inner type=&#8221;4_4&#8243; saved_specialty_column_type=&#8221;3_4&#8243;][et_pb_code _builder_version=&#8221;3.0.51&#8243;][socialpug_share][\/et_pb_code][et_pb_text _builder_version=&#8221;3.0.64&#8243; background_layout=&#8221;light&#8221; text_orientation=&#8221;left&#8221; border_style=&#8221;solid&#8221;]<\/p>\n<h2><strong>\u00abJuan Pablo Balc\u00e1zar\u00bb presenta<em> Quiet<\/em><\/strong><\/h2>\n<div class=\"\">\n<p>La formaci\u00f3 que encap\u00e7ala la sessi\u00f3 #15 d<strong>\u2019<a href=\"https:\/\/esclaustre.com\" target=\"_blank\" rel=\"noopener\">Es Claustre<\/a><\/strong> est\u00e0 protagonitzada per en\u00a0<strong>Juan Pablo Balc\u00e1zar<\/strong>\u00a0al contrabaix, <strong>Antonio Mazzei\u00a0<\/strong>al piano i l&#8217; <strong>Oriol Roca<\/strong>\u00a0a la bateria.<\/p>\n<p>El contrabaixista i compositor <span style=\"color: #000000;\"><strong>Juan Pablo Balcazar<\/strong><\/span> presenta el seu darrer nou projecte, anomenat \u00abQuiet\u00bb. Servint-se del llenguatge jazz\u00edstic, ens ofereix composicions i melod\u00edes on s&#8217;entremesclen fragments de <strong>m\u00fasiques populars<\/strong> juntament amb composicions de <strong>m\u00fasica cl\u00e0ssica<\/strong>.<\/p>\n<p>Aquesta actuaci\u00f3, que t\u00e9 per nom <strong><em>Quiet<\/em><\/strong> es presenta acompanyada pel pianista Antonio Mazzei i Oriol Roca en la bater\u00eda, i formar\u00e0 part del nou disc del trio editat per la discografica <a href=\"https:\/\/www.underpool.org\" target=\"_blank\" rel=\"noopener\">Underpool Records<\/a>.<\/p>\n<h3><strong>La Segona edici\u00f3 del cicle\u00a0Es Claustre 23<\/strong><\/h3>\n<p>&nbsp;<\/p>\n<p>Tots els diumenges, de <strong>juny a setembre<\/strong>, la terrassa d\u2019Es Claustre s\u2019omplir\u00e0 amb l\u2019escena de m\u00fasics habituals de l\u2019emblem\u00e0tic local de <strong>jazz<\/strong> de Barcelona, creant el cicle Es Claustre 23.<\/p>\n<p>Aquest concert forma part del <strong>\u00abMapa de Vincles\u00bb<\/strong> amb col\u00b7lectius, entitats, artistes o persones que Es Claustre inicia des de l&#8217;any 2021, amb <a href=\"https:\/\/23robadors.wordpress.com\" target=\"_blank\" rel=\"noopener\"><strong>Robadors 23\u00a0<\/strong><\/a><\/p>\n<p>&nbsp;<\/p>\n<p>Ma\u00f3 i el Raval connectats pel <strong>jazz<\/strong>.<\/p>\n<\/div>\n<div>\n<p>&nbsp;<\/p>\n<\/div>\n<p>[\/et_pb_text][\/et_pb_column_inner][\/et_pb_row_inner][\/et_pb_column][et_pb_column type=&#8221;1_4&#8243;][et_pb_customEventMetaFields admin_label=&#8221;EsClaustre Camps Event&#8221; _builder_version=&#8221;3.0.51&#8243; location=&#8221;on&#8221; schedule=&#8221;on&#8221; price=&#8221;on&#8221; module_class=&#8221;appendTo_tribe-events-infoBlocks_landscape&#8221; \/][et_pb_button _builder_version=&#8221;3.0.64&#8243; button_text=&#8221;BUY TICKETS&#8221; url_new_window=&#8221;on&#8221; button_alignment=&#8221;center&#8221; background_layout=&#8221;light&#8221; custom_button=&#8221;off&#8221; button_text_color=&#8221;#ffffff&#8221; button_bg_color=&#8221;#f92b44&#8243; button_border_width=&#8221;0&#8243; button_border_radius=&#8221;0&#8243; button_letter_spacing=&#8221;0&#8243; button_icon_placement=&#8221;right&#8221; button_letter_spacing_hover=&#8221;0&#8243; module_class=&#8221;btn-ticket appendTo_tribe-events-infoBlocks_landscape&#8221; button_url=&#8221;https:\/\/entradas.codetickets.com\/entradas\/juan-pablo-balcazar&#8211;quiet\/28542\/esclaustre\/online?lang=en_GB&#8221; \/][et_pb_customEventCategories _builder_version=&#8221;3.0.51&#8243; \/][et_pb_customEventTags _builder_version=&#8221;3.0.51&#8243; \/][\/et_pb_column][\/]<\/p>\n","protected":false},"excerpt":{"rendered":"<p>Juan Pablo Balc\u00e1zar live in concert: \u2018Quiet\u2019. Composer and double-bass player Juan Pablo Balc\u00e1zar will be presenting his new project Quiet. Using the language of jazz, he will perform compositions and melodies that combine popular and classical music. <\/p>\n","protected":false},"author":1,"featured_media":16292,"template":"","meta":{"_acf_changed":false,"_tribe_events_status":"","_tribe_events_status_reason":"","_tribe_events_is_hybrid":"","_tribe_events_is_virtual":"","_tribe_events_virtual_video_source":"","_tribe_events_virtual_embed_video":"","_tribe_events_virtual_linked_button_text":"","_tribe_events_virtual_linked_button":"","_tribe_events_virtual_show_embed_at":"","_tribe_events_virtual_show_embed_to":[],"_tribe_events_virtual_show_on_event":"","_tribe_events_virtual_show_on_views":"","_tribe_events_virtual_url":"","footnotes":""},"tags":[3253,2907,2829,2806,3254],"tribe_events_cat":[1423,768,107],"class_list":["post-16295","tribe_events","type-tribe_events","status-publish","has-post-thumbnail","hentry","tag-antonio-mazzei-en","tag-es-claustre-23-en","tag-juan-pablo-balcazar-en","tag-oriol-roca-en","tag-quiet-en","tribe_events_cat-agenda-menorca-en","tribe_events_cat-jazz-en","tribe_events_cat-musica-en","cat_agenda-menorca-en","cat_jazz-en","cat_musica-en"],"acf":[],"_links":{"self":[{"href":"https:\/\/esclaustre.com\/en\/wp-json\/wp\/v2\/tribe_events\/16295","targetHints":{"allow":["GET"]}}],"collection":[{"href":"https:\/\/esclaustre.com\/en\/wp-json\/wp\/v2\/tribe_events"}],"about":[{"href":"https:\/\/esclaustre.com\/en\/wp-json\/wp\/v2\/types\/tribe_events"}],"author":[{"embeddable":true,"href":"https:\/\/esclaustre.com\/en\/wp-json\/wp\/v2\/users\/1"}],"version-history":[{"count":0,"href":"https:\/\/esclaustre.com\/en\/wp-json\/wp\/v2\/tribe_events\/16295\/revisions"}],"wp:featuredmedia":[{"embeddable":true,"href":"https:\/\/esclaustre.com\/en\/wp-json\/wp\/v2\/media\/16292"}],"wp:attachment":[{"href":"https:\/\/esclaustre.com\/en\/wp-json\/wp\/v2\/media?parent=16295"}],"wp:term":[{"taxonomy":"post_tag","embeddable":true,"href":"https:\/\/esclaustre.com\/en\/wp-json\/wp\/v2\/tags?post=16295"},{"taxonomy":"tribe_events_cat","embeddable":true,"href":"https:\/\/esclaustre.com\/en\/wp-json\/wp\/v2\/tribe_events_cat?post=16295"}],"curies":[{"name":"wp","href":"https:\/\/api.w.org\/{rel}","templated":true}]}}

Juan Pablo Balcázar, Quiet

<p>[ bb_built=&#8221;1&#8243; fullwidth=&#8221;off&#8221; specialty=&#8221;on&#8221;][et_pb_column type=&#8221;3_4&#8243; specialty_columns=&#8221;3&#8243;][et_pb_row_inner admin_label=&#8221;Row&#8221; _builder_version=&#8221;3.0.51&#8243; background_position_1=&#8221;top_left&#8221; background_repeat_1=&#8221;no-repeat&#8221; module_class=&#8221;tribe-events-content__img&#8221;][et_pb_column_inner type=&#8221;4_4&#8243; saved_specialty_column_type=&#8221;3_4&#8243;][et_pb_image _builder_version=&#8221;3.0.64&#8243; show_in_lightbox=&#8221;off&#8221; url_new_window=&#8221;off&#8221; use_overlay=&#8221;off&#8221; sticky=&#8221;off&#8221; align=&#8221;left&#8221; always_center_on_mobile=&#8221;on&#8221; border_style=&#8221;solid&#8221; force_fullwidth=&#8221;off&#8221; src=&#8221;https://esclaustre.com/wp-content/uploads/2022/08/juan_pablo_balcazar.jpg&#8221; /][/et_pb_column_inner][/et_pb_row_inner][et_pb_row_inner admin_label=&#8221;Row&#8221; _builder_version=&#8221;3.0.51&#8243; background_position_1=&#8221;top_left&#8221; background_repeat_1=&#8221;no-repeat&#8221; module_class=&#8221;tribe-events-content__content&#8221;][et_pb_column_inner type=&#8221;4_4&#8243; saved_specialty_column_type=&#8221;3_4&#8243;][et_pb_code _builder_version=&#8221;3.0.51&#8243;][socialpug_share][/et_pb_code][et_pb_text _builder_version=&#8221;3.0.64&#8243; background_layout=&#8221;light&#8221; text_orientation=&#8221;left&#8221; border_style=&#8221;solid&#8221;]</p>
<h2><strong>«Juan Pablo Balcázar» presenta<em> Quiet</em></strong></h2>
<div class="">
<p>La formació que encapçala la sessió #15 d<strong>’<a href="https://esclaustre.com" target="_blank" rel="noopener">Es Claustre</a></strong> està protagonitzada per en <strong>Juan Pablo Balcázar</strong> al contrabaix, <strong>Antonio Mazzei </strong>al piano i l&#8217; <strong>Oriol Roca</strong> a la bateria.</p>
<p>El contrabaixista i compositor <span style="color: #000000;"><strong>Juan Pablo Balcazar</strong></span> presenta el seu darrer nou projecte, anomenat «Quiet». Servint-se del llenguatge jazzístic, ens ofereix composicions i melodíes on s&#8217;entremesclen fragments de <strong>músiques populars</strong> juntament amb composicions de <strong>música clàssica</strong>.</p>
<p>Aquesta actuació, que té per nom <strong><em>Quiet</em></strong> es presenta acompanyada pel pianista Antonio Mazzei i Oriol Roca en la batería, i formarà part del nou disc del trio editat per la discografica <a href="https://www.underpool.org" target="_blank" rel="noopener">Underpool Records</a>.</p>
<h3><strong>La Segona edició del cicle Es Claustre 23</strong></h3>
<p>&nbsp;</p>
<p>Tots els diumenges, de <strong>juny a setembre</strong>, la terrassa d’Es Claustre s’omplirà amb l’escena de músics habituals de l’emblemàtic local de <strong>jazz</strong> de Barcelona, creant el cicle Es Claustre 23.</p>
<p>Aquest concert forma part del <strong>«Mapa de Vincles»</strong> amb col·lectius, entitats, artistes o persones que Es Claustre inicia des de l&#8217;any 2021, amb <a href="https://23robadors.wordpress.com" target="_blank" rel="noopener"><strong>Robadors 23 </strong></a></p>
<p>&nbsp;</p>
<p>Maó i el Raval connectats pel <strong>jazz</strong>.</p>
</div>
<div>
<p>&nbsp;</p>
</div>
<p>[/et_pb_text][/et_pb_column_inner][/et_pb_row_inner][/et_pb_column][et_pb_column type=&#8221;1_4&#8243;][et_pb_customEventMetaFields admin_label=&#8221;EsClaustre Camps Event&#8221; _builder_version=&#8221;3.0.51&#8243; location=&#8221;on&#8221; schedule=&#8221;on&#8221; price=&#8221;on&#8221; module_class=&#8221;appendTo_tribe-events-infoBlocks_landscape&#8221; /][et_pb_button _builder_version=&#8221;3.0.64&#8243; button_text=&#8221;BUY TICKETS&#8221; url_new_window=&#8221;on&#8221; button_alignment=&#8221;center&#8221; background_layout=&#8221;light&#8221; custom_button=&#8221;off&#8221; button_text_color=&#8221;#ffffff&#8221; button_bg_color=&#8221;#f92b44&#8243; button_border_width=&#8221;0&#8243; button_border_radius=&#8221;0&#8243; button_letter_spacing=&#8221;0&#8243; button_icon_placement=&#8221;right&#8221; button_letter_spacing_hover=&#8221;0&#8243; module_class=&#8221;btn-ticket appendTo_tribe-events-infoBlocks_landscape&#8221; button_url=&#8221;https://entradas.codetickets.com/entradas/juan-pablo-balcazar&#8211;quiet/28542/esclaustre/online?lang=en_GB&#8221; /][et_pb_customEventCategories _builder_version=&#8221;3.0.51&#8243; /][et_pb_customEventTags _builder_version=&#8221;3.0.51&#8243; /][/et_pb_column][/]</p>

<p>Juan Pablo Balcázar live in concert: ‘Quiet’. Composer and double-bass player Juan Pablo Balcázar will be presenting his new project Quiet. Using the language of jazz, he will perform compositions and melodies that combine popular and classical music. </p>
