{"id":17993,"date":"2023-05-12T06:49:44","date_gmt":"2023-05-12T06:49:44","guid":{"rendered":"https:\/\/esclaustre.com\/event\/around-the-space\/"},"modified":"2023-05-12T08:24:48","modified_gmt":"2023-05-12T08:24:48","slug":"around-the-space","status":"publish","type":"tribe_events","link":"https:\/\/esclaustre.com\/en\/event\/around-the-space\/","title":{"rendered":"Around The Space"},"content":{"rendered":"<p>[ bb_built=&#8221;1&#8243; fullwidth=&#8221;off&#8221; specialty=&#8221;on&#8221;][et_pb_column type=&#8221;3_4&#8243; specialty_columns=&#8221;3&#8243;][et_pb_row_inner admin_label=&#8221;Row&#8221; _builder_version=&#8221;3.0.51&#8243; background_position_1=&#8221;top_left&#8221; background_repeat_1=&#8221;no-repeat&#8221; module_class=&#8221;tribe-events-content__img&#8221;][et_pb_column_inner type=&#8221;4_4&#8243; saved_specialty_column_type=&#8221;3_4&#8243;][et_pb_image _builder_version=&#8221;3.0.64&#8243; show_in_lightbox=&#8221;off&#8221; url_new_window=&#8221;off&#8221; use_overlay=&#8221;off&#8221; sticky=&#8221;off&#8221; align=&#8221;left&#8221; always_center_on_mobile=&#8221;on&#8221; border_style=&#8221;solid&#8221; force_fullwidth=&#8221;off&#8221; src=&#8221;https:\/\/esclaustre.com\/wp-content\/uploads\/2023\/05\/Miguel-Pintxo-Villar-Trio-.jpg&#8221; \/][\/et_pb_column_inner][\/et_pb_row_inner][et_pb_row_inner admin_label=&#8221;Row&#8221; _builder_version=&#8221;3.0.51&#8243; background_position_1=&#8221;top_left&#8221; background_repeat_1=&#8221;no-repeat&#8221; module_class=&#8221;tribe-events-content__content&#8221;][et_pb_column_inner type=&#8221;4_4&#8243; saved_specialty_column_type=&#8221;3_4&#8243;][et_pb_code _builder_version=&#8221;3.0.51&#8243;][socialpug_share][\/et_pb_code][et_pb_text _builder_version=&#8221;3.0.64&#8243; background_layout=&#8221;light&#8221; text_orientation=&#8221;left&#8221; border_style=&#8221;solid&#8221;]<\/p>\n<h2><strong>\u00abMiguel Villar Pincho Trio\u00bb <em>Around The Space<\/em><\/strong><\/h2>\n<div class=\"\">\n<p>La formaci\u00f3 que encap\u00e7ala la sessi\u00f3 #1 d<strong>\u2019<a href=\"https:\/\/esclaustre.com\" target=\"_blank\" rel=\"noopener\">Es Claustre<\/a><\/strong> est\u00e0 protagonitzada per en\u00a0<strong>Miguel Villar Pincho<\/strong>\u00a0al saxo, <strong>Juan Pablo Balc\u00e1zar\u00a0<\/strong>al contrabaix i <strong>Carlos Falanga<\/strong>\u00a0a la bateria.<\/p>\n<div class=\"page\" title=\"Page 1\">\n<div class=\"section\">\n<div class=\"layoutArea\">\n<div class=\"column\">\n<p>\u00c9s un dels grups ic\u00f2nics del panorama jazz\u00edstic catal\u00e0. Forjat en les entranyes profundes del barri del <strong>Raval<\/strong>, dins el club <strong>Robadors 23<\/strong>, protagonitzat per tres dels mu\u0301sics m\u00e9s actiius de l&#8217;escena barcelonina. Totes tres porten tocant junts des de fa m\u00e9s de 15 anys i \u00e9s per aix\u00f2 que el seu repertori \u00e9s pr\u00e0cticament inacabable i el seu so \u00e9s molt caracteri\u0301stic, personal, cr i directe.<\/p>\n<p>En el mes d&#8217;agost del 2016 va apar\u00e8ixer el seu primer \u00e0lbum titulat <strong>\u00abAround the Space\u00bb<\/strong>,\u00a0editat pel seguell\u00a0<strong>Mosquito Records<\/strong>.<\/p>\n<p>&nbsp;<\/p>\n<\/div>\n<\/div>\n<\/div>\n<\/div>\n<h3><strong>La Tercera edici\u00f3 del cicle\u00a0Es Claustre 23<\/strong><\/h3>\n<p>&nbsp;<\/p>\n<p>Tots els diumenges, de <strong>juny a setembre<\/strong>, la terrassa d\u2019Es Claustre s\u2019omplir\u00e0 amb l\u2019escena de m\u00fasics habituals de l\u2019emblem\u00e0tic local de <strong>jazz<\/strong> de Barcelona, creant el cicle Es Claustre 23.<\/p>\n<p>Aquest concert forma part del <strong>\u00abMapa de Vincles\u00bb<\/strong> amb col\u00b7lectius, entitats, artistes o persones que Es Claustre inicia des de l&#8217;any 2021, amb <a href=\"https:\/\/23robadors.wordpress.com\" target=\"_blank\" rel=\"noopener\"><strong>Robadors 23\u00a0<\/strong><\/a><\/p>\n<p>&nbsp;<\/p>\n<p>Ma\u00f3 i el Raval connectats pel <strong>jazz<\/strong>.<\/p>\n<\/div>\n<div>\n<p>&nbsp;<\/p>\n<\/div>\n<p>[\/et_pb_text][\/et_pb_column_inner][\/et_pb_row_inner][\/et_pb_column][et_pb_column type=&#8221;1_4&#8243;][et_pb_customEventMetaFields admin_label=&#8221;EsClaustre Camps Event&#8221; _builder_version=&#8221;3.0.51&#8243; location=&#8221;on&#8221; schedule=&#8221;on&#8221; price=&#8221;on&#8221; module_class=&#8221;appendTo_tribe-events-infoBlocks_landscape&#8221; \/][et_pb_button _builder_version=&#8221;3.0.64&#8243; button_text=&#8221;BUY TICKETS&#8221; url_new_window=&#8221;on&#8221; button_alignment=&#8221;center&#8221; background_layout=&#8221;light&#8221; custom_button=&#8221;off&#8221; button_text_color=&#8221;#ffffff&#8221; button_bg_color=&#8221;#f92b44&#8243; button_border_width=&#8221;0&#8243; button_border_radius=&#8221;0&#8243; button_letter_spacing=&#8221;0&#8243; button_icon_placement=&#8221;right&#8221; button_letter_spacing_hover=&#8221;0&#8243; module_class=&#8221;btn-ticket appendTo_tribe-events-infoBlocks_landscape&#8221; button_url=&#8221;https:\/\/entradas.codetickets.com\/entradas\/around-the-space\/42671\/esclaustre\/online?lang=en_GB&#8221; \/][et_pb_customEventCategories _builder_version=&#8221;3.0.51&#8243; \/][et_pb_customEventTags _builder_version=&#8221;3.0.51&#8243; \/][\/et_pb_column][\/]<\/p>\n","protected":false},"excerpt":{"rendered":"<p>\u00abMiguel Villar Pincho Trio\u00bb Around The Space. La formaci\u00f3 que encap\u00e7ala la sessi\u00f3 #1 d\u2019Es Claustre est\u00e0 protagonitzada per en\u00a0Miguel Villa Pincho\u00a0al saxo, Juan Pablo Balc\u00e1zar\u00a0al contrabaix i Carlos Falanga\u00a0a la bateria.<\/p>\n","protected":false},"author":1,"featured_media":17990,"template":"","meta":{"_acf_changed":false,"_tribe_events_status":"","_tribe_events_status_reason":"","_tribe_events_is_hybrid":"","_tribe_events_is_virtual":"","_tribe_events_virtual_video_source":"","_tribe_events_virtual_embed_video":"","_tribe_events_virtual_linked_button_text":"","_tribe_events_virtual_linked_button":"","_tribe_events_virtual_show_embed_at":"","_tribe_events_virtual_show_embed_to":[],"_tribe_events_virtual_show_on_event":"","_tribe_events_virtual_show_on_views":"","_tribe_events_virtual_url":"","footnotes":""},"tags":[2800,2907,2829,3672],"tribe_events_cat":[1423,768,107],"class_list":["post-17993","tribe_events","type-tribe_events","status-publish","has-post-thumbnail","hentry","tag-carlos-falanga-en","tag-es-claustre-23-en","tag-juan-pablo-balcazar-en","tag-miguel-villar-pincho-en","tribe_events_cat-agenda-menorca-en","tribe_events_cat-jazz-en","tribe_events_cat-musica-en","cat_agenda-menorca-en","cat_jazz-en","cat_musica-en"],"acf":[],"_links":{"self":[{"href":"https:\/\/esclaustre.com\/en\/wp-json\/wp\/v2\/tribe_events\/17993","targetHints":{"allow":["GET"]}}],"collection":[{"href":"https:\/\/esclaustre.com\/en\/wp-json\/wp\/v2\/tribe_events"}],"about":[{"href":"https:\/\/esclaustre.com\/en\/wp-json\/wp\/v2\/types\/tribe_events"}],"author":[{"embeddable":true,"href":"https:\/\/esclaustre.com\/en\/wp-json\/wp\/v2\/users\/1"}],"version-history":[{"count":0,"href":"https:\/\/esclaustre.com\/en\/wp-json\/wp\/v2\/tribe_events\/17993\/revisions"}],"wp:featuredmedia":[{"embeddable":true,"href":"https:\/\/esclaustre.com\/en\/wp-json\/wp\/v2\/media\/17990"}],"wp:attachment":[{"href":"https:\/\/esclaustre.com\/en\/wp-json\/wp\/v2\/media?parent=17993"}],"wp:term":[{"taxonomy":"post_tag","embeddable":true,"href":"https:\/\/esclaustre.com\/en\/wp-json\/wp\/v2\/tags?post=17993"},{"taxonomy":"tribe_events_cat","embeddable":true,"href":"https:\/\/esclaustre.com\/en\/wp-json\/wp\/v2\/tribe_events_cat?post=17993"}],"curies":[{"name":"wp","href":"https:\/\/api.w.org\/{rel}","templated":true}]}}

<p>[ bb_built=&#8221;1&#8243; fullwidth=&#8221;off&#8221; specialty=&#8221;on&#8221;][et_pb_column type=&#8221;3_4&#8243; specialty_columns=&#8221;3&#8243;][et_pb_row_inner admin_label=&#8221;Row&#8221; _builder_version=&#8221;3.0.51&#8243; background_position_1=&#8221;top_left&#8221; background_repeat_1=&#8221;no-repeat&#8221; module_class=&#8221;tribe-events-content__img&#8221;][et_pb_column_inner type=&#8221;4_4&#8243; saved_specialty_column_type=&#8221;3_4&#8243;][et_pb_image _builder_version=&#8221;3.0.64&#8243; show_in_lightbox=&#8221;off&#8221; url_new_window=&#8221;off&#8221; use_overlay=&#8221;off&#8221; sticky=&#8221;off&#8221; align=&#8221;left&#8221; always_center_on_mobile=&#8221;on&#8221; border_style=&#8221;solid&#8221; force_fullwidth=&#8221;off&#8221; src=&#8221;https://esclaustre.com/wp-content/uploads/2023/05/Miguel-Pintxo-Villar-Trio-.jpg&#8221; /][/et_pb_column_inner][/et_pb_row_inner][et_pb_row_inner admin_label=&#8221;Row&#8221; _builder_version=&#8221;3.0.51&#8243; background_position_1=&#8221;top_left&#8221; background_repeat_1=&#8221;no-repeat&#8221; module_class=&#8221;tribe-events-content__content&#8221;][et_pb_column_inner type=&#8221;4_4&#8243; saved_specialty_column_type=&#8221;3_4&#8243;][et_pb_code _builder_version=&#8221;3.0.51&#8243;][socialpug_share][/et_pb_code][et_pb_text _builder_version=&#8221;3.0.64&#8243; background_layout=&#8221;light&#8221; text_orientation=&#8221;left&#8221; border_style=&#8221;solid&#8221;]</p>
<h2><strong>«Miguel Villar Pincho Trio» <em>Around The Space</em></strong></h2>
<div class="">
<p>La formació que encapçala la sessió #1 d<strong>’<a href="https://esclaustre.com" target="_blank" rel="noopener">Es Claustre</a></strong> està protagonitzada per en <strong>Miguel Villar Pincho</strong> al saxo, <strong>Juan Pablo Balcázar </strong>al contrabaix i <strong>Carlos Falanga</strong> a la bateria.</p>
<div class="page" title="Page 1">
<div class="section">
<div class="layoutArea">
<div class="column">
<p>És un dels grups icònics del panorama jazzístic català. Forjat en les entranyes profundes del barri del <strong>Raval</strong>, dins el club <strong>Robadors 23</strong>, protagonitzat per tres dels músics més actiius de l&#8217;escena barcelonina. Totes tres porten tocant junts des de fa més de 15 anys i és per això que el seu repertori és pràcticament inacabable i el seu so és molt característic, personal, cr i directe.</p>
<p>En el mes d&#8217;agost del 2016 va aparèixer el seu primer àlbum titulat <strong>«Around the Space»</strong>, editat pel seguell <strong>Mosquito Records</strong>.</p>
<p>&nbsp;</p>
</div>
</div>
</div>
</div>
<h3><strong>La Tercera edició del cicle Es Claustre 23</strong></h3>
<p>&nbsp;</p>
<p>Tots els diumenges, de <strong>juny a setembre</strong>, la terrassa d’Es Claustre s’omplirà amb l’escena de músics habituals de l’emblemàtic local de <strong>jazz</strong> de Barcelona, creant el cicle Es Claustre 23.</p>
<p>Aquest concert forma part del <strong>«Mapa de Vincles»</strong> amb col·lectius, entitats, artistes o persones que Es Claustre inicia des de l&#8217;any 2021, amb <a href="https://23robadors.wordpress.com" target="_blank" rel="noopener"><strong>Robadors 23 </strong></a></p>
<p>&nbsp;</p>
<p>Maó i el Raval connectats pel <strong>jazz</strong>.</p>
</div>
<div>
<p>&nbsp;</p>
</div>
<p>[/et_pb_text][/et_pb_column_inner][/et_pb_row_inner][/et_pb_column][et_pb_column type=&#8221;1_4&#8243;][et_pb_customEventMetaFields admin_label=&#8221;EsClaustre Camps Event&#8221; _builder_version=&#8221;3.0.51&#8243; location=&#8221;on&#8221; schedule=&#8221;on&#8221; price=&#8221;on&#8221; module_class=&#8221;appendTo_tribe-events-infoBlocks_landscape&#8221; /][et_pb_button _builder_version=&#8221;3.0.64&#8243; button_text=&#8221;BUY TICKETS&#8221; url_new_window=&#8221;on&#8221; button_alignment=&#8221;center&#8221; background_layout=&#8221;light&#8221; custom_button=&#8221;off&#8221; button_text_color=&#8221;#ffffff&#8221; button_bg_color=&#8221;#f92b44&#8243; button_border_width=&#8221;0&#8243; button_border_radius=&#8221;0&#8243; button_letter_spacing=&#8221;0&#8243; button_icon_placement=&#8221;right&#8221; button_letter_spacing_hover=&#8221;0&#8243; module_class=&#8221;btn-ticket appendTo_tribe-events-infoBlocks_landscape&#8221; button_url=&#8221;https://entradas.codetickets.com/entradas/around-the-space/42671/esclaustre/online?lang=en_GB&#8221; /][et_pb_customEventCategories _builder_version=&#8221;3.0.51&#8243; /][et_pb_customEventTags _builder_version=&#8221;3.0.51&#8243; /][/et_pb_column][/]</p>

<p>«Miguel Villar Pincho Trio» Around The Space. La formació que encapçala la sessió #1 d’Es Claustre està protagonitzada per en Miguel Villa Pincho al saxo, Juan Pablo Balcázar al contrabaix i Carlos Falanga a la bateria.</p>
