{"id":18126,"date":"2023-05-16T07:48:23","date_gmt":"2023-05-16T07:48:23","guid":{"rendered":"https:\/\/esclaustre.com\/event\/un-altre-quatuor-de-la-fin-du-temps-copy\/"},"modified":"2023-05-16T08:37:30","modified_gmt":"2023-05-16T08:37:30","slug":"joe-smith-trio","status":"publish","type":"tribe_events","link":"https:\/\/esclaustre.com\/en\/event\/joe-smith-trio\/","title":{"rendered":"Joe Smith Trio"},"content":{"rendered":"<p>[ bb_built=&#8221;1&#8243; fullwidth=&#8221;off&#8221; specialty=&#8221;on&#8221;][et_pb_column type=&#8221;3_4&#8243; specialty_columns=&#8221;3&#8243;][et_pb_row_inner admin_label=&#8221;Row&#8221; _builder_version=&#8221;3.0.51&#8243; background_position_1=&#8221;top_left&#8221; background_repeat_1=&#8221;no-repeat&#8221; module_class=&#8221;tribe-events-content__img&#8221;][et_pb_column_inner type=&#8221;4_4&#8243; saved_specialty_column_type=&#8221;3_4&#8243;][et_pb_image _builder_version=&#8221;3.0.64&#8243; show_in_lightbox=&#8221;off&#8221; url_new_window=&#8221;off&#8221; use_overlay=&#8221;off&#8221; sticky=&#8221;off&#8221; align=&#8221;left&#8221; always_center_on_mobile=&#8221;on&#8221; border_style=&#8221;solid&#8221; force_fullwidth=&#8221;off&#8221; src=&#8221;https:\/\/esclaustre.com\/wp-content\/uploads\/2023\/05\/Joe_Smith_Trio.jpg&#8221; \/][\/et_pb_column_inner][\/et_pb_row_inner][et_pb_row_inner admin_label=&#8221;Row&#8221; _builder_version=&#8221;3.0.51&#8243; background_position_1=&#8221;top_left&#8221; background_repeat_1=&#8221;no-repeat&#8221; module_class=&#8221;tribe-events-content__content&#8221;][et_pb_column_inner type=&#8221;4_4&#8243; saved_specialty_column_type=&#8221;3_4&#8243;][et_pb_code _builder_version=&#8221;3.0.51&#8243;][socialpug_share][\/et_pb_code][et_pb_text _builder_version=&#8221;3.0.64&#8243; background_layout=&#8221;light&#8221; text_orientation=&#8221;left&#8221; border_style=&#8221;solid&#8221;]<\/p>\n<h2><strong><span style=\"color: #000000;\">\u00abJoe Smith Trio\u00bb live\u00a0Es Claustre jazz cycle<\/span><\/strong><\/h2>\n<p>&nbsp;<\/p>\n<p>The line-up that headlines session #7 of <strong><a href=\"https:\/\/esclaustre.com\" target=\"_blank\" rel=\"noopener\">Es Claustre<\/a><\/strong> is led by <span style=\"color: #000000;\"><strong>Miguel Villar<\/strong><\/span> \u2013 saxophone, <span style=\"color: #000000;\"><strong>Jaume Llombart<\/strong><\/span> \u2013 electric bass, and <span style=\"color: #000000;\"><strong>Joe Smith<\/strong> <\/span>\u2013 drums.<\/p>\n<div class=\"page\" title=\"Page 1\">\n<div class=\"section\">\n<div class=\"layoutArea\">\n<div class=\"column\">\n<div class=\"page\" title=\"Page 1\">\n<div class=\"section\">\n<div class=\"layoutArea\">\n<div class=\"column\">\n<p><span style=\"color: #000000;\"><strong>Joe Smith<\/strong><\/span> has united this trio of good friends to interpret some of his new and old compositions. The melodies being expressed by the lyrical tenor saxophonist <strong>Miguel Villar<\/strong> and the harmony by famed guitarist <strong>Jaume Llombart<\/strong>, heard here presenting his accompaniment on the electric Bass. Combining the different styles of <strong>jazz, ethnic and avant-garde music<\/strong>, the trio will take the audience on a voyage of emotions and improvisational explorations.<\/p>\n<\/div>\n<\/div>\n<\/div>\n<\/div>\n<\/div>\n<\/div>\n<\/div>\n<\/div>\n<div class=\"page\" title=\"Page 1\">\n<div class=\"section\">\n<div class=\"layoutArea\">\n<div class=\"column\">\n<div class=\"page\" title=\"Page 1\">\n<div class=\"section\">\n<div class=\"layoutArea\">\n<div class=\"column\">\n<div class=\"page\" title=\"Page 1\">\n<div class=\"section\">\n<div class=\"layoutArea\">\n<div class=\"column\">\n<p>&nbsp;<\/p>\n<p>It may be more than ten years since he swapped <strong>Barcelona for Berlin<\/strong>, but the American drummer Joe Smith is still remembered in the Catalan capital, not only because he introduced unique methods of composition based on instant music patterns but also because he created the much-missed <strong>Asociaci\u00f3n Libre Orkestra in El Raval<\/strong>. This artist, born in Illinois and trained in New York, has collaborated not only with jazz greats such as <strong>Guillermo Klein, Gorka Benitez, Chris Lightcap and Jorge Rossy<\/strong>, but also with <strong>Bill McHenry<\/strong> and <strong>Masa Kamaguchi<\/strong>.<\/p>\n<p>&nbsp;<\/p>\n<p>&nbsp;<\/p>\n<\/div>\n<\/div>\n<\/div>\n<\/div>\n<\/div>\n<\/div>\n<\/div>\n<\/div>\n<\/div>\n<\/div>\n<\/div>\n<\/div>\n<div class=\"wpb_text_column wpb_content_element \">\n<div class=\"wpb_wrapper\">\n<div class=\"wpb_text_column wpb_content_element \"><\/div>\n<\/div>\n<\/div>\n<div class=\"\">\n<div class=\"page\" title=\"Page 1\">\n<div class=\"section\">\n<div class=\"layoutArea\">\n<div class=\"column\">\n<div class=\"page\" title=\"Page 1\">\n<div class=\"section\">\n<div class=\"layoutArea\">\n<div class=\"column\"><\/div>\n<\/div>\n<\/div>\n<\/div>\n<\/div>\n<\/div>\n<\/div>\n<\/div>\n<h3><strong>La Tercera edici\u00f3 del cicle\u00a0Es Claustre 23<\/strong><\/h3>\n<p>Tots els diumenges, de <strong>juny a setembre<\/strong>, la terrassa d\u2019Es Claustre s\u2019omplir\u00e0 amb l\u2019escena de m\u00fasics habituals de l\u2019emblem\u00e0tic local de <strong>jazz<\/strong> de Barcelona, creant el cicle Es Claustre 23.<\/p>\n<\/div>\n<div><\/div>\n<div class=\"\">\n<p>Aquest concert forma part del <strong>\u00abMapa de Vincles\u00bb<\/strong> amb col\u00b7lectius, entitats, artistes o persones que Es Claustre inicia des de l&#8217;any 2021, amb <a href=\"https:\/\/23robadors.wordpress.com\" target=\"_blank\" rel=\"noopener\"><strong>Robadors 23\u00a0<\/strong><\/a><\/p>\n<p>&nbsp;<\/p>\n<\/div>\n<div><\/div>\n<div class=\"\">Ma\u00f3 i el Raval connectats pel <strong>jazz<\/strong>.<\/div>\n<div><\/div>\n<p>[\/et_pb_text][\/et_pb_column_inner][\/et_pb_row_inner][\/et_pb_column][et_pb_column type=&#8221;1_4&#8243;][et_pb_customEventMetaFields admin_label=&#8221;EsClaustre Camps Event&#8221; _builder_version=&#8221;3.0.51&#8243; location=&#8221;on&#8221; schedule=&#8221;on&#8221; price=&#8221;on&#8221; module_class=&#8221;appendTo_tribe-events-infoBlocks_landscape&#8221; \/][et_pb_button _builder_version=&#8221;3.0.64&#8243; button_text=&#8221;BUY TICKETS&#8221; url_new_window=&#8221;on&#8221; button_alignment=&#8221;center&#8221; background_layout=&#8221;light&#8221; custom_button=&#8221;off&#8221; button_text_color=&#8221;#ffffff&#8221; button_bg_color=&#8221;#f92b44&#8243; button_border_width=&#8221;0&#8243; button_border_radius=&#8221;0&#8243; button_letter_spacing=&#8221;0&#8243; button_icon_placement=&#8221;right&#8221; button_letter_spacing_hover=&#8221;0&#8243; module_class=&#8221;btn-ticket appendTo_tribe-events-infoBlocks_landscape&#8221; button_url=&#8221;https:\/\/entradas.codetickets.com\/entradas\/joe-smith-trio\/42688\/esclaustre\/online?lang=en_GB&#8221; \/][et_pb_customEventCategories _builder_version=&#8221;3.0.51&#8243; \/][et_pb_customEventTags _builder_version=&#8221;3.0.51&#8243; \/][\/et_pb_column][\/]<\/p>\n","protected":false},"excerpt":{"rendered":"<p>\u00abJoe Smith Trio\u00bb un luxe pel cicle de jazz d&#8217;Es Claustre. La formaci\u00f3 que encap\u00e7ala la sessi\u00f3 #7 d\u2019Es Claustre est\u00e0 protagonitzada per Miguel Villar\u00a0\u2013 saxo, Jaume Llombart\u00a0\u2013 baix el\u00e8ctric,\u00a0i\u00a0Joe Smith\u00a0\u00a0\u2013 drums.<\/p>\n","protected":false},"author":1,"featured_media":18124,"template":"","meta":{"_acf_changed":false,"_tribe_events_status":"","_tribe_events_status_reason":"","_tribe_events_is_hybrid":"","_tribe_events_is_virtual":"","_tribe_events_virtual_video_source":"","_tribe_events_virtual_embed_video":"","_tribe_events_virtual_linked_button_text":"","_tribe_events_virtual_linked_button":"","_tribe_events_virtual_show_embed_at":"","_tribe_events_virtual_show_embed_to":[],"_tribe_events_virtual_show_on_event":"","_tribe_events_virtual_show_on_views":"","_tribe_events_virtual_url":"","footnotes":""},"tags":[2907,2804,3709,3710],"tribe_events_cat":[1423,768,107],"class_list":["post-18126","tribe_events","type-tribe_events","status-publish","has-post-thumbnail","hentry","tag-es-claustre-23-en","tag-jaume-llombart-en","tag-joe-smith-en","tag-miguel-villar-en","tribe_events_cat-agenda-menorca-en","tribe_events_cat-jazz-en","tribe_events_cat-musica-en","cat_agenda-menorca-en","cat_jazz-en","cat_musica-en"],"acf":[],"_links":{"self":[{"href":"https:\/\/esclaustre.com\/en\/wp-json\/wp\/v2\/tribe_events\/18126","targetHints":{"allow":["GET"]}}],"collection":[{"href":"https:\/\/esclaustre.com\/en\/wp-json\/wp\/v2\/tribe_events"}],"about":[{"href":"https:\/\/esclaustre.com\/en\/wp-json\/wp\/v2\/types\/tribe_events"}],"author":[{"embeddable":true,"href":"https:\/\/esclaustre.com\/en\/wp-json\/wp\/v2\/users\/1"}],"version-history":[{"count":0,"href":"https:\/\/esclaustre.com\/en\/wp-json\/wp\/v2\/tribe_events\/18126\/revisions"}],"wp:featuredmedia":[{"embeddable":true,"href":"https:\/\/esclaustre.com\/en\/wp-json\/wp\/v2\/media\/18124"}],"wp:attachment":[{"href":"https:\/\/esclaustre.com\/en\/wp-json\/wp\/v2\/media?parent=18126"}],"wp:term":[{"taxonomy":"post_tag","embeddable":true,"href":"https:\/\/esclaustre.com\/en\/wp-json\/wp\/v2\/tags?post=18126"},{"taxonomy":"tribe_events_cat","embeddable":true,"href":"https:\/\/esclaustre.com\/en\/wp-json\/wp\/v2\/tribe_events_cat?post=18126"}],"curies":[{"name":"wp","href":"https:\/\/api.w.org\/{rel}","templated":true}]}}

<p>[ bb_built=&#8221;1&#8243; fullwidth=&#8221;off&#8221; specialty=&#8221;on&#8221;][et_pb_column type=&#8221;3_4&#8243; specialty_columns=&#8221;3&#8243;][et_pb_row_inner admin_label=&#8221;Row&#8221; _builder_version=&#8221;3.0.51&#8243; background_position_1=&#8221;top_left&#8221; background_repeat_1=&#8221;no-repeat&#8221; module_class=&#8221;tribe-events-content__img&#8221;][et_pb_column_inner type=&#8221;4_4&#8243; saved_specialty_column_type=&#8221;3_4&#8243;][et_pb_image _builder_version=&#8221;3.0.64&#8243; show_in_lightbox=&#8221;off&#8221; url_new_window=&#8221;off&#8221; use_overlay=&#8221;off&#8221; sticky=&#8221;off&#8221; align=&#8221;left&#8221; always_center_on_mobile=&#8221;on&#8221; border_style=&#8221;solid&#8221; force_fullwidth=&#8221;off&#8221; src=&#8221;https://esclaustre.com/wp-content/uploads/2023/05/Joe_Smith_Trio.jpg&#8221; /][/et_pb_column_inner][/et_pb_row_inner][et_pb_row_inner admin_label=&#8221;Row&#8221; _builder_version=&#8221;3.0.51&#8243; background_position_1=&#8221;top_left&#8221; background_repeat_1=&#8221;no-repeat&#8221; module_class=&#8221;tribe-events-content__content&#8221;][et_pb_column_inner type=&#8221;4_4&#8243; saved_specialty_column_type=&#8221;3_4&#8243;][et_pb_code _builder_version=&#8221;3.0.51&#8243;][socialpug_share][/et_pb_code][et_pb_text _builder_version=&#8221;3.0.64&#8243; background_layout=&#8221;light&#8221; text_orientation=&#8221;left&#8221; border_style=&#8221;solid&#8221;]</p>
<h2><strong><span style="color: #000000;">«Joe Smith Trio» live Es Claustre jazz cycle</span></strong></h2>
<p>&nbsp;</p>
<p>The line-up that headlines session #7 of <strong><a href="https://esclaustre.com" target="_blank" rel="noopener">Es Claustre</a></strong> is led by <span style="color: #000000;"><strong>Miguel Villar</strong></span> – saxophone, <span style="color: #000000;"><strong>Jaume Llombart</strong></span> – electric bass, and <span style="color: #000000;"><strong>Joe Smith</strong> </span>– drums.</p>
<div class="page" title="Page 1">
<div class="section">
<div class="layoutArea">
<div class="column">
<div class="page" title="Page 1">
<div class="section">
<div class="layoutArea">
<div class="column">
<p><span style="color: #000000;"><strong>Joe Smith</strong></span> has united this trio of good friends to interpret some of his new and old compositions. The melodies being expressed by the lyrical tenor saxophonist <strong>Miguel Villar</strong> and the harmony by famed guitarist <strong>Jaume Llombart</strong>, heard here presenting his accompaniment on the electric Bass. Combining the different styles of <strong>jazz, ethnic and avant-garde music</strong>, the trio will take the audience on a voyage of emotions and improvisational explorations.</p>
</div>
</div>
</div>
</div>
</div>
</div>
</div>
</div>
<div class="page" title="Page 1">
<div class="section">
<div class="layoutArea">
<div class="column">
<div class="page" title="Page 1">
<div class="section">
<div class="layoutArea">
<div class="column">
<div class="page" title="Page 1">
<div class="section">
<div class="layoutArea">
<div class="column">
<p>&nbsp;</p>
<p>It may be more than ten years since he swapped <strong>Barcelona for Berlin</strong>, but the American drummer Joe Smith is still remembered in the Catalan capital, not only because he introduced unique methods of composition based on instant music patterns but also because he created the much-missed <strong>Asociación Libre Orkestra in El Raval</strong>. This artist, born in Illinois and trained in New York, has collaborated not only with jazz greats such as <strong>Guillermo Klein, Gorka Benitez, Chris Lightcap and Jorge Rossy</strong>, but also with <strong>Bill McHenry</strong> and <strong>Masa Kamaguchi</strong>.</p>
<p>&nbsp;</p>
<p>&nbsp;</p>
</div>
</div>
</div>
</div>
</div>
</div>
</div>
</div>
</div>
</div>
</div>
</div>
<div class="wpb_text_column wpb_content_element ">
<div class="wpb_wrapper">
<div class="wpb_text_column wpb_content_element "></div>
</div>
</div>
<div class="">
<div class="page" title="Page 1">
<div class="section">
<div class="layoutArea">
<div class="column">
<div class="page" title="Page 1">
<div class="section">
<div class="layoutArea">
<div class="column"></div>
</div>
</div>
</div>
</div>
</div>
</div>
</div>
<h3><strong>La Tercera edició del cicle Es Claustre 23</strong></h3>
<p>Tots els diumenges, de <strong>juny a setembre</strong>, la terrassa d’Es Claustre s’omplirà amb l’escena de músics habituals de l’emblemàtic local de <strong>jazz</strong> de Barcelona, creant el cicle Es Claustre 23.</p>
</div>
<div></div>
<div class="">
<p>Aquest concert forma part del <strong>«Mapa de Vincles»</strong> amb col·lectius, entitats, artistes o persones que Es Claustre inicia des de l&#8217;any 2021, amb <a href="https://23robadors.wordpress.com" target="_blank" rel="noopener"><strong>Robadors 23 </strong></a></p>
<p>&nbsp;</p>
</div>
<div></div>
<div class="">Maó i el Raval connectats pel <strong>jazz</strong>.</div>
<div></div>
<p>[/et_pb_text][/et_pb_column_inner][/et_pb_row_inner][/et_pb_column][et_pb_column type=&#8221;1_4&#8243;][et_pb_customEventMetaFields admin_label=&#8221;EsClaustre Camps Event&#8221; _builder_version=&#8221;3.0.51&#8243; location=&#8221;on&#8221; schedule=&#8221;on&#8221; price=&#8221;on&#8221; module_class=&#8221;appendTo_tribe-events-infoBlocks_landscape&#8221; /][et_pb_button _builder_version=&#8221;3.0.64&#8243; button_text=&#8221;BUY TICKETS&#8221; url_new_window=&#8221;on&#8221; button_alignment=&#8221;center&#8221; background_layout=&#8221;light&#8221; custom_button=&#8221;off&#8221; button_text_color=&#8221;#ffffff&#8221; button_bg_color=&#8221;#f92b44&#8243; button_border_width=&#8221;0&#8243; button_border_radius=&#8221;0&#8243; button_letter_spacing=&#8221;0&#8243; button_icon_placement=&#8221;right&#8221; button_letter_spacing_hover=&#8221;0&#8243; module_class=&#8221;btn-ticket appendTo_tribe-events-infoBlocks_landscape&#8221; button_url=&#8221;https://entradas.codetickets.com/entradas/joe-smith-trio/42688/esclaustre/online?lang=en_GB&#8221; /][et_pb_customEventCategories _builder_version=&#8221;3.0.51&#8243; /][et_pb_customEventTags _builder_version=&#8221;3.0.51&#8243; /][/et_pb_column][/]</p>

<p>«Joe Smith Trio» un luxe pel cicle de jazz d&#8217;Es Claustre. La formació que encapçala la sessió #7 d’Es Claustre està protagonitzada per Miguel Villar – saxo, Jaume Llombart – baix elèctric, i Joe Smith  – drums.</p>
