{"id":19247,"date":"2023-09-26T07:48:55","date_gmt":"2023-09-26T05:48:55","guid":{"rendered":"https:\/\/esclaustre.com\/event\/jorge-abadias-quartet-copy\/"},"modified":"2025-05-21T18:49:41","modified_gmt":"2025-05-21T16:49:41","slug":"labop","status":"publish","type":"tribe_events","link":"https:\/\/esclaustre.com\/en\/event\/labop\/","title":{"rendered":"LaBop"},"content":{"rendered":"<h2><strong><span style=\"color: #000000;\">\u00abLaBop\u00bb\u00a0<\/span><\/strong><\/h2>\n<p>La formaci\u00f3 que encap\u00e7ala la sessi\u00f3 #16 d<strong>\u2019<a href=\"https:\/\/esclaustre.com\/en\/\" target=\"_blank\" rel=\"noopener noreferrer\">Es Claustre<\/a><\/strong> est\u00e0 protagonitzada per en\u00a0<span style=\"color: #000000;\"><strong>Pere Arguimbau<\/strong><span style=\"color: #808080;\">\u2014<\/span>\u00a0guitarra el\u00e8ctrica<\/span>,\u00a0\u00a0<span style=\"color: #000000;\"><strong>Sergi Mart\u00edn<\/strong>\u00a0<span style=\"color: #808080;\">\u2014<\/span>\u00a0guitarra el\u00e8ctrica<\/span>,\u00a0<span style=\"color: #000000;\"><strong>Pablo Millas\u00a0<\/strong><\/span>\u2014 contrabaix,<strong>\u00a0<\/strong><span style=\"color: #000000;\"><span style=\"color: #808080;\">\u2014<\/span><strong>\u00a0 Guiem Pons<\/strong><\/span>\u00a0<strong>\u00a0<\/strong>\u2013 bateria.<\/p>\n<div class=\"page\" title=\"Page 1\">\n<div class=\"section\">\n<div class=\"layoutArea\">\n<div class=\"column\"><\/div>\n<\/div>\n<\/div>\n<\/div>\n<div class=\"page\" title=\"Page 1\">\n<div class=\"section\">\n<div class=\"layoutArea\">\n<div class=\"column\">\n<div class=\"page\" title=\"Page 1\">\n<div class=\"section\">\n<div class=\"layoutArea\">\n<div class=\"column\"><\/div>\n<div class=\"\">\n<div class=\"page\" title=\"Page 1\">\n<div class=\"section\">\n<div class=\"layoutArea\">\n<div class=\"column\">\n<div class=\"page\" title=\"Page 1\">\n<div class=\"section\">\n<div><\/div>\n<div><strong>LaBoP<\/strong> es m\u00e1s que una banda, es una experiencia. Es un explorador intergal\u00e1ctico, es Los \u00c1ngeles en el Mediterr\u00e1neo: vibrante, colorida y en movimiento. Con su fusi\u00f3n de jazz y funk, LaBoP crea un universo musical propio que invita a explorar nuevos mundos sonoros. La banda se nutre de influencias y estilos diversos creando una experiencia \u00fanica. Dos guitarras, vibrantes y el\u00e9ctricas, vuelan sobre la groovera pareja de baile compuesta por el contrabajo y la bater\u00eda. LaBoP despega y te invita a un viaje espacial. Especial.<\/div>\n<div><\/div>\n<div><\/div>\n<h3><strong>La Tercera edici\u00f3 del cicle\u00a0Es Claustre 23<\/strong><\/h3>\n<p>Tots els diumenges, de <strong>juny a setembre<\/strong>, la terrassa d\u2019Es Claustre s\u2019omplir\u00e0 amb l\u2019escena de m\u00fasics habituals de l\u2019emblem\u00e0tic local de <strong>jazz<\/strong> de Barcelona, creant el cicle Es Claustre 23.<\/p>\n<div class=\"\"><\/div>\n<div class=\"\">Aquest concert forma part del <strong>\u00abMapa de Vincles\u00bb<\/strong> amb col\u00b7lectius, entitats, artistes o persones que Es Claustre inicia des de l&#8217;any 2021, amb <a href=\"https:\/\/23robadors.wordpress.com\" target=\"_blank\" rel=\"noopener noreferrer\"><strong>Robadors 23\u00a0<\/strong><\/a><\/div>\n<p>&nbsp;<\/p>\n<div class=\"\">Ma\u00f3 i el Raval connectats pel <strong>jazz<\/strong>.<\/div>\n<\/div>\n<\/div>\n<\/div>\n<\/div>\n<\/div>\n<\/div>\n<\/div>\n<\/div>\n<\/div>\n<\/div>\n<\/div>\n<\/div>\n<\/div>\n<\/div>\n<p>&nbsp;<\/p>\n","protected":false},"excerpt":{"rendered":"<p>LaBoP es m\u00e1s que una banda, es una experiencia. Es un explorador intergal\u00e1ctico, es Los \u00c1ngeles en el Mediterr\u00e1neo: vibrante, colorida y en movimiento.<\/p>\n<p>Con su fusi\u00f3n de jazz y funk, LaBoP crea un universo musical propio que invita a explorar nuevos mundos sonoros. La banda se nutre de influencias y estilos diversos creando una experiencia \u00fanica.<\/p>\n","protected":false},"author":1,"featured_media":19245,"template":"","meta":{"_acf_changed":false,"_tribe_events_status":"","_tribe_events_status_reason":"","_tribe_events_is_hybrid":"","_tribe_events_is_virtual":"","_tribe_events_virtual_video_source":"","_tribe_events_virtual_embed_video":"","_tribe_events_virtual_linked_button_text":"","_tribe_events_virtual_linked_button":"","_tribe_events_virtual_show_embed_at":"","_tribe_events_virtual_show_embed_to":[],"_tribe_events_virtual_show_on_event":"","_tribe_events_virtual_show_on_views":"","_tribe_events_virtual_url":"","footnotes":""},"tags":[2907,3311,3229,2983,3946],"tribe_events_cat":[1423,768,107],"class_list":["post-19247","tribe_events","type-tribe_events","status-publish","has-post-thumbnail","hentry","tag-es-claustre-23-en","tag-guiem-pons-en","tag-pablo-millas-en","tag-pere-arguimbau-en","tag-sergi-martin-en","tribe_events_cat-agenda-menorca-en","tribe_events_cat-jazz-en","tribe_events_cat-musica-en","cat_agenda-menorca-en","cat_jazz-en","cat_musica-en"],"acf":[],"_links":{"self":[{"href":"https:\/\/esclaustre.com\/en\/wp-json\/wp\/v2\/tribe_events\/19247","targetHints":{"allow":["GET"]}}],"collection":[{"href":"https:\/\/esclaustre.com\/en\/wp-json\/wp\/v2\/tribe_events"}],"about":[{"href":"https:\/\/esclaustre.com\/en\/wp-json\/wp\/v2\/types\/tribe_events"}],"author":[{"embeddable":true,"href":"https:\/\/esclaustre.com\/en\/wp-json\/wp\/v2\/users\/1"}],"version-history":[{"count":1,"href":"https:\/\/esclaustre.com\/en\/wp-json\/wp\/v2\/tribe_events\/19247\/revisions"}],"predecessor-version":[{"id":28773,"href":"https:\/\/esclaustre.com\/en\/wp-json\/wp\/v2\/tribe_events\/19247\/revisions\/28773"}],"wp:featuredmedia":[{"embeddable":true,"href":"https:\/\/esclaustre.com\/en\/wp-json\/wp\/v2\/media\/19245"}],"wp:attachment":[{"href":"https:\/\/esclaustre.com\/en\/wp-json\/wp\/v2\/media?parent=19247"}],"wp:term":[{"taxonomy":"post_tag","embeddable":true,"href":"https:\/\/esclaustre.com\/en\/wp-json\/wp\/v2\/tags?post=19247"},{"taxonomy":"tribe_events_cat","embeddable":true,"href":"https:\/\/esclaustre.com\/en\/wp-json\/wp\/v2\/tribe_events_cat?post=19247"}],"curies":[{"name":"wp","href":"https:\/\/api.w.org\/{rel}","templated":true}]}}

<h2><strong><span style="color: #000000;">«LaBop» </span></strong></h2>
<p>La formació que encapçala la sessió #16 d<strong>’<a href="https://esclaustre.com/en/" target="_blank" rel="noopener noreferrer">Es Claustre</a></strong> està protagonitzada per en <span style="color: #000000;"><strong>Pere Arguimbau</strong><span style="color: #808080;">—</span> guitarra elèctrica</span>,  <span style="color: #000000;"><strong>Sergi Martín</strong> <span style="color: #808080;">—</span> guitarra elèctrica</span>, <span style="color: #000000;"><strong>Pablo Millas </strong></span>— contrabaix,<strong> </strong><span style="color: #000000;"><span style="color: #808080;">—</span><strong>  Guiem Pons</strong></span> <strong> </strong>– bateria.</p>
<div class="page" title="Page 1">
<div class="section">
<div class="layoutArea">
<div class="column"></div>
</div>
</div>
</div>
<div class="page" title="Page 1">
<div class="section">
<div class="layoutArea">
<div class="column">
<div class="page" title="Page 1">
<div class="section">
<div class="layoutArea">
<div class="column"></div>
<div class="">
<div class="page" title="Page 1">
<div class="section">
<div class="layoutArea">
<div class="column">
<div class="page" title="Page 1">
<div class="section">
<div></div>
<div><strong>LaBoP</strong> es más que una banda, es una experiencia. Es un explorador intergaláctico, es Los Ángeles en el Mediterráneo: vibrante, colorida y en movimiento. Con su fusión de jazz y funk, LaBoP crea un universo musical propio que invita a explorar nuevos mundos sonoros. La banda se nutre de influencias y estilos diversos creando una experiencia única. Dos guitarras, vibrantes y eléctricas, vuelan sobre la groovera pareja de baile compuesta por el contrabajo y la batería. LaBoP despega y te invita a un viaje espacial. Especial.</div>
<div></div>
<div></div>
<h3><strong>La Tercera edició del cicle Es Claustre 23</strong></h3>
<p>Tots els diumenges, de <strong>juny a setembre</strong>, la terrassa d’Es Claustre s’omplirà amb l’escena de músics habituals de l’emblemàtic local de <strong>jazz</strong> de Barcelona, creant el cicle Es Claustre 23.</p>
<div class=""></div>
<div class="">Aquest concert forma part del <strong>«Mapa de Vincles»</strong> amb col·lectius, entitats, artistes o persones que Es Claustre inicia des de l&#8217;any 2021, amb <a href="https://23robadors.wordpress.com" target="_blank" rel="noopener noreferrer"><strong>Robadors 23 </strong></a></div>
<p>&nbsp;</p>
<div class="">Maó i el Raval connectats pel <strong>jazz</strong>.</div>
</div>
</div>
</div>
</div>
</div>
</div>
</div>
</div>
</div>
</div>
</div>
</div>
</div>
</div>
<p>&nbsp;</p>

<p>LaBoP es más que una banda, es una experiencia. Es un explorador intergaláctico, es Los Ángeles en el Mediterráneo: vibrante, colorida y en movimiento.</p>
<p>Con su fusión de jazz y funk, LaBoP crea un universo musical propio que invita a explorar nuevos mundos sonoros. La banda se nutre de influencias y estilos diversos creando una experiencia única.</p>
