{"id":26757,"date":"2024-05-17T12:04:32","date_gmt":"2024-05-17T10:04:32","guid":{"rendered":"https:\/\/esclaustre.com\/event\/ses-bisties-de-mongofre\/"},"modified":"2025-05-27T18:19:09","modified_gmt":"2025-05-27T16:19:09","slug":"ses-bisties-de-mongofre","status":"publish","type":"tribe_events","link":"https:\/\/esclaustre.com\/en\/event\/ses-bisties-de-mongofre\/","title":{"rendered":"Ses B\u00edsties de Mongofre"},"content":{"rendered":"<h2><strong>\u00abSes B\u00edsties de Mongofre\u00bb festius i compromesos amb la terra i la cultura.<\/strong><\/h2>\n<p><strong>Ses B\u00edsties de Mongofre<\/strong> \u00e9s un grup menorqu\u00ed format a finals del 2019 amb l\u2019objectiu de fer temes propis. Durant aquests anys han fet diferents concerts per Menorca i Catalunya i han publicat diferents can\u00e7ons amb l\u2019EP Hivern i el seu primer disc A Borinar!. Durant el 2025 continuen presentant nous temes als seus directes i a les principals plataformes digitals. Es caracteritzen per una pres\u00e8ncia energ\u00e8tica dalt l\u2019escenari i per fer una m\u00fasica festiva, fresca i alegre, que es combina amb alguns temes m\u00e9s reflexius o profunds. El grup s\u2019autodefineix dintre del <strong>folk<\/strong>, tot i que les seves can\u00e7ons tamb\u00e9 agafen trets de la <strong>rumba catalana<\/strong> i d\u2019estils m\u00e9s urbans com el <strong>rap<\/strong>.<\/p>\n<p><a href=\"https:\/\/linktr.ee\/sesbisties\" target=\"_blank\" rel=\"noopener\">Ses B\u00edsties de Mongofre<\/a> estan compromesos amb la terra i la cultura, les can\u00e7ons descriuen totes aquestes situacions i intimitats sense deixar de banda una perspectiva cr\u00edtica amb les q\u00fcestions pol\u00edtiques i socials d\u2019actualitat.<\/p>\n<p>Els varem tenir en la festa de celebraci\u00f3 dels 15 Anys, juntament amb <strong>Verlaat<\/strong> i <strong>Ant\u00f2nia Font<\/strong>, tamb\u00e9 l&#8217;any passat i de nou dins <a href=\"http:\/\/www.esclaustre.com\">Es Claustre<\/a>.<\/p>\n<p>&nbsp;<\/p>\n<div class=\"rve-embed-responsive rve-embed-responsive-16by9\"><iframe title=\"Ses B\u00edsties de Mongofre - Perduts\" width=\"800\" height=\"450\" src=\"https:\/\/www.youtube.com\/embed\/pcWfRTWzSHk?feature=oembed\" frameborder=\"0\" allow=\"accelerometer; autoplay; clipboard-write; encrypted-media; gyroscope; picture-in-picture; web-share\" referrerpolicy=\"strict-origin-when-cross-origin\" allowfullscreen><\/iframe><\/div>\n","protected":false},"excerpt":{"rendered":"<p>Ses B\u00edsties de Mongofre \u00e9s un grup menorqu\u00ed format a finals del 2019 amb l\u2019objectiu de fer temes propis. Es caracteritzen per una pres\u00e8ncia energ\u00e8tica dalt l&#8217;escenari i per fer una m\u00fasica festiva, fresca i alegre, que es combina amb alguns temes m\u00e9s reflexius o profunds. Compromesos amb la terra i la cultura, les can\u00e7ons descriuen totes aquestes situacions i intimitats sense deixar de banda una perspectiva cr\u00edtica amb les q\u00fcestions pol\u00edtiques i socials d&#8217;actualitat.<\/p>\n","protected":false},"author":1,"featured_media":29207,"template":"","meta":{"_acf_changed":false,"_tribe_events_status":"","_tribe_events_status_reason":"","_tribe_events_is_hybrid":"","_tribe_events_is_virtual":"","_tribe_events_virtual_video_source":"","_tribe_events_virtual_embed_video":"","_tribe_events_virtual_linked_button_text":"","_tribe_events_virtual_linked_button":"","_tribe_events_virtual_show_embed_at":"","_tribe_events_virtual_show_embed_to":[],"_tribe_events_virtual_show_on_event":"","_tribe_events_virtual_show_on_views":"","_tribe_events_virtual_url":"","footnotes":""},"tags":[160,210,133,1124,4293],"tribe_events_cat":[1423,4150,107],"class_list":["post-26757","tribe_events","type-tribe_events","status-publish","has-post-thumbnail","hentry","tag-folk-en","tag-menorca-en","tag-pop-en","tag-rap-en","tag-rumba-catalana-en","tribe_events_cat-agenda-menorca-en","tribe_events_cat-altres-esdeveniments-en","tribe_events_cat-musica-en","cat_agenda-menorca-en","cat_altres-esdeveniments-en","cat_musica-en"],"acf":[],"_links":{"self":[{"href":"https:\/\/esclaustre.com\/en\/wp-json\/wp\/v2\/tribe_events\/26757","targetHints":{"allow":["GET"]}}],"collection":[{"href":"https:\/\/esclaustre.com\/en\/wp-json\/wp\/v2\/tribe_events"}],"about":[{"href":"https:\/\/esclaustre.com\/en\/wp-json\/wp\/v2\/types\/tribe_events"}],"author":[{"embeddable":true,"href":"https:\/\/esclaustre.com\/en\/wp-json\/wp\/v2\/users\/1"}],"version-history":[{"count":2,"href":"https:\/\/esclaustre.com\/en\/wp-json\/wp\/v2\/tribe_events\/26757\/revisions"}],"predecessor-version":[{"id":29215,"href":"https:\/\/esclaustre.com\/en\/wp-json\/wp\/v2\/tribe_events\/26757\/revisions\/29215"}],"wp:featuredmedia":[{"embeddable":true,"href":"https:\/\/esclaustre.com\/en\/wp-json\/wp\/v2\/media\/29207"}],"wp:attachment":[{"href":"https:\/\/esclaustre.com\/en\/wp-json\/wp\/v2\/media?parent=26757"}],"wp:term":[{"taxonomy":"post_tag","embeddable":true,"href":"https:\/\/esclaustre.com\/en\/wp-json\/wp\/v2\/tags?post=26757"},{"taxonomy":"tribe_events_cat","embeddable":true,"href":"https:\/\/esclaustre.com\/en\/wp-json\/wp\/v2\/tribe_events_cat?post=26757"}],"curies":[{"name":"wp","href":"https:\/\/api.w.org\/{rel}","templated":true}]}}

Ses Bísties de Mongofre

<h2><strong>«Ses Bísties de Mongofre» festius i compromesos amb la terra i la cultura.</strong></h2>
<p><strong>Ses Bísties de Mongofre</strong> és un grup menorquí format a finals del 2019 amb l’objectiu de fer temes propis. Durant aquests anys han fet diferents concerts per Menorca i Catalunya i han publicat diferents cançons amb l’EP Hivern i el seu primer disc A Borinar!. Durant el 2025 continuen presentant nous temes als seus directes i a les principals plataformes digitals. Es caracteritzen per una presència energètica dalt l’escenari i per fer una música festiva, fresca i alegre, que es combina amb alguns temes més reflexius o profunds. El grup s’autodefineix dintre del <strong>folk</strong>, tot i que les seves cançons també agafen trets de la <strong>rumba catalana</strong> i d’estils més urbans com el <strong>rap</strong>.</p>
<p><a href="https://linktr.ee/sesbisties" target="_blank" rel="noopener">Ses Bísties de Mongofre</a> estan compromesos amb la terra i la cultura, les cançons descriuen totes aquestes situacions i intimitats sense deixar de banda una perspectiva crítica amb les qüestions polítiques i socials d’actualitat.</p>
<p>Els varem tenir en la festa de celebració dels 15 Anys, juntament amb <strong>Verlaat</strong> i <strong>Antònia Font</strong>, també l&#8217;any passat i de nou dins <a href="http://www.esclaustre.com">Es Claustre</a>.</p>
<p>&nbsp;</p>
<div class="rve-embed-responsive rve-embed-responsive-16by9"><iframe title="Ses Bísties de Mongofre - Perduts" width="800" height="450" src="https://www.youtube.com/embed/pcWfRTWzSHk?feature=oembed" frameborder="0" allow="accelerometer; autoplay; clipboard-write; encrypted-media; gyroscope; picture-in-picture; web-share" referrerpolicy="strict-origin-when-cross-origin" allowfullscreen></iframe></div>

<p>Ses Bísties de Mongofre és un grup menorquí format a finals del 2019 amb l’objectiu de fer temes propis. Es caracteritzen per una presència energètica dalt l&#8217;escenari i per fer una música festiva, fresca i alegre, que es combina amb alguns temes més reflexius o profunds. Compromesos amb la terra i la cultura, les cançons descriuen totes aquestes situacions i intimitats sense deixar de banda una perspectiva crítica amb les qüestions polítiques i socials d&#8217;actualitat.</p>
