{"id":27837,"date":"2025-05-13T11:25:45","date_gmt":"2025-05-13T09:25:45","guid":{"rendered":"https:\/\/esclaustre.com\/event\/le-nuit-diego-armando\/"},"modified":"2025-05-13T11:26:09","modified_gmt":"2025-05-13T09:26:09","slug":"le-nuit-diego-armando","status":"publish","type":"tribe_events","link":"https:\/\/esclaustre.com\/en\/event\/le-nuit-diego-armando\/","title":{"rendered":"Le Nuit &#038; Diego Armando"},"content":{"rendered":"<h2><strong>\u00abLe Nuit &amp; Diego Armando\u00bb a la cabina del Claustre<\/strong><\/h2>\n<div>Dj <span style=\"color: #000000;\"><strong>Le Nuit<\/strong> <\/span>ens oferir\u00e0 una sessi\u00f3 compartida enfocada al pop alternatiu: indie pop, sinth pop, garage, psicod\u00e8lia&#8230;<\/div>\n<div><\/div>\n<div>En Pol \u00e9s un dj de Barcelona que ha sovintejat l&#8217;escena m\u00e9s canalla i amb la m\u00fasica electr\u00f2nica com a referent, tanmateix el seu gust pel pop, mesclat amb punk hip hop, new wave&#8230;\u00e9s el que ens oferir\u00e0 en la seva sessi\u00f3 de divendres nit. <span style=\"font-family: -apple-system, BlinkMacSystemFont, 'Segoe UI', Roboto, 'Helvetica Neue', Arial, 'Noto Sans', sans-serif, 'Apple Color Emoji', 'Segoe UI Emoji', 'Segoe UI Symbol', 'Noto Color Emoji';\">\u00c9s un asiduo de les nits menorquines, i en aquesta ocasi\u00f3 s&#8217;acompanya de <a href=\"https:\/\/www.instagram.com\/riembauet\/\" target=\"_blank\" rel=\"noopener\"><strong>Diego Armando<\/strong><\/a>, un dj transfronterer on l<\/span><span style=\"font-family: -apple-system, BlinkMacSystemFont, 'Segoe UI', Roboto, 'Helvetica Neue', Arial, 'Noto Sans', sans-serif, 'Apple Color Emoji', 'Segoe UI Emoji', 'Segoe UI Symbol', 'Noto Color Emoji';\">a seva especialitat \u00e9s entendre que la m\u00fasica no sap de g\u00e8neres i que per fer ballar el personal \u00e9s el m\u00e9s important.<\/span><\/div>\n<div>\n<p>&nbsp;<\/p>\n<p>Vine a descobrir m\u00e9s i m\u00e9s m\u00fasica cada cap de setmana <a href=\"http:\/\/www.esclaustre.com\"><strong>Es Claustre Club<\/strong><\/a>!<\/p>\n<\/div>\n","protected":false},"excerpt":{"rendered":"<p>\u00abLe Nuit &#038; Diego Armando\u00bb a la cabina del Claustre<br \/>\nDj Le Nuit ens oferir\u00e0 una sessi\u00f3 compartida enfocada al pop alternatiu: indie pop, sinth pop, garage, psicod\u00e8lia&#8230;<\/p>\n","protected":false},"author":1,"featured_media":27833,"template":"","meta":{"_acf_changed":false,"_tribe_events_status":"","_tribe_events_status_reason":"","_tribe_events_is_hybrid":"","_tribe_events_is_virtual":"","_tribe_events_virtual_video_source":"","_tribe_events_virtual_embed_video":"","_tribe_events_virtual_linked_button_text":"","_tribe_events_virtual_linked_button":"","_tribe_events_virtual_show_embed_at":"","_tribe_events_virtual_show_embed_to":[],"_tribe_events_virtual_show_on_event":"","_tribe_events_virtual_show_on_views":"","_tribe_events_virtual_url":"","footnotes":""},"tags":[4441,2628,4447],"tribe_events_cat":[4133,1423],"class_list":["post-27837","tribe_events","type-tribe_events","status-publish","has-post-thumbnail","hentry","tag-diego-armando-en","tag-es-claustre-club-musiques-diverses-en","tag-le-nuit-friends-en","tribe_events_cat-activitats-paralleles-en","tribe_events_cat-agenda-menorca-en","cat_activitats-paralleles-en","cat_agenda-menorca-en"],"acf":[],"_links":{"self":[{"href":"https:\/\/esclaustre.com\/en\/wp-json\/wp\/v2\/tribe_events\/27837","targetHints":{"allow":["GET"]}}],"collection":[{"href":"https:\/\/esclaustre.com\/en\/wp-json\/wp\/v2\/tribe_events"}],"about":[{"href":"https:\/\/esclaustre.com\/en\/wp-json\/wp\/v2\/types\/tribe_events"}],"author":[{"embeddable":true,"href":"https:\/\/esclaustre.com\/en\/wp-json\/wp\/v2\/users\/1"}],"version-history":[{"count":1,"href":"https:\/\/esclaustre.com\/en\/wp-json\/wp\/v2\/tribe_events\/27837\/revisions"}],"predecessor-version":[{"id":27839,"href":"https:\/\/esclaustre.com\/en\/wp-json\/wp\/v2\/tribe_events\/27837\/revisions\/27839"}],"wp:featuredmedia":[{"embeddable":true,"href":"https:\/\/esclaustre.com\/en\/wp-json\/wp\/v2\/media\/27833"}],"wp:attachment":[{"href":"https:\/\/esclaustre.com\/en\/wp-json\/wp\/v2\/media?parent=27837"}],"wp:term":[{"taxonomy":"post_tag","embeddable":true,"href":"https:\/\/esclaustre.com\/en\/wp-json\/wp\/v2\/tags?post=27837"},{"taxonomy":"tribe_events_cat","embeddable":true,"href":"https:\/\/esclaustre.com\/en\/wp-json\/wp\/v2\/tribe_events_cat?post=27837"}],"curies":[{"name":"wp","href":"https:\/\/api.w.org\/{rel}","templated":true}]}}

<h2><strong>«Le Nuit &amp; Diego Armando» a la cabina del Claustre</strong></h2>
<div>Dj <span style="color: #000000;"><strong>Le Nuit</strong> </span>ens oferirà una sessió compartida enfocada al pop alternatiu: indie pop, sinth pop, garage, psicodèlia&#8230;</div>
<div></div>
<div>En Pol és un dj de Barcelona que ha sovintejat l&#8217;escena més canalla i amb la música electrònica com a referent, tanmateix el seu gust pel pop, mesclat amb punk hip hop, new wave&#8230;és el que ens oferirà en la seva sessió de divendres nit. <span style="font-family: -apple-system, BlinkMacSystemFont, 'Segoe UI', Roboto, 'Helvetica Neue', Arial, 'Noto Sans', sans-serif, 'Apple Color Emoji', 'Segoe UI Emoji', 'Segoe UI Symbol', 'Noto Color Emoji';">És un asiduo de les nits menorquines, i en aquesta ocasió s&#8217;acompanya de <a href="https://www.instagram.com/riembauet/" target="_blank" rel="noopener"><strong>Diego Armando</strong></a>, un dj transfronterer on l</span><span style="font-family: -apple-system, BlinkMacSystemFont, 'Segoe UI', Roboto, 'Helvetica Neue', Arial, 'Noto Sans', sans-serif, 'Apple Color Emoji', 'Segoe UI Emoji', 'Segoe UI Symbol', 'Noto Color Emoji';">a seva especialitat és entendre que la música no sap de gèneres i que per fer ballar el personal és el més important.</span></div>
<div>
<p>&nbsp;</p>
<p>Vine a descobrir més i més música cada cap de setmana <a href="http://www.esclaustre.com"><strong>Es Claustre Club</strong></a>!</p>
</div>

<p>«Le Nuit &#038; Diego Armando» a la cabina del Claustre<br />
Dj Le Nuit ens oferirà una sessió compartida enfocada al pop alternatiu: indie pop, sinth pop, garage, psicodèlia&#8230;</p>
