{"id":28568,"date":"2025-05-21T10:17:21","date_gmt":"2025-05-21T08:17:21","guid":{"rendered":"https:\/\/esclaustre.com\/event\/velam-quartet\/"},"modified":"2025-05-21T10:30:47","modified_gmt":"2025-05-21T08:30:47","slug":"velam-quartet","status":"publish","type":"tribe_events","link":"https:\/\/esclaustre.com\/en\/event\/velam-quartet\/","title":{"rendered":"Velam Quartet"},"content":{"rendered":"<h2><strong>\u00abVelam Quartet\u00bb, jazz and the inspiration of melodies of the sea.<\/strong><\/h2>\n<p class=\"p1\">Velam is a sound journey through the music of the maritime tradition from different corners of the world, marked by improvisation and with arrangements inspired by classical music.<\/p>\n<p class=\"p1\">From ancestral melodies to songs of sailors and fishermen, the music evokes the swaying of the waves and the spirit of the sea.<\/p>\n<p>&nbsp;<\/p>\n<p class=\"p1\"><strong>Josep Mascar\u00f3<\/strong> violin \u00b7 <strong>Pau Marqu\u00e9s<\/strong> cello \u00b7 <strong>Icar Toset<\/strong> guitar \u00b7 <strong>Pablo Millas<\/strong> double bass<\/p>\n<p>&nbsp;<\/p>\n<div id='gallery-1' class='gallery galleryid-28568 gallery-columns-3 gallery-size-medium'><figure class='gallery-item'>\n\t\t\t<div class='gallery-icon portrait'>\n\t\t\t\t<a href='https:\/\/esclaustre.com\/wp-content\/uploads\/2025\/05\/CARTELLjazz2025_1.jpeg'><img fetchpriority=\"high\" decoding=\"async\" width=\"240\" height=\"300\" src=\"https:\/\/esclaustre.com\/wp-content\/uploads\/2025\/05\/CARTELLjazz2025_1-240x300.jpeg\" class=\"attachment-medium size-medium\" alt=\"Es Claustre Jazz 2025\" aria-describedby=\"gallery-1-28462\" srcset=\"https:\/\/esclaustre.com\/wp-content\/uploads\/2025\/05\/CARTELLjazz2025_1-240x300.jpeg 240w, https:\/\/esclaustre.com\/wp-content\/uploads\/2025\/05\/CARTELLjazz2025_1-768x960.jpeg 768w, https:\/\/esclaustre.com\/wp-content\/uploads\/2025\/05\/CARTELLjazz2025_1-600x750.jpeg 600w, https:\/\/esclaustre.com\/wp-content\/uploads\/2025\/05\/CARTELLjazz2025_1.jpeg 800w\" sizes=\"(max-width: 240px) 100vw, 240px\" title=\"\"><\/a>\n\t\t\t<\/div>\n\t\t\t\t<figcaption class='wp-caption-text gallery-caption' id='gallery-1-28462'>\n\t\t\t\tEs Claustre Jazz 2025\n\t\t\t\t<\/figcaption><\/figure><figure class='gallery-item'>\n\t\t\t<div class='gallery-icon portrait'>\n\t\t\t\t<a href='https:\/\/esclaustre.com\/wp-content\/uploads\/2025\/05\/CARTELLjazz2025_2.jpeg'><img decoding=\"async\" width=\"240\" height=\"300\" src=\"https:\/\/esclaustre.com\/wp-content\/uploads\/2025\/05\/CARTELLjazz2025_2-240x300.jpeg\" class=\"attachment-medium size-medium\" alt=\"Es Claustre Jazz 2025\" aria-describedby=\"gallery-1-28465\" srcset=\"https:\/\/esclaustre.com\/wp-content\/uploads\/2025\/05\/CARTELLjazz2025_2-240x300.jpeg 240w, https:\/\/esclaustre.com\/wp-content\/uploads\/2025\/05\/CARTELLjazz2025_2-768x960.jpeg 768w, https:\/\/esclaustre.com\/wp-content\/uploads\/2025\/05\/CARTELLjazz2025_2-600x750.jpeg 600w, https:\/\/esclaustre.com\/wp-content\/uploads\/2025\/05\/CARTELLjazz2025_2.jpeg 800w\" sizes=\"(max-width: 240px) 100vw, 240px\" title=\"\"><\/a>\n\t\t\t<\/div>\n\t\t\t\t<figcaption class='wp-caption-text gallery-caption' id='gallery-1-28465'>\n\t\t\t\tEs Claustre Jazz 2025\n\t\t\t\t<\/figcaption><\/figure>\n\t\t<\/div>\n\n","protected":false},"excerpt":{"rendered":"<p>Velam Quartet, jazz i la inspiraci\u00f3 marinera<\/p>\n<p>Velam \u00e9s un viatge sonor a trav\u00e9s de la m\u00fasica de tradici\u00f3 marinera de diferents racons del m\u00f3n, marcat per la improvisaci\u00f3 i amb arranjaments inspirats en la m\u00fasica cl\u00e0ssica.<\/p>\n","protected":false},"author":1,"featured_media":28564,"template":"","meta":{"_acf_changed":false,"_tribe_events_status":"","_tribe_events_status_reason":"","_tribe_events_is_hybrid":"","_tribe_events_is_virtual":"","_tribe_events_virtual_video_source":"","_tribe_events_virtual_embed_video":"","_tribe_events_virtual_linked_button_text":"","_tribe_events_virtual_linked_button":"","_tribe_events_virtual_show_embed_at":"","_tribe_events_virtual_show_embed_to":[],"_tribe_events_virtual_show_on_event":"","_tribe_events_virtual_show_on_views":"","_tribe_events_virtual_url":"","footnotes":""},"tags":[2907,4451,104],"tribe_events_cat":[4133,1423,768],"class_list":["post-28568","tribe_events","type-tribe_events","status-publish","has-post-thumbnail","hentry","tag-es-claustre-23-en","tag-es-claustre-jazz-en","tag-jazz-en","tribe_events_cat-activitats-paralleles-en","tribe_events_cat-agenda-menorca-en","tribe_events_cat-jazz-en","cat_activitats-paralleles-en","cat_agenda-menorca-en","cat_jazz-en"],"acf":[],"_links":{"self":[{"href":"https:\/\/esclaustre.com\/en\/wp-json\/wp\/v2\/tribe_events\/28568","targetHints":{"allow":["GET"]}}],"collection":[{"href":"https:\/\/esclaustre.com\/en\/wp-json\/wp\/v2\/tribe_events"}],"about":[{"href":"https:\/\/esclaustre.com\/en\/wp-json\/wp\/v2\/types\/tribe_events"}],"author":[{"embeddable":true,"href":"https:\/\/esclaustre.com\/en\/wp-json\/wp\/v2\/users\/1"}],"version-history":[{"count":7,"href":"https:\/\/esclaustre.com\/en\/wp-json\/wp\/v2\/tribe_events\/28568\/revisions"}],"predecessor-version":[{"id":28589,"href":"https:\/\/esclaustre.com\/en\/wp-json\/wp\/v2\/tribe_events\/28568\/revisions\/28589"}],"wp:featuredmedia":[{"embeddable":true,"href":"https:\/\/esclaustre.com\/en\/wp-json\/wp\/v2\/media\/28564"}],"wp:attachment":[{"href":"https:\/\/esclaustre.com\/en\/wp-json\/wp\/v2\/media?parent=28568"}],"wp:term":[{"taxonomy":"post_tag","embeddable":true,"href":"https:\/\/esclaustre.com\/en\/wp-json\/wp\/v2\/tags?post=28568"},{"taxonomy":"tribe_events_cat","embeddable":true,"href":"https:\/\/esclaustre.com\/en\/wp-json\/wp\/v2\/tribe_events_cat?post=28568"}],"curies":[{"name":"wp","href":"https:\/\/api.w.org\/{rel}","templated":true}]}}

<h2><strong>«Velam Quartet», jazz and the inspiration of melodies of the sea.</strong></h2>
<p class="p1">Velam is a sound journey through the music of the maritime tradition from different corners of the world, marked by improvisation and with arrangements inspired by classical music.</p>
<p class="p1">From ancestral melodies to songs of sailors and fishermen, the music evokes the swaying of the waves and the spirit of the sea.</p>
<p>&nbsp;</p>
<p class="p1"><strong>Josep Mascaró</strong> violin · <strong>Pau Marqués</strong> cello · <strong>Icar Toset</strong> guitar · <strong>Pablo Millas</strong> double bass</p>
<p>&nbsp;</p>
<div id='gallery-1' class='gallery galleryid-28568 gallery-columns-3 gallery-size-medium'><figure class='gallery-item'>
			<div class='gallery-icon portrait'>
				<a href='https://esclaustre.com/wp-content/uploads/2025/05/CARTELLjazz2025_1.jpeg'><img fetchpriority="high" decoding="async" width="240" height="300" src="https://esclaustre.com/wp-content/uploads/2025/05/CARTELLjazz2025_1-240x300.jpeg" class="attachment-medium size-medium" alt="Es Claustre Jazz 2025" aria-describedby="gallery-1-28462" srcset="https://esclaustre.com/wp-content/uploads/2025/05/CARTELLjazz2025_1-240x300.jpeg 240w, https://esclaustre.com/wp-content/uploads/2025/05/CARTELLjazz2025_1-768x960.jpeg 768w, https://esclaustre.com/wp-content/uploads/2025/05/CARTELLjazz2025_1-600x750.jpeg 600w, https://esclaustre.com/wp-content/uploads/2025/05/CARTELLjazz2025_1.jpeg 800w" sizes="(max-width: 240px) 100vw, 240px" title=""></a>
			</div>
				<figcaption class='wp-caption-text gallery-caption' id='gallery-1-28462'>
				Es Claustre Jazz 2025
				</figcaption></figure><figure class='gallery-item'>
			<div class='gallery-icon portrait'>
				<a href='https://esclaustre.com/wp-content/uploads/2025/05/CARTELLjazz2025_2.jpeg'><img decoding="async" width="240" height="300" src="https://esclaustre.com/wp-content/uploads/2025/05/CARTELLjazz2025_2-240x300.jpeg" class="attachment-medium size-medium" alt="Es Claustre Jazz 2025" aria-describedby="gallery-1-28465" srcset="https://esclaustre.com/wp-content/uploads/2025/05/CARTELLjazz2025_2-240x300.jpeg 240w, https://esclaustre.com/wp-content/uploads/2025/05/CARTELLjazz2025_2-768x960.jpeg 768w, https://esclaustre.com/wp-content/uploads/2025/05/CARTELLjazz2025_2-600x750.jpeg 600w, https://esclaustre.com/wp-content/uploads/2025/05/CARTELLjazz2025_2.jpeg 800w" sizes="(max-width: 240px) 100vw, 240px" title=""></a>
			</div>
				<figcaption class='wp-caption-text gallery-caption' id='gallery-1-28465'>
				Es Claustre Jazz 2025
				</figcaption></figure>
		</div>

<p>Velam Quartet, jazz i la inspiració marinera</p>
<p>Velam és un viatge sonor a través de la música de tradició marinera de diferents racons del món, marcat per la improvisació i amb arranjaments inspirats en la música clàssica.</p>
