{"id":30331,"date":"2026-02-06T17:38:15","date_gmt":"2026-02-06T16:38:15","guid":{"rendered":"https:\/\/esclaustre.com\/event\/belen-natali\/"},"modified":"2026-04-15T10:26:16","modified_gmt":"2026-04-15T08:26:16","slug":"belen-natali","status":"publish","type":"tribe_events","link":"https:\/\/esclaustre.com\/en\/event\/belen-natali\/","title":{"rendered":"Belen Natal\u00ed"},"content":{"rendered":"<h2><strong>\u00abBelen Natal\u00ed\u00bb, arrel i modernitat amb una identitat sonora inconfusible.<\/strong><\/h2>\n<div align=\"left\">Establerta des de fa anys a Barcelona, l&#8217;argentina <strong>Bel\u00e9n Natal\u00ed<\/strong> fusiona <strong>pop lo-fi, R&amp;B, reggae i ritmes llatinoamericans<\/strong> amb una sensibilitat l\u00edrica \u00fanica. Despr\u00e9s del seu EP <a href=\"https:\/\/open.spotify.com\/album\/0tjxaEVKFRXNFbgwCanNFA\" target=\"_blank\" rel=\"noopener noreferrer nofollow\"><em>Jacarand\u00e1<\/em><\/a>\u00a0<em>Jacarand\u00e1<\/em>(2023), on van brillar les col\u00b7laboracions amb <strong>Ferran<\/strong> <strong>Palau<\/strong> i <strong>Santa<\/strong> <strong>Salut<\/strong>, i singles com <a href=\"https:\/\/open.spotify.com\/intl-es\/track\/6GoCBUD10DTpJfUQRLxS5X?si=99b88f6f7faa4df3\" target=\"_blank\" rel=\"noopener noreferrer nofollow\">&#8220;Diluvio&#8221;<\/a> o <a href=\"https:\/\/open.spotify.com\/intl-es\/track\/7K5TjMTEgxl8D7NEf3he5y?si=5550c6aa9a204d23\" target=\"_blank\" rel=\"noopener noreferrer nofollow\">&#8220;Camping&#8221;<\/a>, 2026 marca el llan\u00e7ament del seu primer \u00e0lbum, amb col\u00b7laboracions de pes com <strong>Ana Tijoux<\/strong> (<a href=\"https:\/\/orcd.co\/belennatali-santarosa\" target=\"_blank\" rel=\"noopener noreferrer nofollow\">\u201cSANTA ROSA\u201d<\/a>), i una proposta cada cop m\u00e9s s\u00f2lida i personal.<\/div>\n<div align=\"left\">\n<p>El seu directe, fresc i \u00edntim, ha crescut amb for\u00e7a en escenaris com <strong>Embassa&#8217;t (Sabadell), Primavera Sound (Primavera a la Ciutat, Barcelona) o Sound Isidro (Madrid)<\/strong>, compartint cartell i actuacions amb artistes com <strong>Lia Kali, Isla de Caras, Dante Spinetta o Son Rompe Pera.<\/strong><\/p>\n<p><a title=\"Belen Natal\u00ed\" href=\"https:\/\/www.instagram.com\/ohlanatali\/?hl=es\" target=\"_blank\" rel=\"noopener\"><strong>Bel\u00e9n Natal\u00ed<\/strong><\/a> emergeix com una de les veus m\u00e9s interessants del panorama alternatiu, combinant arrel i modernitat amb una identitat sonora inconfusible<strong>.<\/strong><\/p>\n<\/div>\n<p>&nbsp;<\/p>\n<div class=\"rve-embed-responsive rve-embed-responsive-16by9\"><iframe title=\"Bel\u00e9n Natal\u00ed- bby glock  \/\u0335\u0347\u033f\u033f\/\u2019\u033f\u2019\u033f \u033f \u033f\u033f \u033f\u033f \u033f\u033f\" width=\"800\" height=\"450\" src=\"https:\/\/www.youtube.com\/embed\/a5iy54s5uM0?feature=oembed\" frameborder=\"0\" allow=\"accelerometer; autoplay; clipboard-write; encrypted-media; gyroscope; picture-in-picture; web-share\" referrerpolicy=\"strict-origin-when-cross-origin\" allowfullscreen><\/iframe><\/div>\n","protected":false},"excerpt":{"rendered":"<p>Bel\u00e9n Natal\u00ed emergeix com una de les veus m\u00e9s interessants del panorama alternatiu, combinant arrel i modernitat amb una identitat sonora inconfusible.<\/p>\n","protected":false},"author":1,"featured_media":31046,"template":"","meta":{"_acf_changed":false,"_tribe_events_status":"","_tribe_events_status_reason":"","_tribe_events_is_hybrid":"","_tribe_events_is_virtual":"","_tribe_events_virtual_video_source":"","_tribe_events_virtual_embed_video":"","_tribe_events_virtual_linked_button_text":"","_tribe_events_virtual_linked_button":"","_tribe_events_virtual_show_embed_at":"","_tribe_events_virtual_show_embed_to":[],"_tribe_events_virtual_show_on_event":"","_tribe_events_virtual_show_on_views":"","_tribe_events_virtual_url":"","footnotes":""},"tags":[4643],"tribe_events_cat":[1423,4150],"class_list":["post-30331","tribe_events","type-tribe_events","status-publish","has-post-thumbnail","hentry","tag-belen-natali","tribe_events_cat-agenda-menorca-en","tribe_events_cat-altres-esdeveniments-en","cat_agenda-menorca-en","cat_altres-esdeveniments-en"],"acf":[],"_links":{"self":[{"href":"https:\/\/esclaustre.com\/en\/wp-json\/wp\/v2\/tribe_events\/30331","targetHints":{"allow":["GET"]}}],"collection":[{"href":"https:\/\/esclaustre.com\/en\/wp-json\/wp\/v2\/tribe_events"}],"about":[{"href":"https:\/\/esclaustre.com\/en\/wp-json\/wp\/v2\/types\/tribe_events"}],"author":[{"embeddable":true,"href":"https:\/\/esclaustre.com\/en\/wp-json\/wp\/v2\/users\/1"}],"version-history":[{"count":4,"href":"https:\/\/esclaustre.com\/en\/wp-json\/wp\/v2\/tribe_events\/30331\/revisions"}],"predecessor-version":[{"id":31048,"href":"https:\/\/esclaustre.com\/en\/wp-json\/wp\/v2\/tribe_events\/30331\/revisions\/31048"}],"wp:featuredmedia":[{"embeddable":true,"href":"https:\/\/esclaustre.com\/en\/wp-json\/wp\/v2\/media\/31046"}],"wp:attachment":[{"href":"https:\/\/esclaustre.com\/en\/wp-json\/wp\/v2\/media?parent=30331"}],"wp:term":[{"taxonomy":"post_tag","embeddable":true,"href":"https:\/\/esclaustre.com\/en\/wp-json\/wp\/v2\/tags?post=30331"},{"taxonomy":"tribe_events_cat","embeddable":true,"href":"https:\/\/esclaustre.com\/en\/wp-json\/wp\/v2\/tribe_events_cat?post=30331"}],"curies":[{"name":"wp","href":"https:\/\/api.w.org\/{rel}","templated":true}]}}

Belen Natalí

<h2><strong>«Belen Natalí», arrel i modernitat amb una identitat sonora inconfusible.</strong></h2>
<div align="left">Establerta des de fa anys a Barcelona, l&#8217;argentina <strong>Belén Natalí</strong> fusiona <strong>pop lo-fi, R&amp;B, reggae i ritmes llatinoamericans</strong> amb una sensibilitat lírica única. Després del seu EP <a href="https://open.spotify.com/album/0tjxaEVKFRXNFbgwCanNFA" target="_blank" rel="noopener noreferrer nofollow"><em>Jacarandá</em></a> <em>Jacarandá</em>(2023), on van brillar les col·laboracions amb <strong>Ferran</strong> <strong>Palau</strong> i <strong>Santa</strong> <strong>Salut</strong>, i singles com <a href="https://open.spotify.com/intl-es/track/6GoCBUD10DTpJfUQRLxS5X?si=99b88f6f7faa4df3" target="_blank" rel="noopener noreferrer nofollow">&#8220;Diluvio&#8221;</a> o <a href="https://open.spotify.com/intl-es/track/7K5TjMTEgxl8D7NEf3he5y?si=5550c6aa9a204d23" target="_blank" rel="noopener noreferrer nofollow">&#8220;Camping&#8221;</a>, 2026 marca el llançament del seu primer àlbum, amb col·laboracions de pes com <strong>Ana Tijoux</strong> (<a href="https://orcd.co/belennatali-santarosa" target="_blank" rel="noopener noreferrer nofollow">“SANTA ROSA”</a>), i una proposta cada cop més sòlida i personal.</div>
<div align="left">
<p>El seu directe, fresc i íntim, ha crescut amb força en escenaris com <strong>Embassa&#8217;t (Sabadell), Primavera Sound (Primavera a la Ciutat, Barcelona) o Sound Isidro (Madrid)</strong>, compartint cartell i actuacions amb artistes com <strong>Lia Kali, Isla de Caras, Dante Spinetta o Son Rompe Pera.</strong></p>
<p><a title="Belen Natalí" href="https://www.instagram.com/ohlanatali/?hl=es" target="_blank" rel="noopener"><strong>Belén Natalí</strong></a> emergeix com una de les veus més interessants del panorama alternatiu, combinant arrel i modernitat amb una identitat sonora inconfusible<strong>.</strong></p>
</div>
<p>&nbsp;</p>
<div class="rve-embed-responsive rve-embed-responsive-16by9"><iframe title="Belén Natalí- bby glock  /̵͇̿̿/’̿’̿ ̿ ̿̿ ̿̿ ̿̿" width="800" height="450" src="https://www.youtube.com/embed/a5iy54s5uM0?feature=oembed" frameborder="0" allow="accelerometer; autoplay; clipboard-write; encrypted-media; gyroscope; picture-in-picture; web-share" referrerpolicy="strict-origin-when-cross-origin" allowfullscreen></iframe></div>

<p>Belén Natalí emergeix com una de les veus més interessants del panorama alternatiu, combinant arrel i modernitat amb una identitat sonora inconfusible.</p>
