{"id":30541,"date":"2026-02-24T13:31:33","date_gmt":"2026-02-24T12:31:33","guid":{"rendered":"https:\/\/esclaustre.com\/event\/mishima\/"},"modified":"2026-02-24T14:45:13","modified_gmt":"2026-02-24T13:45:13","slug":"mishima","status":"publish","type":"tribe_events","link":"https:\/\/esclaustre.com\/en\/event\/mishima\/","title":{"rendered":"Mishima"},"content":{"rendered":"<h2><strong>\u00abMishima\u00bb, order and adventure in Es Claustre<\/strong><\/h2>\n<p class=\"p1\">Following the brutal shock of the death of <strong>Marc<\/strong> <strong>Lloret<\/strong>, keyboardist and fundamental pillar of the band, Mishima have found in his example and memory the strength to redouble their artistic commitment, always between communion and catharsis.<strong>\u2018L\u2019aigua clara\u2019<\/strong>, their latest album, is celebrating its third birthday, and to mark the occasion, <strong>David<\/strong> <strong>Carab\u00e9n<\/strong> (vocals and guitar), <strong>Dani<\/strong> <strong>Vega<\/strong> (guitar), <strong>Xavi<\/strong> <strong>Caparr\u00f3s<\/strong>(bass), <strong>Alfons<\/strong> <strong>Serra<\/strong> (drums), and <strong>Bernat<\/strong> <strong>S\u00e1nchez<\/strong> (keyboards) will be giving a concert featuring their three indelible hallmarks: their loyalty to the short distance, their close contact with the audience, and their repertoire that has made history with songs that speak to us of order and adventure, of the longing that heals, and of their personal way of understanding rock and indie. With two ARC awards for their tours and five Enderrock awards for their albums, this group, which pays tribute to the Japanese writer Yukio Mishima, is already <strong>one of the essentials of Catalan music.<\/strong><\/p>\n<p>A band that has visited us in previous editions, but that hasn&#8217;t visited <a href=\"http:\/\/www.esclaustre.com\">Es Claustre.<\/a> in a long time. The desire is immense.<\/p>\n<p class=\"p1\">.<\/p>\n<p>&nbsp;<\/p>\n<div class=\"rve-embed-responsive rve-embed-responsive-16by9\"><iframe title=\"Mishima - Menteix la primavera (VIDEOCLIP OFICIAL)\" width=\"800\" height=\"450\" src=\"https:\/\/www.youtube.com\/embed\/fs0hzFs7PYM?feature=oembed\" frameborder=\"0\" allow=\"accelerometer; autoplay; clipboard-write; encrypted-media; gyroscope; picture-in-picture; web-share\" referrerpolicy=\"strict-origin-when-cross-origin\" allowfullscreen><\/iframe><\/div>\n","protected":false},"excerpt":{"rendered":"<p>Mishima ens oferiran un concert on no hi faltaran els seus tres segells inesborrables: la fidelitat a la dist\u00e0ncia curta, el contacte estret amb el p\u00fablic i el seu repertori que ha fet hist\u00f2ria de can\u00e7ons que ens parlen de l\u2019ordre i l\u2019aventura, de l\u2019\u00e0nsia que cura i de la seva manera personal d\u2019entendre el rock i l\u2019indie. Amb dos premis ARC per les seves gires i cinc premis Enderrock pels seus discos, aquest grup homenatge a l\u2019escriptor japon\u00e8s Yukio Mishima \u00e9s ja un dels imprescindibles de la m\u00fasica en catal\u00e0.<\/p>\n","protected":false},"author":1,"featured_media":30538,"template":"","meta":{"_acf_changed":false,"_tribe_events_status":"","_tribe_events_status_reason":"","_tribe_events_is_hybrid":"","_tribe_events_is_virtual":"","_tribe_events_virtual_video_source":"","_tribe_events_virtual_embed_video":"","_tribe_events_virtual_linked_button_text":"","_tribe_events_virtual_linked_button":"","_tribe_events_virtual_show_embed_at":"","_tribe_events_virtual_show_embed_to":[],"_tribe_events_virtual_show_on_event":"","_tribe_events_virtual_show_on_views":"","_tribe_events_virtual_url":"","footnotes":""},"tags":[4586],"tribe_events_cat":[1423,4169],"class_list":["post-30541","tribe_events","type-tribe_events","status-publish","has-post-thumbnail","hentry","tag-mishima","tribe_events_cat-agenda-menorca-en","tribe_events_cat-slide-home-en","cat_agenda-menorca-en","cat_slide-home-en"],"acf":[],"_links":{"self":[{"href":"https:\/\/esclaustre.com\/en\/wp-json\/wp\/v2\/tribe_events\/30541","targetHints":{"allow":["GET"]}}],"collection":[{"href":"https:\/\/esclaustre.com\/en\/wp-json\/wp\/v2\/tribe_events"}],"about":[{"href":"https:\/\/esclaustre.com\/en\/wp-json\/wp\/v2\/types\/tribe_events"}],"author":[{"embeddable":true,"href":"https:\/\/esclaustre.com\/en\/wp-json\/wp\/v2\/users\/1"}],"version-history":[{"count":4,"href":"https:\/\/esclaustre.com\/en\/wp-json\/wp\/v2\/tribe_events\/30541\/revisions"}],"predecessor-version":[{"id":30552,"href":"https:\/\/esclaustre.com\/en\/wp-json\/wp\/v2\/tribe_events\/30541\/revisions\/30552"}],"wp:featuredmedia":[{"embeddable":true,"href":"https:\/\/esclaustre.com\/en\/wp-json\/wp\/v2\/media\/30538"}],"wp:attachment":[{"href":"https:\/\/esclaustre.com\/en\/wp-json\/wp\/v2\/media?parent=30541"}],"wp:term":[{"taxonomy":"post_tag","embeddable":true,"href":"https:\/\/esclaustre.com\/en\/wp-json\/wp\/v2\/tags?post=30541"},{"taxonomy":"tribe_events_cat","embeddable":true,"href":"https:\/\/esclaustre.com\/en\/wp-json\/wp\/v2\/tribe_events_cat?post=30541"}],"curies":[{"name":"wp","href":"https:\/\/api.w.org\/{rel}","templated":true}]}}

<h2><strong>«Mishima», order and adventure in Es Claustre</strong></h2>
<p class="p1">Following the brutal shock of the death of <strong>Marc</strong> <strong>Lloret</strong>, keyboardist and fundamental pillar of the band, Mishima have found in his example and memory the strength to redouble their artistic commitment, always between communion and catharsis.<strong>‘L’aigua clara’</strong>, their latest album, is celebrating its third birthday, and to mark the occasion, <strong>David</strong> <strong>Carabén</strong> (vocals and guitar), <strong>Dani</strong> <strong>Vega</strong> (guitar), <strong>Xavi</strong> <strong>Caparrós</strong>(bass), <strong>Alfons</strong> <strong>Serra</strong> (drums), and <strong>Bernat</strong> <strong>Sánchez</strong> (keyboards) will be giving a concert featuring their three indelible hallmarks: their loyalty to the short distance, their close contact with the audience, and their repertoire that has made history with songs that speak to us of order and adventure, of the longing that heals, and of their personal way of understanding rock and indie. With two ARC awards for their tours and five Enderrock awards for their albums, this group, which pays tribute to the Japanese writer Yukio Mishima, is already <strong>one of the essentials of Catalan music.</strong></p>
<p>A band that has visited us in previous editions, but that hasn&#8217;t visited <a href="http://www.esclaustre.com">Es Claustre.</a> in a long time. The desire is immense.</p>
<p class="p1">.</p>
<p>&nbsp;</p>
<div class="rve-embed-responsive rve-embed-responsive-16by9"><iframe title="Mishima - Menteix la primavera (VIDEOCLIP OFICIAL)" width="800" height="450" src="https://www.youtube.com/embed/fs0hzFs7PYM?feature=oembed" frameborder="0" allow="accelerometer; autoplay; clipboard-write; encrypted-media; gyroscope; picture-in-picture; web-share" referrerpolicy="strict-origin-when-cross-origin" allowfullscreen></iframe></div>

<p>Mishima ens oferiran un concert on no hi faltaran els seus tres segells inesborrables: la fidelitat a la distància curta, el contacte estret amb el públic i el seu repertori que ha fet història de cançons que ens parlen de l’ordre i l’aventura, de l’ànsia que cura i de la seva manera personal d’entendre el rock i l’indie. Amb dos premis ARC per les seves gires i cinc premis Enderrock pels seus discos, aquest grup homenatge a l’escriptor japonès Yukio Mishima és ja un dels imprescindibles de la música en català.</p>
