{"id":31274,"date":"2026-04-28T15:01:36","date_gmt":"2026-04-28T13:01:36","guid":{"rendered":"https:\/\/esclaustre.com\/event\/becerrito-de-dani-alvarez-feat-gorka-benitez\/"},"modified":"2026-04-28T18:49:02","modified_gmt":"2026-04-28T16:49:02","slug":"becerrito-de-dani-alvarez-feat-gorka-benitez","status":"publish","type":"tribe_events","link":"https:\/\/esclaustre.com\/en\/event\/becerrito-de-dani-alvarez-feat-gorka-benitez\/","title":{"rendered":"Becerrito de Dani Alvarez feat. Gorka Benitez"},"content":{"rendered":"<h2><strong><em>Becerrito<\/em> de Dani Alvarez feat. Gorka Benitez<\/strong><\/h2>\n<p class=\"p1\"><strong>Becerrito<\/strong> proposa un viatge sense populismes per la m\u00fasica popular llatinoamericana, de l\u2019\u00e0nima en carn viva dels \u201cbolerazos\u201d cubans i els danzones de Chavela al b\u00e0lsam dels valsos peruans i la fauna musical vene\u00e7olana, tot des de la llibertat i l\u2019esperit l\u00fadic que d\u00f3na una actitud jazzera. El composen dos m\u00fasics de la primera l\u00ednia de l\u2019escena musical de Barcelona: <strong>Dani \u00c1lvarez<\/strong> a la veu i <strong>Juan Pablo Balc\u00e1zar<\/strong> al contrabaix, i hi han col\u00b7laborat primeres espases com <strong>Gorka Benitez<\/strong>, Marco Mezquida, Jaume Llombart, Dani Comas, Oriol Roca o Santi Careta. S\u2019han presentat al prestigi\u00f3s cicle Hamaques de Casa Am\u00e8rica Catalunya, al cicle \u201cA tot jazz\u201d de l\u2019 Ajuntament de Barcelona i a sales i clubs com <strong>Robadors 23<\/strong> o Mandacar\u00fa.<\/p>\n<p>&nbsp;<\/p>\n<p class=\"p1\"><strong>Dani \u00c1lvarez<\/strong>: veu I <strong>Gorka Benitez<\/strong>: saxo i flauta I <strong>Juan Pablo Balc\u00e1zar:<\/strong> contrabaix<\/p>\n","protected":false},"excerpt":{"rendered":"<p>Becerrito de Dani Alvarez feat. Gorka Benitez<\/p>\n<p>Becerrito proposa un viatge sense populismes per la m\u00fasica popular llatinoamericana, de l\u2019\u00e0nima en carn viva dels \u201cbolerazos\u201d cubans i els danzones de Chavela al b\u00e0lsam dels valsos peruans i la fauna musical vene\u00e7olana, tot des de la llibertat i l\u2019esperit l\u00fadic que d\u00f3na una actitud jazzera. El composen dos m\u00fasics de la primera l\u00ednia de l\u2019escena musical de Barcelona: Dani \u00c1lvarez a la veu i Juan Pablo Balc\u00e1zar al contrabaix, i hi han col\u00b7laborat primeres espases com Gorka Benitez<\/p>\n","protected":false},"author":1,"featured_media":31269,"template":"","meta":{"_acf_changed":false,"_tribe_events_status":"","_tribe_events_status_reason":"","_tribe_events_is_hybrid":"","_tribe_events_is_virtual":"","_tribe_events_virtual_video_source":"","_tribe_events_virtual_embed_video":"","_tribe_events_virtual_linked_button_text":"","_tribe_events_virtual_linked_button":"","_tribe_events_virtual_show_embed_at":"","_tribe_events_virtual_show_embed_to":[],"_tribe_events_virtual_show_on_event":"","_tribe_events_virtual_show_on_views":"","_tribe_events_virtual_url":"","footnotes":""},"tags":[4680],"tribe_events_cat":[1423,768],"class_list":["post-31274","tribe_events","type-tribe_events","status-publish","has-post-thumbnail","hentry","tag-becerrito","tribe_events_cat-agenda-menorca-en","tribe_events_cat-jazz-en","cat_agenda-menorca-en","cat_jazz-en"],"acf":[],"_links":{"self":[{"href":"https:\/\/esclaustre.com\/en\/wp-json\/wp\/v2\/tribe_events\/31274","targetHints":{"allow":["GET"]}}],"collection":[{"href":"https:\/\/esclaustre.com\/en\/wp-json\/wp\/v2\/tribe_events"}],"about":[{"href":"https:\/\/esclaustre.com\/en\/wp-json\/wp\/v2\/types\/tribe_events"}],"author":[{"embeddable":true,"href":"https:\/\/esclaustre.com\/en\/wp-json\/wp\/v2\/users\/1"}],"version-history":[{"count":1,"href":"https:\/\/esclaustre.com\/en\/wp-json\/wp\/v2\/tribe_events\/31274\/revisions"}],"predecessor-version":[{"id":31276,"href":"https:\/\/esclaustre.com\/en\/wp-json\/wp\/v2\/tribe_events\/31274\/revisions\/31276"}],"wp:featuredmedia":[{"embeddable":true,"href":"https:\/\/esclaustre.com\/en\/wp-json\/wp\/v2\/media\/31269"}],"wp:attachment":[{"href":"https:\/\/esclaustre.com\/en\/wp-json\/wp\/v2\/media?parent=31274"}],"wp:term":[{"taxonomy":"post_tag","embeddable":true,"href":"https:\/\/esclaustre.com\/en\/wp-json\/wp\/v2\/tags?post=31274"},{"taxonomy":"tribe_events_cat","embeddable":true,"href":"https:\/\/esclaustre.com\/en\/wp-json\/wp\/v2\/tribe_events_cat?post=31274"}],"curies":[{"name":"wp","href":"https:\/\/api.w.org\/{rel}","templated":true}]}}

<h2><strong><em>Becerrito</em> de Dani Alvarez feat. Gorka Benitez</strong></h2>
<p class="p1"><strong>Becerrito</strong> proposa un viatge sense populismes per la música popular llatinoamericana, de l’ànima en carn viva dels “bolerazos” cubans i els danzones de Chavela al bàlsam dels valsos peruans i la fauna musical veneçolana, tot des de la llibertat i l’esperit lúdic que dóna una actitud jazzera. El composen dos músics de la primera línia de l’escena musical de Barcelona: <strong>Dani Álvarez</strong> a la veu i <strong>Juan Pablo Balcázar</strong> al contrabaix, i hi han col·laborat primeres espases com <strong>Gorka Benitez</strong>, Marco Mezquida, Jaume Llombart, Dani Comas, Oriol Roca o Santi Careta. S’han presentat al prestigiós cicle Hamaques de Casa Amèrica Catalunya, al cicle “A tot jazz” de l’ Ajuntament de Barcelona i a sales i clubs com <strong>Robadors 23</strong> o Mandacarú.</p>
<p>&nbsp;</p>
<p class="p1"><strong>Dani Álvarez</strong>: veu I <strong>Gorka Benitez</strong>: saxo i flauta I <strong>Juan Pablo Balcázar:</strong> contrabaix</p>

<p>Becerrito de Dani Alvarez feat. Gorka Benitez</p>
<p>Becerrito proposa un viatge sense populismes per la música popular llatinoamericana, de l’ànima en carn viva dels “bolerazos” cubans i els danzones de Chavela al bàlsam dels valsos peruans i la fauna musical veneçolana, tot des de la llibertat i l’esperit lúdic que dóna una actitud jazzera. El composen dos músics de la primera línia de l’escena musical de Barcelona: Dani Álvarez a la veu i Juan Pablo Balcázar al contrabaix, i hi han col·laborat primeres espases com Gorka Benitez</p>
