{"id":5167,"date":"2019-05-20T19:04:20","date_gmt":"2019-05-20T19:04:20","guid":{"rendered":"https:\/\/esclaustre.com\/event\/maria-isas-copy\/"},"modified":"2019-05-20T19:23:58","modified_gmt":"2019-05-20T19:23:58","slug":"entre-orillas","status":"publish","type":"tribe_events","link":"https:\/\/esclaustre.com\/en\/event\/entre-orillas\/","title":{"rendered":"Entre Orillas"},"content":{"rendered":"<p>[ bb_built=&#8221;1&#8243; fullwidth=&#8221;off&#8221; specialty=&#8221;on&#8221;][et_pb_column type=&#8221;3_4&#8243; specialty_columns=&#8221;3&#8243;][et_pb_row_inner admin_label=&#8221;Row&#8221; _builder_version=&#8221;3.0.51&#8243; background_position_1=&#8221;top_left&#8221; background_repeat_1=&#8221;no-repeat&#8221; module_class=&#8221;tribe-events-content__img&#8221;][et_pb_column_inner type=&#8221;4_4&#8243; saved_specialty_column_type=&#8221;3_4&#8243;][et_pb_image _builder_version=&#8221;3.0.64&#8243; show_in_lightbox=&#8221;off&#8221; url_new_window=&#8221;off&#8221; use_overlay=&#8221;off&#8221; sticky=&#8221;off&#8221; align=&#8221;left&#8221; always_center_on_mobile=&#8221;on&#8221; border_style=&#8221;solid&#8221; force_fullwidth=&#8221;off&#8221; src=&#8221;https:\/\/esclaustre.com\/wp-content\/uploads\/2019\/05\/Entre-Orillas.jpg&#8221; \/][\/et_pb_column_inner][\/et_pb_row_inner][et_pb_row_inner admin_label=&#8221;Row&#8221; _builder_version=&#8221;3.0.51&#8243; background_position_1=&#8221;top_left&#8221; background_repeat_1=&#8221;no-repeat&#8221; module_class=&#8221;tribe-events-content__content&#8221;][et_pb_column_inner type=&#8221;4_4&#8243; saved_specialty_column_type=&#8221;3_4&#8243;][et_pb_code _builder_version=&#8221;3.0.51&#8243;][socialpug_share][\/et_pb_code][et_pb_text _builder_version=&#8221;3.0.64&#8243; background_layout=&#8221;light&#8221; text_orientation=&#8221;left&#8221; border_style=&#8221;solid&#8221;]<\/p>\n<h1>\u00abEntre Orillas\u00bb on s&#8217;abracen flamenco, afrocuba i guajiro<\/h1>\n<p><strong>Entre Orillas<\/strong> es un sue\u00f1o compartido. Un proyecto inspirado en el intercambio musical entre Cuba y Espa\u00f1a en el que el quej\u00edo flamenco, lo afrocubano y lo guajiro se abrazan y la tradici\u00f3n e innovaci\u00f3n van de la mano.<\/p>\n<p>Por un lado se refleja la influencia de g\u00e9neros cubanos en el flamenco y viceversa y por el otro, Entre orillas abre nuevos caminos para dar un paso m\u00e1s en este apasionante viaje de idas y vueltas. Un espect\u00e1culo que sabe a mar, huele a cuero y madera y suena a coraz\u00f3n.<\/p>\n<p>Una idea de la cantaora Cristina L\u00f3pez y del percusionista Carlos Cuenca acompa\u00f1ados de la cantante Yadira Ferrer, Marc L\u00f3pez a la guitarra, el flautista Juanma G\u00f3mez, Pablo G\u00f3mez a la percusi\u00f3n y con la colaboraci\u00f3n de amigos y artistas de Cuba y Espa\u00f1a.<\/p>\n<p>&nbsp;<\/p>\n<p><a href=\"http:\/\/entreorillasmusic.com\" target=\"_blank\" rel=\"noopener\">www.entreorillasmusic.com<\/a><\/p>\n<p>[\/et_pb_text][\/et_pb_column_inner][\/et_pb_row_inner][\/et_pb_column][et_pb_column type=&#8221;1_4&#8243;][et_pb_customEventMetaFields admin_label=&#8221;EsClaustre Camps Event&#8221; _builder_version=&#8221;3.0.51&#8243; location=&#8221;on&#8221; schedule=&#8221;on&#8221; price=&#8221;on&#8221; module_class=&#8221;appendTo_tribe-events-infoBlocks_landscape&#8221; \/][et_pb_button _builder_version=&#8221;3.0.64&#8243; button_text=&#8221;Comprar&#8221; url_new_window=&#8221;on&#8221; button_alignment=&#8221;left&#8221; background_layout=&#8221;light&#8221; custom_button=&#8221;off&#8221; button_letter_spacing=&#8221;0&#8243; button_icon_placement=&#8221;right&#8221; button_letter_spacing_hover=&#8221;0&#8243; module_class=&#8221;btn-ticket appendTo_tribe-events-infoBlocks_landscape&#8221; button_url=&#8221;https:\/\/entradas.codetickets.com\/entradas\/entre-orillas\/7212\/esclaustre\/online&#8221; disabled=&#8221;off&#8221; \/][et_pb_customEventCategories _builder_version=&#8221;3.0.51&#8243; \/][et_pb_customEventTags _builder_version=&#8221;3.0.51&#8243; \/][\/et_pb_column][\/][ bb_built=&#8221;1&#8243; fullwidth=&#8221;off&#8221; specialty=&#8221;on&#8221; disabled=&#8221;on&#8221;][\/][ bb_built=&#8221;1&#8243; fullwidth=&#8221;off&#8221; specialty=&#8221;on&#8221; disabled=&#8221;on&#8221;][\/]<\/p>\n","protected":false},"excerpt":{"rendered":"<p>Entre Orillas es un proyecto musical basado en la comunicaci\u00f3n entre el flamenco y la m\u00fasica cubana. Un nuevo viaje de ida y vuelta.<\/p>\n","protected":false},"author":1,"featured_media":5165,"template":"","meta":{"_acf_changed":false,"_tribe_events_status":"","_tribe_events_status_reason":"","_tribe_events_is_hybrid":"","_tribe_events_is_virtual":"","_tribe_events_virtual_video_source":"","_tribe_events_virtual_embed_video":"","_tribe_events_virtual_linked_button_text":"","_tribe_events_virtual_linked_button":"","_tribe_events_virtual_show_embed_at":"","_tribe_events_virtual_show_embed_to":[],"_tribe_events_virtual_show_on_event":"","_tribe_events_virtual_show_on_views":"","_tribe_events_virtual_url":"","footnotes":""},"tags":[996,962,140,997,998],"tribe_events_cat":[918,107],"class_list":["post-5167","tribe_events","type-tribe_events","status-publish","has-post-thumbnail","hentry","tag-afrocuba-en","tag-cuba-en","tag-flamenco-en","tag-guajiro-en","tag-musica-cubana-en","tribe_events_cat-mao-mes-flors-en","tribe_events_cat-musica-en","cat_mao-mes-flors-en","cat_musica-en"],"acf":[],"_links":{"self":[{"href":"https:\/\/esclaustre.com\/en\/wp-json\/wp\/v2\/tribe_events\/5167","targetHints":{"allow":["GET"]}}],"collection":[{"href":"https:\/\/esclaustre.com\/en\/wp-json\/wp\/v2\/tribe_events"}],"about":[{"href":"https:\/\/esclaustre.com\/en\/wp-json\/wp\/v2\/types\/tribe_events"}],"author":[{"embeddable":true,"href":"https:\/\/esclaustre.com\/en\/wp-json\/wp\/v2\/users\/1"}],"version-history":[{"count":0,"href":"https:\/\/esclaustre.com\/en\/wp-json\/wp\/v2\/tribe_events\/5167\/revisions"}],"wp:featuredmedia":[{"embeddable":true,"href":"https:\/\/esclaustre.com\/en\/wp-json\/wp\/v2\/media\/5165"}],"wp:attachment":[{"href":"https:\/\/esclaustre.com\/en\/wp-json\/wp\/v2\/media?parent=5167"}],"wp:term":[{"taxonomy":"post_tag","embeddable":true,"href":"https:\/\/esclaustre.com\/en\/wp-json\/wp\/v2\/tags?post=5167"},{"taxonomy":"tribe_events_cat","embeddable":true,"href":"https:\/\/esclaustre.com\/en\/wp-json\/wp\/v2\/tribe_events_cat?post=5167"}],"curies":[{"name":"wp","href":"https:\/\/api.w.org\/{rel}","templated":true}]}}

<p>[ bb_built=&#8221;1&#8243; fullwidth=&#8221;off&#8221; specialty=&#8221;on&#8221;][et_pb_column type=&#8221;3_4&#8243; specialty_columns=&#8221;3&#8243;][et_pb_row_inner admin_label=&#8221;Row&#8221; _builder_version=&#8221;3.0.51&#8243; background_position_1=&#8221;top_left&#8221; background_repeat_1=&#8221;no-repeat&#8221; module_class=&#8221;tribe-events-content__img&#8221;][et_pb_column_inner type=&#8221;4_4&#8243; saved_specialty_column_type=&#8221;3_4&#8243;][et_pb_image _builder_version=&#8221;3.0.64&#8243; show_in_lightbox=&#8221;off&#8221; url_new_window=&#8221;off&#8221; use_overlay=&#8221;off&#8221; sticky=&#8221;off&#8221; align=&#8221;left&#8221; always_center_on_mobile=&#8221;on&#8221; border_style=&#8221;solid&#8221; force_fullwidth=&#8221;off&#8221; src=&#8221;https://esclaustre.com/wp-content/uploads/2019/05/Entre-Orillas.jpg&#8221; /][/et_pb_column_inner][/et_pb_row_inner][et_pb_row_inner admin_label=&#8221;Row&#8221; _builder_version=&#8221;3.0.51&#8243; background_position_1=&#8221;top_left&#8221; background_repeat_1=&#8221;no-repeat&#8221; module_class=&#8221;tribe-events-content__content&#8221;][et_pb_column_inner type=&#8221;4_4&#8243; saved_specialty_column_type=&#8221;3_4&#8243;][et_pb_code _builder_version=&#8221;3.0.51&#8243;][socialpug_share][/et_pb_code][et_pb_text _builder_version=&#8221;3.0.64&#8243; background_layout=&#8221;light&#8221; text_orientation=&#8221;left&#8221; border_style=&#8221;solid&#8221;]</p>
<h1>«Entre Orillas» on s&#8217;abracen flamenco, afrocuba i guajiro</h1>
<p><strong>Entre Orillas</strong> es un sueño compartido. Un proyecto inspirado en el intercambio musical entre Cuba y España en el que el quejío flamenco, lo afrocubano y lo guajiro se abrazan y la tradición e innovación van de la mano.</p>
<p>Por un lado se refleja la influencia de géneros cubanos en el flamenco y viceversa y por el otro, Entre orillas abre nuevos caminos para dar un paso más en este apasionante viaje de idas y vueltas. Un espectáculo que sabe a mar, huele a cuero y madera y suena a corazón.</p>
<p>Una idea de la cantaora Cristina López y del percusionista Carlos Cuenca acompañados de la cantante Yadira Ferrer, Marc López a la guitarra, el flautista Juanma Gómez, Pablo Gómez a la percusión y con la colaboración de amigos y artistas de Cuba y España.</p>
<p>&nbsp;</p>
<p><a href="http://entreorillasmusic.com" target="_blank" rel="noopener">www.entreorillasmusic.com</a></p>
<p>[/et_pb_text][/et_pb_column_inner][/et_pb_row_inner][/et_pb_column][et_pb_column type=&#8221;1_4&#8243;][et_pb_customEventMetaFields admin_label=&#8221;EsClaustre Camps Event&#8221; _builder_version=&#8221;3.0.51&#8243; location=&#8221;on&#8221; schedule=&#8221;on&#8221; price=&#8221;on&#8221; module_class=&#8221;appendTo_tribe-events-infoBlocks_landscape&#8221; /][et_pb_button _builder_version=&#8221;3.0.64&#8243; button_text=&#8221;Comprar&#8221; url_new_window=&#8221;on&#8221; button_alignment=&#8221;left&#8221; background_layout=&#8221;light&#8221; custom_button=&#8221;off&#8221; button_letter_spacing=&#8221;0&#8243; button_icon_placement=&#8221;right&#8221; button_letter_spacing_hover=&#8221;0&#8243; module_class=&#8221;btn-ticket appendTo_tribe-events-infoBlocks_landscape&#8221; button_url=&#8221;https://entradas.codetickets.com/entradas/entre-orillas/7212/esclaustre/online&#8221; disabled=&#8221;off&#8221; /][et_pb_customEventCategories _builder_version=&#8221;3.0.51&#8243; /][et_pb_customEventTags _builder_version=&#8221;3.0.51&#8243; /][/et_pb_column][/][ bb_built=&#8221;1&#8243; fullwidth=&#8221;off&#8221; specialty=&#8221;on&#8221; disabled=&#8221;on&#8221;][/][ bb_built=&#8221;1&#8243; fullwidth=&#8221;off&#8221; specialty=&#8221;on&#8221; disabled=&#8221;on&#8221;][/]</p>

<p>Entre Orillas es un proyecto musical basado en la comunicación entre el flamenco y la música cubana. Un nuevo viaje de ida y vuelta.</p>
