{"id":5203,"date":"2019-05-20T22:31:04","date_gmt":"2019-05-20T22:31:04","guid":{"rendered":"https:\/\/esclaustre.com\/event\/daniel-lumbreras-copy\/"},"modified":"2019-06-10T11:28:28","modified_gmt":"2019-06-10T11:28:28","slug":"daniel-lumbreras-la-vila","status":"publish","type":"tribe_events","link":"https:\/\/esclaustre.com\/en\/event\/daniel-lumbreras-la-vila\/","title":{"rendered":"Daniel Lumbreras"},"content":{"rendered":"<p>[ bb_built=&#8221;1&#8243; fullwidth=&#8221;off&#8221; specialty=&#8221;on&#8221;][et_pb_column type=&#8221;3_4&#8243; specialty_columns=&#8221;3&#8243;][et_pb_row_inner admin_label=&#8221;Row&#8221; _builder_version=&#8221;3.0.51&#8243; background_position_1=&#8221;top_left&#8221; background_repeat_1=&#8221;no-repeat&#8221; module_class=&#8221;tribe-events-content__img&#8221;][et_pb_column_inner type=&#8221;4_4&#8243; saved_specialty_column_type=&#8221;3_4&#8243;][et_pb_image _builder_version=&#8221;3.0.64&#8243; src=&#8221;https:\/\/esclaustre.com\/wp-content\/uploads\/2019\/05\/Daniel-Lumbreras-1.jpg&#8221; show_in_lightbox=&#8221;off&#8221; url_new_window=&#8221;off&#8221; use_overlay=&#8221;off&#8221; sticky=&#8221;off&#8221; align=&#8221;left&#8221; always_center_on_mobile=&#8221;on&#8221; border_style=&#8221;solid&#8221; force_fullwidth=&#8221;off&#8221; \/][\/et_pb_column_inner][\/et_pb_row_inner][et_pb_row_inner admin_label=&#8221;Row&#8221; _builder_version=&#8221;3.0.51&#8243; background_position_1=&#8221;top_left&#8221; background_repeat_1=&#8221;no-repeat&#8221; module_class=&#8221;tribe-events-content__content&#8221;][et_pb_column_inner type=&#8221;4_4&#8243; saved_specialty_column_type=&#8221;3_4&#8243;][et_pb_code _builder_version=&#8221;3.0.51&#8243;][socialpug_share][\/et_pb_code][et_pb_text _builder_version=&#8221;3.0.64&#8243; background_layout=&#8221;light&#8221; text_orientation=&#8221;left&#8221; border_style=&#8221;solid&#8221;]<\/p>\n<section id=\"showtime-main-description\">\n<h1>\u00abDaniel Lumbreras\u00bb improvisaci\u00f3 i expressi\u00f3 pura.<\/h1>\n<p>&nbsp;<\/p>\n<p lang=\"ca-ES\"><span style=\"color: #222222;\"><span style=\"font-family: Calibri, sans-serif;\">La m\u00fasica de Daniel Lumbreras \u00e9s dif\u00edcil de classificar, t\u00e9 tints de m\u00fasica africana, celta, brasilera o fins i tot dels cants suf\u00eds o de la m\u00fasica ra\u00ef. Per\u00f2 la base no deixa de ser un pop folk de caire occidental, ric en matisos i molt l\u00edric.<\/span><\/span><\/p>\n<p lang=\"ca-ES\"><span style=\"color: #222222;\"><span style=\"font-family: Calibri, sans-serif;\">Amb la gran particularitat afegida de que canta improvisant fonemes. Prenent-se la veu com un instrument m\u00e9s i centrant tota l\u2019expressivitat en la musicalitat del so. Aqu\u00ed radica la universalitat de la seva proposta i la vocaci\u00f3 per traspassar fronteres. No canta en cap idioma, per\u00f2 tothom el pot entendre.<\/span><\/span><\/p>\n<p lang=\"ca-ES\"><span style=\"color: #222222;\"><span style=\"font-family: Calibri, sans-serif;\">El mar\u00e7 del 2017 va publicar \u00ab<strong>La Vila\u00bb<\/strong>, escollit millor disc catal\u00e0 de l&#8217;any per la revista musical MondoSonoro. Un disc produ\u00eft pel <strong>Pau Vallv\u00e9<\/strong> i on col\u00b7laboren el <strong>Nico Roig<\/strong> i el <strong>Jordi Lanuza<\/strong>.<\/span><\/span><\/p>\n<p lang=\"ca-ES\"><span style=\"color: #222222;\"><span style=\"font-family: Calibri, sans-serif;\">Tamb\u00e9 ha col\u00b7laborat amb m\u00fasics de jazz de la categoria de Jordi Bonell, Carles Benavent, Roger Bl\u00e0via, J.M. Ribelles (partenaire de Kepa Junkera), etc.<\/span><\/span><\/p>\n<p lang=\"ca-ES\"><span style=\"color: #222222;\"><span style=\"font-family: Calibri, sans-serif;\">En definitiva, Daniel Lumbreras \u00e9s un m\u00fasic sorprenent, que desplega una m\u00e0gia inusual, i que est\u00e0 destinat a tocar pels escenaris de tot el m\u00f3n.<\/span><\/span><\/p>\n<p><a href=\"http:\/\/www.daniel-lumbreras.com\" target=\"_blank\" rel=\"noopener\">www.daniel-lumbreras.com<\/a><\/p>\n<p>&nbsp;<\/p>\n<\/section>\n<dl class=\"showtime-components\">\n<dt><\/dt>\n<\/dl>\n<p>[\/et_pb_text][\/et_pb_column_inner][\/et_pb_row_inner][\/et_pb_column][et_pb_column type=&#8221;1_4&#8243;][et_pb_customEventMetaFields admin_label=&#8221;EsClaustre Camps Event&#8221; _builder_version=&#8221;3.0.51&#8243; location=&#8221;on&#8221; schedule=&#8221;on&#8221; price=&#8221;on&#8221; module_class=&#8221;appendTo_tribe-events-infoBlocks_landscape&#8221; \/][et_pb_button _builder_version=&#8221;3.0.64&#8243; button_text=&#8221;Comprar&#8221; button_url=&#8221;https:\/\/entradas.codetickets.com\/entradas\/esclaustre&#8221; url_new_window=&#8221;on&#8221; button_alignment=&#8221;center&#8221; background_layout=&#8221;light&#8221; custom_button=&#8221;off&#8221; button_text_color=&#8221;#ffffff&#8221; button_bg_color=&#8221;#f92b44&#8243; button_border_width=&#8221;0&#8243; button_border_radius=&#8221;0&#8243; button_letter_spacing=&#8221;0&#8243; button_icon_placement=&#8221;right&#8221; button_letter_spacing_hover=&#8221;0&#8243; module_class=&#8221;btn-ticket appendTo_tribe-events-infoBlocks_landscape&#8221; \/][et_pb_customEventCategories _builder_version=&#8221;3.0.51&#8243; \/][et_pb_customEventTags _builder_version=&#8221;3.0.51&#8243; \/][\/et_pb_column][\/]<\/p>\n","protected":false},"excerpt":{"rendered":"<p>Daniel Lumbreras es presenta a Menorca amb el seu treball, La Vila.<\/p>\n","protected":false},"author":1,"featured_media":5453,"template":"","meta":{"_acf_changed":false,"_tribe_events_status":"","_tribe_events_status_reason":"","_tribe_events_is_hybrid":"","_tribe_events_is_virtual":"","_tribe_events_virtual_video_source":"","_tribe_events_virtual_embed_video":"","_tribe_events_virtual_linked_button_text":"","_tribe_events_virtual_linked_button":"","_tribe_events_virtual_show_embed_at":"","_tribe_events_virtual_show_embed_to":[],"_tribe_events_virtual_show_on_event":"","_tribe_events_virtual_show_on_views":"","_tribe_events_virtual_url":"","footnotes":""},"tags":[762,1008,1009,258],"tribe_events_cat":[107],"class_list":["post-5203","tribe_events","type-tribe_events","status-publish","has-post-thumbnail","hentry","tag-barcelona-en","tag-folk-acustic-en","tag-improvisacio-fonetica-en","tag-la-vila-en","tribe_events_cat-musica-en","cat_musica-en"],"acf":[],"_links":{"self":[{"href":"https:\/\/esclaustre.com\/en\/wp-json\/wp\/v2\/tribe_events\/5203","targetHints":{"allow":["GET"]}}],"collection":[{"href":"https:\/\/esclaustre.com\/en\/wp-json\/wp\/v2\/tribe_events"}],"about":[{"href":"https:\/\/esclaustre.com\/en\/wp-json\/wp\/v2\/types\/tribe_events"}],"author":[{"embeddable":true,"href":"https:\/\/esclaustre.com\/en\/wp-json\/wp\/v2\/users\/1"}],"version-history":[{"count":0,"href":"https:\/\/esclaustre.com\/en\/wp-json\/wp\/v2\/tribe_events\/5203\/revisions"}],"wp:featuredmedia":[{"embeddable":true,"href":"https:\/\/esclaustre.com\/en\/wp-json\/wp\/v2\/media\/5453"}],"wp:attachment":[{"href":"https:\/\/esclaustre.com\/en\/wp-json\/wp\/v2\/media?parent=5203"}],"wp:term":[{"taxonomy":"post_tag","embeddable":true,"href":"https:\/\/esclaustre.com\/en\/wp-json\/wp\/v2\/tags?post=5203"},{"taxonomy":"tribe_events_cat","embeddable":true,"href":"https:\/\/esclaustre.com\/en\/wp-json\/wp\/v2\/tribe_events_cat?post=5203"}],"curies":[{"name":"wp","href":"https:\/\/api.w.org\/{rel}","templated":true}]}}

<p>[ bb_built=&#8221;1&#8243; fullwidth=&#8221;off&#8221; specialty=&#8221;on&#8221;][et_pb_column type=&#8221;3_4&#8243; specialty_columns=&#8221;3&#8243;][et_pb_row_inner admin_label=&#8221;Row&#8221; _builder_version=&#8221;3.0.51&#8243; background_position_1=&#8221;top_left&#8221; background_repeat_1=&#8221;no-repeat&#8221; module_class=&#8221;tribe-events-content__img&#8221;][et_pb_column_inner type=&#8221;4_4&#8243; saved_specialty_column_type=&#8221;3_4&#8243;][et_pb_image _builder_version=&#8221;3.0.64&#8243; src=&#8221;https://esclaustre.com/wp-content/uploads/2019/05/Daniel-Lumbreras-1.jpg&#8221; show_in_lightbox=&#8221;off&#8221; url_new_window=&#8221;off&#8221; use_overlay=&#8221;off&#8221; sticky=&#8221;off&#8221; align=&#8221;left&#8221; always_center_on_mobile=&#8221;on&#8221; border_style=&#8221;solid&#8221; force_fullwidth=&#8221;off&#8221; /][/et_pb_column_inner][/et_pb_row_inner][et_pb_row_inner admin_label=&#8221;Row&#8221; _builder_version=&#8221;3.0.51&#8243; background_position_1=&#8221;top_left&#8221; background_repeat_1=&#8221;no-repeat&#8221; module_class=&#8221;tribe-events-content__content&#8221;][et_pb_column_inner type=&#8221;4_4&#8243; saved_specialty_column_type=&#8221;3_4&#8243;][et_pb_code _builder_version=&#8221;3.0.51&#8243;][socialpug_share][/et_pb_code][et_pb_text _builder_version=&#8221;3.0.64&#8243; background_layout=&#8221;light&#8221; text_orientation=&#8221;left&#8221; border_style=&#8221;solid&#8221;]</p>
<section id="showtime-main-description">
<h1>«Daniel Lumbreras» improvisació i expressió pura.</h1>
<p>&nbsp;</p>
<p lang="ca-ES"><span style="color: #222222;"><span style="font-family: Calibri, sans-serif;">La música de Daniel Lumbreras és difícil de classificar, té tints de música africana, celta, brasilera o fins i tot dels cants sufís o de la música raï. Però la base no deixa de ser un pop folk de caire occidental, ric en matisos i molt líric.</span></span></p>
<p lang="ca-ES"><span style="color: #222222;"><span style="font-family: Calibri, sans-serif;">Amb la gran particularitat afegida de que canta improvisant fonemes. Prenent-se la veu com un instrument més i centrant tota l’expressivitat en la musicalitat del so. Aquí radica la universalitat de la seva proposta i la vocació per traspassar fronteres. No canta en cap idioma, però tothom el pot entendre.</span></span></p>
<p lang="ca-ES"><span style="color: #222222;"><span style="font-family: Calibri, sans-serif;">El març del 2017 va publicar «<strong>La Vila»</strong>, escollit millor disc català de l&#8217;any per la revista musical MondoSonoro. Un disc produït pel <strong>Pau Vallvé</strong> i on col·laboren el <strong>Nico Roig</strong> i el <strong>Jordi Lanuza</strong>.</span></span></p>
<p lang="ca-ES"><span style="color: #222222;"><span style="font-family: Calibri, sans-serif;">També ha col·laborat amb músics de jazz de la categoria de Jordi Bonell, Carles Benavent, Roger Blàvia, J.M. Ribelles (partenaire de Kepa Junkera), etc.</span></span></p>
<p lang="ca-ES"><span style="color: #222222;"><span style="font-family: Calibri, sans-serif;">En definitiva, Daniel Lumbreras és un músic sorprenent, que desplega una màgia inusual, i que està destinat a tocar pels escenaris de tot el món.</span></span></p>
<p><a href="http://www.daniel-lumbreras.com" target="_blank" rel="noopener">www.daniel-lumbreras.com</a></p>
<p>&nbsp;</p>
</section>
<dl class="showtime-components">
<dt></dt>
</dl>
<p>[/et_pb_text][/et_pb_column_inner][/et_pb_row_inner][/et_pb_column][et_pb_column type=&#8221;1_4&#8243;][et_pb_customEventMetaFields admin_label=&#8221;EsClaustre Camps Event&#8221; _builder_version=&#8221;3.0.51&#8243; location=&#8221;on&#8221; schedule=&#8221;on&#8221; price=&#8221;on&#8221; module_class=&#8221;appendTo_tribe-events-infoBlocks_landscape&#8221; /][et_pb_button _builder_version=&#8221;3.0.64&#8243; button_text=&#8221;Comprar&#8221; button_url=&#8221;https://entradas.codetickets.com/entradas/esclaustre&#8221; url_new_window=&#8221;on&#8221; button_alignment=&#8221;center&#8221; background_layout=&#8221;light&#8221; custom_button=&#8221;off&#8221; button_text_color=&#8221;#ffffff&#8221; button_bg_color=&#8221;#f92b44&#8243; button_border_width=&#8221;0&#8243; button_border_radius=&#8221;0&#8243; button_letter_spacing=&#8221;0&#8243; button_icon_placement=&#8221;right&#8221; button_letter_spacing_hover=&#8221;0&#8243; module_class=&#8221;btn-ticket appendTo_tribe-events-infoBlocks_landscape&#8221; /][et_pb_customEventCategories _builder_version=&#8221;3.0.51&#8243; /][et_pb_customEventTags _builder_version=&#8221;3.0.51&#8243; /][/et_pb_column][/]</p>
