{"id":5592,"date":"2019-06-12T11:31:12","date_gmt":"2019-06-12T11:31:12","guid":{"rendered":"https:\/\/esclaustre.com\/event\/nit-surf\/"},"modified":"2019-06-17T12:48:15","modified_gmt":"2019-06-17T12:48:15","slug":"nit-surf","status":"publish","type":"tribe_events","link":"https:\/\/esclaustre.com\/en\/event\/nit-surf\/","title":{"rendered":"Nit Surf amb The Trikinis i Mau Boada"},"content":{"rendered":"<p>[ bb_built=&#8221;1&#8243; fullwidth=&#8221;off&#8221; specialty=&#8221;on&#8221;][et_pb_column type=&#8221;3_4&#8243; specialty_columns=&#8221;3&#8243;][et_pb_row_inner admin_label=&#8221;Row&#8221; _builder_version=&#8221;3.0.51&#8243; background_position_1=&#8221;top_left&#8221; background_repeat_1=&#8221;no-repeat&#8221; module_class=&#8221;tribe-events-content__img&#8221;][et_pb_column_inner type=&#8221;4_4&#8243; saved_specialty_column_type=&#8221;3_4&#8243;][et_pb_image _builder_version=&#8221;3.0.64&#8243; src=&#8221;https:\/\/esclaustre.com\/wp-content\/uploads\/2018\/04\/trikinis-band.jpg&#8221; show_in_lightbox=&#8221;off&#8221; url_new_window=&#8221;off&#8221; use_overlay=&#8221;off&#8221; sticky=&#8221;off&#8221; align=&#8221;left&#8221; always_center_on_mobile=&#8221;on&#8221; border_style=&#8221;solid&#8221; force_fullwidth=&#8221;off&#8221; \/][\/et_pb_column_inner][\/et_pb_row_inner][et_pb_row_inner admin_label=&#8221;Row&#8221; _builder_version=&#8221;3.0.51&#8243; background_position_1=&#8221;top_left&#8221; background_repeat_1=&#8221;no-repeat&#8221; module_class=&#8221;tribe-events-content__content&#8221;][et_pb_column_inner type=&#8221;4_4&#8243; saved_specialty_column_type=&#8221;3_4&#8243;][et_pb_code _builder_version=&#8221;3.0.64&#8243;][socialpug_share][\/et_pb_code][et_pb_text _builder_version=&#8221;3.0.64&#8243; background_layout=&#8221;light&#8221; text_orientation=&#8221;left&#8221; border_style=&#8221;solid&#8221;]<\/p>\n<h1>The Trikinis i Esperit! de surf pel Claustre.<\/h1>\n<p><strong>The Trikinis<\/strong> s\u00f3n el\u00a0grup de moda aquest estiu a Menorca, amb un repertori basat en surf rock, rockabilly, garage i m\u00fasica guapa en general.<\/p>\n<p>The Trikinis tenen un directe abassegador, amb hora i mitja de ritmes ballables, temes instrumentals, temes cantats, solos de bateria i guitarres eixordadores. The Trikinis estan comandats pel\u00a0misteri\u00f3s guitarrista \u201cEnmascarado Sanchez\u201d, un fugitiu internacional que no pot revelar la seva identitat, ja que el persegueixen el\u00a0seus creditors. The Trikinis completen la seva formaci\u00f3 amb el\u00a0jove The Red Boy (fugitiu de la URSS) a la segona guitarra, Dr. Blackendecker (consultor multidisciplina) al\u00a0baix, i Eduardo Manosbaquetas (antic nen prodigi vingut a menys) a la bateria. Els membres de The Trikinis s&#8217; assemblen sospitosament a Pedro S\u00e1nchez, Pere Arguimbau, Xavi Mart\u00ed i Eduard Florit.<\/p>\n<p>The Trikinis compten amb la inestimable ajuda de n&#8217;Albert &#8220;Trek&#8221; Mir a les projeccions i samplers, completant una experi\u00e8ncia audiovisual que nom\u00e9s pot ser definida com &#8220;acollonant&#8221;.<\/p>\n<h2>Esperit!<\/h2>\n<p>Despr\u00e9s de solcar mig m\u00f3n amb multitud d\u2019aventures musicals, per\u00f2 sobretot amb Les Aus, ara <strong>Mau Boada<\/strong> (Sant Celoni, 1981) presenta el seu projecte m\u00e9s personal,\u00a0<strong>Esperit!<\/strong> Un home-orquestra que ens fa viatjar amb can\u00e7ons de bressol al\u00b7lucin\u00f2genes, folk trip\u00f3s, sons tel\u00b7l\u00farics, fresses i escapades al circ. Malgrat la seva joventut, Mau Boada ja ha deixat la seva empremta en una vintena llarga de discos. Es fa present en l\u2019undergound de Nova York amb la mateixa naturalitat que a Sant Celoni o a l\u2019Heliog\u00e0bal, o com quan girava per Europa en una companyia de circ.<\/p>\n<p>Els seus concerts s\u00f3n sempre imprevisibles i transiten per camins inesperats, portant el p\u00fablic al l\u00edmit de la hipnosi. Un multiinstrumentista il\u00b7luminat i somrient.<\/p>\n<p>Una m\u00fasica que neix lliure i flueix lliure.<\/p>\n<p>[\/et_pb_text][\/et_pb_column_inner][\/et_pb_row_inner][\/et_pb_column][et_pb_column type=&#8221;1_4&#8243;][et_pb_customEventMetaFields admin_label=&#8221;EsClaustre Camps Event&#8221; _builder_version=&#8221;3.0.64&#8243; location=&#8221;on&#8221; schedule=&#8221;on&#8221; price=&#8221;on&#8221; module_class=&#8221;appendTo_tribe-events-infoBlocks_landscape&#8221; \/][et_pb_button _builder_version=&#8221;3.0.64&#8243; button_text=&#8221;Comprar&#8221; url_new_window=&#8221;on&#8221; button_alignment=&#8221;center&#8221; background_layout=&#8221;light&#8221; custom_button=&#8221;off&#8221; button_letter_spacing=&#8221;0&#8243; button_icon_placement=&#8221;right&#8221; button_letter_spacing_hover=&#8221;0&#8243; module_class=&#8221;btn-ticket appendTo_tribe-events-infoBlocks_landscape&#8221; \/][et_pb_customEventCategories _builder_version=&#8221;3.0.64&#8243; \/][et_pb_customEventTags _builder_version=&#8221;3.0.64&#8243; \/][\/et_pb_column][\/]<\/p>\n","protected":false},"excerpt":{"rendered":"<p>Capvespre de Surf al Claustre amb Esperit! i The Trikinis convertits en el grup de moda aquest estiu a Menorca, amb un repertori basat en surf rock, rockabilly, garage i m\u00fasica guapa en general.<\/p>\n","protected":false},"author":1,"featured_media":2312,"template":"","meta":{"_acf_changed":false,"_tribe_events_status":"","_tribe_events_status_reason":"","_tribe_events_is_hybrid":"","_tribe_events_is_virtual":"","_tribe_events_virtual_video_source":"","_tribe_events_virtual_embed_video":"","_tribe_events_virtual_linked_button_text":"","_tribe_events_virtual_linked_button":"","_tribe_events_virtual_show_embed_at":"","_tribe_events_virtual_show_embed_to":[],"_tribe_events_virtual_show_on_event":"","_tribe_events_virtual_show_on_views":"","_tribe_events_virtual_url":"","footnotes":""},"tags":[1089,723,1090,210,1091,255,1092],"tribe_events_cat":[650,651,107],"class_list":["post-5592","tribe_events","type-tribe_events","status-publish","has-post-thumbnail","hentry","tag-esperit-en","tag-garage-en","tag-mau-boada-en","tag-menorca-en","tag-rockabilly-en","tag-surf-en","tag-surf-rock-en","tribe_events_cat-cultura-en","tribe_events_cat-festa-en","tribe_events_cat-musica-en","cat_cultura-en","cat_festa-en","cat_musica-en"],"acf":[],"_links":{"self":[{"href":"https:\/\/esclaustre.com\/en\/wp-json\/wp\/v2\/tribe_events\/5592","targetHints":{"allow":["GET"]}}],"collection":[{"href":"https:\/\/esclaustre.com\/en\/wp-json\/wp\/v2\/tribe_events"}],"about":[{"href":"https:\/\/esclaustre.com\/en\/wp-json\/wp\/v2\/types\/tribe_events"}],"author":[{"embeddable":true,"href":"https:\/\/esclaustre.com\/en\/wp-json\/wp\/v2\/users\/1"}],"version-history":[{"count":0,"href":"https:\/\/esclaustre.com\/en\/wp-json\/wp\/v2\/tribe_events\/5592\/revisions"}],"wp:featuredmedia":[{"embeddable":true,"href":"https:\/\/esclaustre.com\/en\/wp-json\/wp\/v2\/media\/2312"}],"wp:attachment":[{"href":"https:\/\/esclaustre.com\/en\/wp-json\/wp\/v2\/media?parent=5592"}],"wp:term":[{"taxonomy":"post_tag","embeddable":true,"href":"https:\/\/esclaustre.com\/en\/wp-json\/wp\/v2\/tags?post=5592"},{"taxonomy":"tribe_events_cat","embeddable":true,"href":"https:\/\/esclaustre.com\/en\/wp-json\/wp\/v2\/tribe_events_cat?post=5592"}],"curies":[{"name":"wp","href":"https:\/\/api.w.org\/{rel}","templated":true}]}}

<p>[ bb_built=&#8221;1&#8243; fullwidth=&#8221;off&#8221; specialty=&#8221;on&#8221;][et_pb_column type=&#8221;3_4&#8243; specialty_columns=&#8221;3&#8243;][et_pb_row_inner admin_label=&#8221;Row&#8221; _builder_version=&#8221;3.0.51&#8243; background_position_1=&#8221;top_left&#8221; background_repeat_1=&#8221;no-repeat&#8221; module_class=&#8221;tribe-events-content__img&#8221;][et_pb_column_inner type=&#8221;4_4&#8243; saved_specialty_column_type=&#8221;3_4&#8243;][et_pb_image _builder_version=&#8221;3.0.64&#8243; src=&#8221;https://esclaustre.com/wp-content/uploads/2018/04/trikinis-band.jpg&#8221; show_in_lightbox=&#8221;off&#8221; url_new_window=&#8221;off&#8221; use_overlay=&#8221;off&#8221; sticky=&#8221;off&#8221; align=&#8221;left&#8221; always_center_on_mobile=&#8221;on&#8221; border_style=&#8221;solid&#8221; force_fullwidth=&#8221;off&#8221; /][/et_pb_column_inner][/et_pb_row_inner][et_pb_row_inner admin_label=&#8221;Row&#8221; _builder_version=&#8221;3.0.51&#8243; background_position_1=&#8221;top_left&#8221; background_repeat_1=&#8221;no-repeat&#8221; module_class=&#8221;tribe-events-content__content&#8221;][et_pb_column_inner type=&#8221;4_4&#8243; saved_specialty_column_type=&#8221;3_4&#8243;][et_pb_code _builder_version=&#8221;3.0.64&#8243;][socialpug_share][/et_pb_code][et_pb_text _builder_version=&#8221;3.0.64&#8243; background_layout=&#8221;light&#8221; text_orientation=&#8221;left&#8221; border_style=&#8221;solid&#8221;]</p>
<h1>The Trikinis i Esperit! de surf pel Claustre.</h1>
<p><strong>The Trikinis</strong> són el grup de moda aquest estiu a Menorca, amb un repertori basat en surf rock, rockabilly, garage i música guapa en general.</p>
<p>The Trikinis tenen un directe abassegador, amb hora i mitja de ritmes ballables, temes instrumentals, temes cantats, solos de bateria i guitarres eixordadores. The Trikinis estan comandats pel misteriós guitarrista “Enmascarado Sanchez”, un fugitiu internacional que no pot revelar la seva identitat, ja que el persegueixen el seus creditors. The Trikinis completen la seva formació amb el jove The Red Boy (fugitiu de la URSS) a la segona guitarra, Dr. Blackendecker (consultor multidisciplina) al baix, i Eduardo Manosbaquetas (antic nen prodigi vingut a menys) a la bateria. Els membres de The Trikinis s&#8217; assemblen sospitosament a Pedro Sánchez, Pere Arguimbau, Xavi Martí i Eduard Florit.</p>
<p>The Trikinis compten amb la inestimable ajuda de n&#8217;Albert &#8220;Trek&#8221; Mir a les projeccions i samplers, completant una experiència audiovisual que només pot ser definida com &#8220;acollonant&#8221;.</p>
<h2>Esperit!</h2>
<p>Després de solcar mig món amb multitud d’aventures musicals, però sobretot amb Les Aus, ara <strong>Mau Boada</strong> (Sant Celoni, 1981) presenta el seu projecte més personal, <strong>Esperit!</strong> Un home-orquestra que ens fa viatjar amb cançons de bressol al·lucinògenes, folk tripós, sons tel·lúrics, fresses i escapades al circ. Malgrat la seva joventut, Mau Boada ja ha deixat la seva empremta en una vintena llarga de discos. Es fa present en l’undergound de Nova York amb la mateixa naturalitat que a Sant Celoni o a l’Heliogàbal, o com quan girava per Europa en una companyia de circ.</p>
<p>Els seus concerts són sempre imprevisibles i transiten per camins inesperats, portant el públic al límit de la hipnosi. Un multiinstrumentista il·luminat i somrient.</p>
<p>Una música que neix lliure i flueix lliure.</p>
<p>[/et_pb_text][/et_pb_column_inner][/et_pb_row_inner][/et_pb_column][et_pb_column type=&#8221;1_4&#8243;][et_pb_customEventMetaFields admin_label=&#8221;EsClaustre Camps Event&#8221; _builder_version=&#8221;3.0.64&#8243; location=&#8221;on&#8221; schedule=&#8221;on&#8221; price=&#8221;on&#8221; module_class=&#8221;appendTo_tribe-events-infoBlocks_landscape&#8221; /][et_pb_button _builder_version=&#8221;3.0.64&#8243; button_text=&#8221;Comprar&#8221; url_new_window=&#8221;on&#8221; button_alignment=&#8221;center&#8221; background_layout=&#8221;light&#8221; custom_button=&#8221;off&#8221; button_letter_spacing=&#8221;0&#8243; button_icon_placement=&#8221;right&#8221; button_letter_spacing_hover=&#8221;0&#8243; module_class=&#8221;btn-ticket appendTo_tribe-events-infoBlocks_landscape&#8221; /][et_pb_customEventCategories _builder_version=&#8221;3.0.64&#8243; /][et_pb_customEventTags _builder_version=&#8221;3.0.64&#8243; /][/et_pb_column][/]</p>

<p>Capvespre de Surf al Claustre amb Esperit! i The Trikinis convertits en el grup de moda aquest estiu a Menorca, amb un repertori basat en surf rock, rockabilly, garage i música guapa en general.</p>
