{"id":6335,"date":"2019-07-19T08:15:53","date_gmt":"2019-07-19T08:15:53","guid":{"rendered":"https:\/\/esclaustre.com\/event\/five-days-to-dance-copy\/"},"modified":"2019-07-19T08:43:29","modified_gmt":"2019-07-19T08:43:29","slug":"silvana","status":"publish","type":"tribe_events","link":"https:\/\/esclaustre.com\/en\/event\/silvana\/","title":{"rendered":"SILVANA"},"content":{"rendered":"<p>[ bb_built=&#8221;1&#8243; admin_label=&#8221;section&#8221; module_class=&#8221;eventPost__vertical&#8221; _builder_version=&#8221;3.0.51&#8243;][et_pb_row admin_label=&#8221;row&#8221; make_equal=&#8221;on&#8221; background_position_1=&#8221;top_left&#8221; background_position_2=&#8221;top_left&#8221; background_repeat_1=&#8221;no-repeat&#8221; background_repeat_2=&#8221;no-repeat&#8221; module_class_1=&#8221;eventPost__vertical__img&#8221; module_class_2=&#8221;eventPost__vertical__img_content&#8221; _builder_version=&#8221;3.0.51&#8243; background_size=&#8221;initial&#8221; background_position=&#8221;top_left&#8221; background_repeat=&#8221;repeat&#8221;][et_pb_column type=&#8221;1_2&#8243;][et_pb_image src=&#8221;https:\/\/esclaustre.com\/wp-content\/uploads\/2019\/07\/Silvana.jpg&#8221; sticky=&#8221;on&#8221; _builder_version=&#8221;3.0.64&#8243;]<\/p>\n<p>&nbsp;<\/p>\n<p>[\/et_pb_image][\/et_pb_column][et_pb_column type=&#8221;1_2&#8243;][et_pb_customEventMetaFields location=&#8221;on&#8221; schedule=&#8221;on&#8221; price=&#8221;on&#8221; _builder_version=&#8221;3.0.51&#8243;]<\/p>\n<div class=\"wrapper_tribe-events-infoBlock\">\n<dl class=\"tribe-events-infoBlock et_pb_customEventMetaFields_1\">\n<dt class=\"tribe-events-infoBlock__label\">Lloc<\/dt>\n<dd class=\"tribe-events-infoBlock__field\"><\/dd>\n<\/dl>\n<dl class=\"tribe-events-infoBlock et_pb_customEventMetaFields_1\">\n<dt class=\"tribe-events-infoBlock__label\">Horari<\/dt>\n<dd class=\"tribe-events-infoBlock__field\">H<\/dd>\n<\/dl>\n<dl class=\"tribe-events-infoBlock et_pb_customEventMetaFields_1\">\n<dt class=\"tribe-events-infoBlock__label\">Preu<\/dt>\n<dd class=\"tribe-events-infoBlock__field\"><\/dd>\n<\/dl>\n<dl class=\"tribe-events-infoBlock et_pb_customEventMetaFields_1\">\n<dt class=\"tribe-events-infoBlock__label\">Guardar<\/dt>\n<dd class=\"tribe-events-infoBlock__field\"><a class=\"ical\" href=\"https:\/\/esclaustre.com\/agenda\/?ical=1\">iCal<\/a><\/dd>\n<dd><\/dd>\n<\/dl>\n<\/div>\n<p>[\/et_pb_customEventMetaFields][et_pb_text admin_label=&#8221;Dades generals de la pelicula&#8221; module_class=&#8221;postEvent_cine__block&#8221; _builder_version=&#8221;3.0.64&#8243;]<\/p>\n<div><span style=\"color: #333333; font-size: 30px;\">SILVANA<\/span><\/div>\n<div>\n<h2>Mika Gustafson, Olivia Kastebring, Christina Tsiobanelis<\/h2>\n<h3><i class=\"fa fa-map-marker\"><\/i> Su\u00e8cia <span class=\"pull-right\">(2017)<\/span><\/h3>\n<h4><i class=\"fa fa-clock-o\"><\/i> 91min.<\/h4>\n<p><i class=\"fa fa-comments-o\"><\/i> VOS Cat, VOS Eng<\/p>\n<div class=\"fitxa\">\n<p><strong>Idioma:<\/strong>\u00a0Suec, Litu\u00e0<\/p>\n<\/div>\n<\/div>\n<p>[\/et_pb_text][et_pb_customEventCategories admin_label=&#8221;Categories&#8221; _builder_version=&#8221;3.0.64&#8243;]<\/p>\n<p>&nbsp;<\/p>\n<p>[\/et_pb_customEventCategories][et_pb_customEventTags admin_label=&#8221;Tags&#8221; _builder_version=&#8221;3.0.64&#8243;]<\/p>\n<p>&nbsp;<\/p>\n<p>[\/et_pb_customEventTags][et_pb_text admin_label=&#8221;Premis + Link Trailer&#8221; module_class=&#8221;postEvent_cine__block&#8221; _builder_version=&#8221;3.0.64&#8243; background_layout=&#8221;light&#8221; text_orientation=&#8221;left&#8221; border_style=&#8221;solid&#8221;]<\/p>\n<h4><\/h4>\n<h4>PREMIS I FESTIVALS<\/h4>\n<ul>\n<li>Nordisk Forum<\/li>\n<li>IDFA, Pa\u00efsos Baixos, 2017<\/li>\n<li>DocPoint Helsinki, Finl\u00e0ndia, 2017<\/li>\n<li>CPH:DOX, \u00a0Dinamarca, 2017<\/li>\n<li>Cleveland IFF, EUA. 2017<\/li>\n<\/ul>\n<p><a href=\"https:\/\/vimeo.com\/232441854\" target=\"_blank\" rel=\"noopener noreferrer\">VEURE TRAILER<\/a><\/p>\n<p>&nbsp;<\/p>\n<p>[\/et_pb_text][et_pb_code admin_label=&#8221;Compartir&#8221; module_class=&#8221;postEvent_cine__block__Share&#8221; _builder_version=&#8221;3.0.64&#8243;]&lt;!&#8211; [et_pb_line_break_holder] &#8211;&gt;[socialpug_share][\/et_pb_code][\/et_pb_column][\/et_pb_row][et_pb_row background_position_1=&#8221;top_left&#8221; background_position_2=&#8221;top_left&#8221; background_repeat_1=&#8221;no-repeat&#8221; background_repeat_2=&#8221;no-repeat&#8221; module_class=&#8221;eventPost__vertical__content&#8221; _builder_version=&#8221;3.0.51&#8243; background_size=&#8221;initial&#8221; background_position=&#8221;top_left&#8221; background_repeat=&#8221;repeat&#8221;][et_pb_column type=&#8221;2_3&#8243;][et_pb_text _builder_version=&#8221;3.0.64&#8243; background_layout=&#8221;light&#8221; text_orientation=&#8221;left&#8221; border_style=&#8221;solid&#8221;]<\/p>\n<h3 class=\"postEvent_content__titleh3\">SINOPSI<\/h3>\n<p>Amb les seves lletres intransigents contra totes les formes d\u2019opressi\u00f3, Silvana \u00e9s una <i>rapper<\/i> que ha conquistat Escandin\u00e0via. Activista i icona de la comunitat <i>queer<\/i> que es defineix com a lesbiana, feminista i antiracista, s\u2019ha convertit en la veu d\u2019una nova generaci\u00f3. Un viatge des dels primers anys de la carrera de l\u2019artista fins a convertir-se en una veritable icona contempor\u00e0nia.<\/p>\n<p>Quan la seva carrera esclata el 2014, Silvana passa de ser una artista underground al centre d\u2019atenci\u00f3 de centenars d\u2019adolescents i seguidors. Alimentada per les implicacions de ser una \u201cdona forta\u201d, Silvana s\u2019estavella sota la pressi\u00f3 mentre s\u2019enamora de la cantant Beatrice Eli, referent musical a Su\u00e8cia. Una hist\u00f2ria d\u2019amor \u00edntima que ens descobreix, com diu la pr\u00f2pia Silvana, que \u201cno hi ha superherois, nom\u00e9s \u00e9ssers humans\u201d.<\/p>\n<h3 class=\"postEvent_content__titleh3\">SOBRE LA DIRECCI\u00d3<\/h3>\n<p><strong>Mika Gustafson<\/strong> (1988), <strong>Olivia Kastebring<\/strong> (1987) i <strong>Christina Tsiobanelis<\/strong> (1987) es van con\u00e8ixer estudiant cinema a la Universitat de Su\u00e8cia i han format un trio que les permet treballar amb un estil propi i innovador. Anteriorment, han dirigit curtmetratges i v\u00eddeos musicals. <i>Silvana<\/i> \u00e9s el seu primer llargmetratge.<\/p>\n<p>Cicle documental amb el suport de la Regidoria de Pol\u00edtica\u00a0Ling\u00fc\u00edstica de l\u2019<a href=\"http:\/\/www.ajmao.org\" target=\"_blank\" rel=\"noopener noreferrer\">Ajuntament de Ma\u00f3<\/a>.<\/p>\n<p>CICLE DE CINEMA INTERCULTURAL.\u00a0Aquest cicle de cinema vol posar en valor la diversitat cultural i promoure les relacions interculturals, com a forma de complir el nov\u00e8 dels compromisos pels quals la ciutat de Ma\u00f3 forma part de la Coalici\u00f3 Europea Contra el Racisme.<\/p>\n<div class=\"et_pb_column et_pb_column_2_3 et_pb_column_2\">\n<div class=\"et_pb_text et_pb_module et_pb_bg_layout_light et_pb_text_align_left et_pb_text_2\">\n<div class=\"et_pb_text_inner\">\n<div class=\"page\" title=\"Page 2\">\n<div class=\"section\">\n<div class=\"layoutArea\">\n<div class=\"column\"><\/div>\n<\/div>\n<\/div>\n<\/div>\n<\/div>\n<\/div>\n<\/div>\n<p>[\/et_pb_text][\/et_pb_column][et_pb_column type=&#8221;1_3&#8243;][et_pb_text admin_label=&#8221;Fitxa t\u00e8cnica&#8221; module_class=&#8221;postEvent_content__technicalData&#8221; _builder_version=&#8221;3.0.64&#8243;]<\/p>\n<h4>FITXA T\u00c8CNICA<\/h4>\n<ul>\n<li style=\"list-style-type: none;\">\n<ul>\n<li><strong>Direcci\u00f3: <\/strong>Mika Gustafson, Olivia Kastebring, Christina Tsiobanelis<\/li>\n<li><strong>Producci\u00f3:<\/strong> Stina Gardell, Anna Weitz<\/li>\n<li><strong>Edici\u00f3:<\/strong> Charlotte Landelius<\/li>\n<li><strong>So: <\/strong>Mira Falk, Brian Dyrby<\/li>\n<li><strong>Dramat\u00fargia: <\/strong>Hanna Lejonqvist<\/li>\n<li><strong>Compositor: <\/strong>Therese Helgesson<\/li>\n<li><strong>Disseny gr\u00e0fic: <\/strong>Parasto Backman<\/li>\n<li><strong>Color: <\/strong>Nanna Dalunde<\/li>\n<li><strong>Postproducci\u00f3:<\/strong> Mattias Valenca<\/li>\n<\/ul>\n<\/li>\n<\/ul>\n<p>[\/et_pb_text][\/et_pb_column][\/et_pb_row][\/]<\/p>\n","protected":false},"excerpt":{"rendered":"<p>[CINEMA A LA FRESCA] Cinema a l&#8217;estiu amb el documental SILVANA<\/p>\n","protected":false},"author":1,"featured_media":6333,"template":"","meta":{"_acf_changed":false,"_tribe_events_status":"","_tribe_events_status_reason":"","_tribe_events_is_hybrid":"","_tribe_events_is_virtual":"","_tribe_events_virtual_video_source":"","_tribe_events_virtual_embed_video":"","_tribe_events_virtual_linked_button_text":"","_tribe_events_virtual_linked_button":"","_tribe_events_virtual_show_embed_at":"","_tribe_events_virtual_show_embed_to":[],"_tribe_events_virtual_show_on_event":"","_tribe_events_virtual_show_on_views":"","_tribe_events_virtual_url":"","footnotes":""},"tags":[112,113,671,1218,1219],"tribe_events_cat":[116],"class_list":["post-6335","tribe_events","type-tribe_events","status-publish","has-post-thumbnail","hentry","tag-docs-en","tag-documental-en","tag-hip-hop-en","tag-rapper-en","tag-suecia-en","tribe_events_cat-cinema-en","cat_cinema-en"],"acf":[],"_links":{"self":[{"href":"https:\/\/esclaustre.com\/en\/wp-json\/wp\/v2\/tribe_events\/6335","targetHints":{"allow":["GET"]}}],"collection":[{"href":"https:\/\/esclaustre.com\/en\/wp-json\/wp\/v2\/tribe_events"}],"about":[{"href":"https:\/\/esclaustre.com\/en\/wp-json\/wp\/v2\/types\/tribe_events"}],"author":[{"embeddable":true,"href":"https:\/\/esclaustre.com\/en\/wp-json\/wp\/v2\/users\/1"}],"version-history":[{"count":0,"href":"https:\/\/esclaustre.com\/en\/wp-json\/wp\/v2\/tribe_events\/6335\/revisions"}],"wp:featuredmedia":[{"embeddable":true,"href":"https:\/\/esclaustre.com\/en\/wp-json\/wp\/v2\/media\/6333"}],"wp:attachment":[{"href":"https:\/\/esclaustre.com\/en\/wp-json\/wp\/v2\/media?parent=6335"}],"wp:term":[{"taxonomy":"post_tag","embeddable":true,"href":"https:\/\/esclaustre.com\/en\/wp-json\/wp\/v2\/tags?post=6335"},{"taxonomy":"tribe_events_cat","embeddable":true,"href":"https:\/\/esclaustre.com\/en\/wp-json\/wp\/v2\/tribe_events_cat?post=6335"}],"curies":[{"name":"wp","href":"https:\/\/api.w.org\/{rel}","templated":true}]}}

<p>[ bb_built=&#8221;1&#8243; admin_label=&#8221;section&#8221; module_class=&#8221;eventPost__vertical&#8221; _builder_version=&#8221;3.0.51&#8243;][et_pb_row admin_label=&#8221;row&#8221; make_equal=&#8221;on&#8221; background_position_1=&#8221;top_left&#8221; background_position_2=&#8221;top_left&#8221; background_repeat_1=&#8221;no-repeat&#8221; background_repeat_2=&#8221;no-repeat&#8221; module_class_1=&#8221;eventPost__vertical__img&#8221; module_class_2=&#8221;eventPost__vertical__img_content&#8221; _builder_version=&#8221;3.0.51&#8243; background_size=&#8221;initial&#8221; background_position=&#8221;top_left&#8221; background_repeat=&#8221;repeat&#8221;][et_pb_column type=&#8221;1_2&#8243;][et_pb_image src=&#8221;https://esclaustre.com/wp-content/uploads/2019/07/Silvana.jpg&#8221; sticky=&#8221;on&#8221; _builder_version=&#8221;3.0.64&#8243;]</p>
<p>&nbsp;</p>
<p>[/et_pb_image][/et_pb_column][et_pb_column type=&#8221;1_2&#8243;][et_pb_customEventMetaFields location=&#8221;on&#8221; schedule=&#8221;on&#8221; price=&#8221;on&#8221; _builder_version=&#8221;3.0.51&#8243;]</p>
<div class="wrapper_tribe-events-infoBlock">
<dl class="tribe-events-infoBlock et_pb_customEventMetaFields_1">
<dt class="tribe-events-infoBlock__label">Lloc</dt>
<dd class="tribe-events-infoBlock__field"></dd>
</dl>
<dl class="tribe-events-infoBlock et_pb_customEventMetaFields_1">
<dt class="tribe-events-infoBlock__label">Horari</dt>
<dd class="tribe-events-infoBlock__field">H</dd>
</dl>
<dl class="tribe-events-infoBlock et_pb_customEventMetaFields_1">
<dt class="tribe-events-infoBlock__label">Preu</dt>
<dd class="tribe-events-infoBlock__field"></dd>
</dl>
<dl class="tribe-events-infoBlock et_pb_customEventMetaFields_1">
<dt class="tribe-events-infoBlock__label">Guardar</dt>
<dd class="tribe-events-infoBlock__field"><a class="ical" href="https://esclaustre.com/agenda/?ical=1">iCal</a></dd>
<dd></dd>
</dl>
</div>
<p>[/et_pb_customEventMetaFields][et_pb_text admin_label=&#8221;Dades generals de la pelicula&#8221; module_class=&#8221;postEvent_cine__block&#8221; _builder_version=&#8221;3.0.64&#8243;]</p>
<div><span style="color: #333333; font-size: 30px;">SILVANA</span></div>
<div>
<h2>Mika Gustafson, Olivia Kastebring, Christina Tsiobanelis</h2>
<h3><i class="fa fa-map-marker"></i> Suècia <span class="pull-right">(2017)</span></h3>
<h4><i class="fa fa-clock-o"></i> 91min.</h4>
<p><i class="fa fa-comments-o"></i> VOS Cat, VOS Eng</p>
<div class="fitxa">
<p><strong>Idioma:</strong> Suec, Lituà</p>
</div>
</div>
<p>[/et_pb_text][et_pb_customEventCategories admin_label=&#8221;Categories&#8221; _builder_version=&#8221;3.0.64&#8243;]</p>
<p>&nbsp;</p>
<p>[/et_pb_customEventCategories][et_pb_customEventTags admin_label=&#8221;Tags&#8221; _builder_version=&#8221;3.0.64&#8243;]</p>
<p>&nbsp;</p>
<p>[/et_pb_customEventTags][et_pb_text admin_label=&#8221;Premis + Link Trailer&#8221; module_class=&#8221;postEvent_cine__block&#8221; _builder_version=&#8221;3.0.64&#8243; background_layout=&#8221;light&#8221; text_orientation=&#8221;left&#8221; border_style=&#8221;solid&#8221;]</p>
<h4></h4>
<h4>PREMIS I FESTIVALS</h4>
<ul>
<li>Nordisk Forum</li>
<li>IDFA, Països Baixos, 2017</li>
<li>DocPoint Helsinki, Finlàndia, 2017</li>
<li>CPH:DOX,  Dinamarca, 2017</li>
<li>Cleveland IFF, EUA. 2017</li>
</ul>
<p><a href="https://vimeo.com/232441854" target="_blank" rel="noopener noreferrer">VEURE TRAILER</a></p>
<p>&nbsp;</p>
<p>[/et_pb_text][et_pb_code admin_label=&#8221;Compartir&#8221; module_class=&#8221;postEvent_cine__block__Share&#8221; _builder_version=&#8221;3.0.64&#8243;]&lt;!&#8211; [et_pb_line_break_holder] &#8211;&gt;[socialpug_share][/et_pb_code][/et_pb_column][/et_pb_row][et_pb_row background_position_1=&#8221;top_left&#8221; background_position_2=&#8221;top_left&#8221; background_repeat_1=&#8221;no-repeat&#8221; background_repeat_2=&#8221;no-repeat&#8221; module_class=&#8221;eventPost__vertical__content&#8221; _builder_version=&#8221;3.0.51&#8243; background_size=&#8221;initial&#8221; background_position=&#8221;top_left&#8221; background_repeat=&#8221;repeat&#8221;][et_pb_column type=&#8221;2_3&#8243;][et_pb_text _builder_version=&#8221;3.0.64&#8243; background_layout=&#8221;light&#8221; text_orientation=&#8221;left&#8221; border_style=&#8221;solid&#8221;]</p>
<h3 class="postEvent_content__titleh3">SINOPSI</h3>
<p>Amb les seves lletres intransigents contra totes les formes d’opressió, Silvana és una <i>rapper</i> que ha conquistat Escandinàvia. Activista i icona de la comunitat <i>queer</i> que es defineix com a lesbiana, feminista i antiracista, s’ha convertit en la veu d’una nova generació. Un viatge des dels primers anys de la carrera de l’artista fins a convertir-se en una veritable icona contemporània.</p>
<p>Quan la seva carrera esclata el 2014, Silvana passa de ser una artista underground al centre d’atenció de centenars d’adolescents i seguidors. Alimentada per les implicacions de ser una “dona forta”, Silvana s’estavella sota la pressió mentre s’enamora de la cantant Beatrice Eli, referent musical a Suècia. Una història d’amor íntima que ens descobreix, com diu la pròpia Silvana, que “no hi ha superherois, només éssers humans”.</p>
<h3 class="postEvent_content__titleh3">SOBRE LA DIRECCIÓ</h3>
<p><strong>Mika Gustafson</strong> (1988), <strong>Olivia Kastebring</strong> (1987) i <strong>Christina Tsiobanelis</strong> (1987) es van conèixer estudiant cinema a la Universitat de Suècia i han format un trio que les permet treballar amb un estil propi i innovador. Anteriorment, han dirigit curtmetratges i vídeos musicals. <i>Silvana</i> és el seu primer llargmetratge.</p>
<p>Cicle documental amb el suport de la Regidoria de Política Lingüística de l’<a href="http://www.ajmao.org" target="_blank" rel="noopener noreferrer">Ajuntament de Maó</a>.</p>
<p>CICLE DE CINEMA INTERCULTURAL. Aquest cicle de cinema vol posar en valor la diversitat cultural i promoure les relacions interculturals, com a forma de complir el novè dels compromisos pels quals la ciutat de Maó forma part de la Coalició Europea Contra el Racisme.</p>
<div class="et_pb_column et_pb_column_2_3 et_pb_column_2">
<div class="et_pb_text et_pb_module et_pb_bg_layout_light et_pb_text_align_left et_pb_text_2">
<div class="et_pb_text_inner">
<div class="page" title="Page 2">
<div class="section">
<div class="layoutArea">
<div class="column"></div>
</div>
</div>
</div>
</div>
</div>
</div>
<p>[/et_pb_text][/et_pb_column][et_pb_column type=&#8221;1_3&#8243;][et_pb_text admin_label=&#8221;Fitxa tècnica&#8221; module_class=&#8221;postEvent_content__technicalData&#8221; _builder_version=&#8221;3.0.64&#8243;]</p>
<h4>FITXA TÈCNICA</h4>
<ul>
<li style="list-style-type: none;">
<ul>
<li><strong>Direcció: </strong>Mika Gustafson, Olivia Kastebring, Christina Tsiobanelis</li>
<li><strong>Producció:</strong> Stina Gardell, Anna Weitz</li>
<li><strong>Edició:</strong> Charlotte Landelius</li>
<li><strong>So: </strong>Mira Falk, Brian Dyrby</li>
<li><strong>Dramatúrgia: </strong>Hanna Lejonqvist</li>
<li><strong>Compositor: </strong>Therese Helgesson</li>
<li><strong>Disseny gràfic: </strong>Parasto Backman</li>
<li><strong>Color: </strong>Nanna Dalunde</li>
<li><strong>Postproducció:</strong> Mattias Valenca</li>
</ul>
</li>
</ul>
<p>[/et_pb_text][/et_pb_column][/et_pb_row][/]</p>
