{"id":6667,"date":"2019-09-22T14:41:48","date_gmt":"2019-09-22T14:41:48","guid":{"rendered":"https:\/\/esclaustre.com\/event\/el-nen-i-el-mon-copy\/"},"modified":"2019-09-22T18:30:35","modified_gmt":"2019-09-22T18:30:35","slug":"demain","status":"publish","type":"tribe_events","link":"https:\/\/esclaustre.com\/en\/event\/demain\/","title":{"rendered":"DEMAIN"},"content":{"rendered":"<p>[ bb_built=&#8221;1&#8243; admin_label=&#8221;section&#8221; module_class=&#8221;eventPost__vertical&#8221; _builder_version=&#8221;3.0.51&#8243;][et_pb_row admin_label=&#8221;row&#8221; make_equal=&#8221;on&#8221; background_position_1=&#8221;top_left&#8221; background_position_2=&#8221;top_left&#8221; background_repeat_1=&#8221;no-repeat&#8221; background_repeat_2=&#8221;no-repeat&#8221; module_class_1=&#8221;eventPost__vertical__img&#8221; module_class_2=&#8221;eventPost__vertical__img_content&#8221; _builder_version=&#8221;3.0.51&#8243; background_size=&#8221;initial&#8221; background_position=&#8221;top_left&#8221; background_repeat=&#8221;repeat&#8221;][et_pb_column type=&#8221;1_2&#8243;][et_pb_image src=&#8221;https:\/\/esclaustre.com\/wp-content\/uploads\/2019\/09\/Demain-cartell.jpg&#8221; sticky=&#8221;on&#8221; _builder_version=&#8221;3.0.64&#8243; show_in_lightbox=&#8221;off&#8221; url_new_window=&#8221;off&#8221; use_overlay=&#8221;off&#8221; align=&#8221;left&#8221; always_center_on_mobile=&#8221;on&#8221; border_style=&#8221;solid&#8221; force_fullwidth=&#8221;off&#8221;]<\/p>\n<p>&nbsp;<\/p>\n<p>[\/et_pb_image][\/et_pb_column][et_pb_column type=&#8221;1_2&#8243;][et_pb_customEventMetaFields location=&#8221;on&#8221; schedule=&#8221;on&#8221; price=&#8221;on&#8221; _builder_version=&#8221;3.0.64&#8243;]<\/p>\n<div class=\"wrapper_tribe-events-infoBlock\">\n<dl class=\"tribe-events-infoBlock et_pb_customEventMetaFields_1\">\n<dt class=\"tribe-events-infoBlock__label\">Lloc<\/dt>\n<dd class=\"tribe-events-infoBlock__field\"><\/dd>\n<\/dl>\n<dl class=\"tribe-events-infoBlock et_pb_customEventMetaFields_1\">\n<dt class=\"tribe-events-infoBlock__label\">Horari<\/dt>\n<dd class=\"tribe-events-infoBlock__field\">H<\/dd>\n<\/dl>\n<dl class=\"tribe-events-infoBlock et_pb_customEventMetaFields_1\">\n<dt class=\"tribe-events-infoBlock__label\">Preu<\/dt>\n<dd class=\"tribe-events-infoBlock__field\"><\/dd>\n<\/dl>\n<dl class=\"tribe-events-infoBlock et_pb_customEventMetaFields_1\">\n<dt class=\"tribe-events-infoBlock__label\">Guardar<\/dt>\n<dd class=\"tribe-events-infoBlock__field\"><a class=\"ical\" href=\"https:\/\/esclaustre.com\/agenda\/?ical=1\">iCal<\/a><\/dd>\n<dd><\/dd>\n<\/dl>\n<\/div>\n<p>[\/et_pb_customEventMetaFields][et_pb_text admin_label=&#8221;Dades generals de la pelicula&#8221; module_class=&#8221;postEvent_cine__block&#8221; _builder_version=&#8221;3.0.64&#8243; background_layout=&#8221;light&#8221; text_orientation=&#8221;left&#8221; border_style=&#8221;solid&#8221;]<\/p>\n<div class=\"fitxa\"><\/div>\n<div>\n<div class=\"elementor-element elementor-element-2cccc1f elementor-widget elementor-widget-heading\" data-id=\"2cccc1f\" data-element_type=\"widget\" data-widget_type=\"heading.default\">\n<div class=\"elementor-widget-container\">\n<p class=\"elementor-heading-title elementor-size-default\"><strong><span style=\"color: #333333; font-size: 30px;\">DEMAIN.<\/span><\/strong><\/p>\n<\/div>\n<\/div>\n<\/div>\n<div>\n<h2>Cyril Dion i M\u00e9lanie Laurent, Fran\u00e7a, 2015<\/h2>\n<p><i class=\"glyphicon glyphicon-calendar\"><\/i>A partir de 7 anys<br \/>\n<strong>T\u00edtol original<\/strong>: Demain<br \/>\n<strong>Direcci\u00f3<\/strong>:\u00a0Cyril Dion y M\u00e9lanie Laurent<br \/>\n<strong>Any<\/strong>: 2015<br \/>\n<strong>Pa\u00eds<\/strong>: Fran\u00e7a<br \/>\n<strong>Duraci\u00f3<\/strong>:\u00a0118 min<br \/>\n<strong>Idioma original<\/strong>: Franc\u00e8s<br \/>\n<strong>Tem\u00e0tica:<\/strong>\u00a0Alimentaci\u00f3, Ecologia, Educaci\u00f3, Creativitat<\/p>\n<div class=\"meta\"><\/div>\n<\/div>\n<div class=\"fitxa\">\n<div class=\"meta\"><\/div>\n<\/div>\n<p>[\/et_pb_text][et_pb_customEventCategories admin_label=&#8221;Categories&#8221; _builder_version=&#8221;3.0.64&#8243;]<\/p>\n<p>&nbsp;<\/p>\n<p>[\/et_pb_customEventCategories][et_pb_customEventTags admin_label=&#8221;Tags&#8221; _builder_version=&#8221;3.0.64&#8243;]<\/p>\n<p>&nbsp;<\/p>\n<p>[\/et_pb_customEventTags][et_pb_text admin_label=&#8221;Premis + Link Trailer&#8221; module_class=&#8221;postEvent_cine__block&#8221; _builder_version=&#8221;3.0.64&#8243; background_layout=&#8221;light&#8221; text_orientation=&#8221;left&#8221; border_style=&#8221;solid&#8221;]<\/p>\n<p><span style=\"color: #333333; font-size: 18px;\">PREMIS I FESTIVALS<\/span><\/p>\n<ul>\n<li>Premi C\u00e8sar 2015<\/li>\n<\/ul>\n<p><a class=\"postEvent_cine__filmLink\" href=\"https:\/\/youtu.be\/bmL89rs0mSI\" target=\"_blank\" rel=\"noopener\">Veure Trailer<\/a><\/p>\n<p>&nbsp;<\/p>\n<p>[\/et_pb_text][et_pb_code admin_label=&#8221;Compartir&#8221; module_class=&#8221;postEvent_cine__block__Share&#8221; _builder_version=&#8221;3.0.64&#8243;]&lt;!&#8211; [et_pb_line_break_holder] &#8211;&gt;[socialpug_share][\/et_pb_code][\/et_pb_column][\/et_pb_row][et_pb_row background_position_1=&#8221;top_left&#8221; background_position_2=&#8221;top_left&#8221; background_repeat_1=&#8221;no-repeat&#8221; background_repeat_2=&#8221;no-repeat&#8221; module_class=&#8221;eventPost__vertical__content&#8221; _builder_version=&#8221;3.0.51&#8243; background_size=&#8221;initial&#8221; background_position=&#8221;top_left&#8221; background_repeat=&#8221;repeat&#8221;][et_pb_column type=&#8221;2_3&#8243;][et_pb_text _builder_version=&#8221;3.0.64&#8243; background_layout=&#8221;light&#8221; text_orientation=&#8221;left&#8221; border_style=&#8221;solid&#8221;]<\/p>\n<h3 class=\"postEvent_content__titleh3\">SINOPSI<\/h3>\n<p><em>Demain<\/em> neix de la pregunta: Qu\u00e8 passaria si mostrar solucions o explicar hist\u00f2ries que fan el b\u00e9 fos la millor manera de resoldre els problemes ecol\u00f2gics, econ\u00f2mics i socials?<\/p>\n<p>Melanie Laurent i Cyril Dion, que comparteixen l\u2019autoria del <a href=\"https:\/\/www.demain-lefilm.com\/le-film\" target=\"_blank\" rel=\"noopener\">documental<\/a>, van llegir un article a la prestigiosa revista cient\u00edfica <em>Nature<\/em> alertant sobre el canvi clim\u00e0tic i la possible desaparici\u00f3 d\u2019una part de la humanitat. De la necessitat de reaccionar davant d\u2019aquesta amena\u00e7a, sorgeix <em>Demain<\/em> (premi C\u00e8sar 2015), un documental que destaca pel seu to positiu i el seu contingut inspirador. <em>Demain<\/em> mostra un conjunt de solucions amb una bona hist\u00f2ria com a fil conductor.<\/p>\n<p>El documental ens acompanya, en un <strong>viatge pels<\/strong> <strong>cinc continents<\/strong>, a con\u00e8ixer iniciatives que treballen en la <strong>construcci\u00f3 d\u2019alternatives<\/strong> en els camps de l\u2019alimentaci\u00f3, l\u2019energia, l\u2019economia, la democr\u00e0cia i l\u2019educaci\u00f3. \u00c9s cert que aquests dos \u00faltims \u00e0mbits s\u2019aborden de forma m\u00e9s superficial per\u00f2, en qualsevol cas, a <em>Demain<\/em> descobrim molts exemples reals que, tot i que allunyats de casa nostra, ens permeten endevinar un futur m\u00e9s esperan\u00e7ador.<\/p>\n<p>No es tracta de ci\u00e8ncia-ficci\u00f3, no s\u00f3n propostes ut\u00f2piques formulades des dels bons desitjos, es tracta de projectes i persones que ja estan treballant per canviar i millorar el futur de la humanitat. Certament, s\u00f3n petites iniciatives que voldrien resoldre problemes de gran magnitud. Aquest potser \u00e9s l\u2019aspecte m\u00e9s q\u00fcestionable del documental, que projecta una mirada un p\u00e8l ing\u00e8nua sobre la capacitat de transformaci\u00f3 d\u2019algunes propostes que, en molts casos, no es plantegen el repte de l\u2019escalabilitat. Aix\u00f2 fa que les experi\u00e8ncies que coneixem a <em>Demain<\/em> s\u00f3n de dif\u00edcil impacte sobre transformacions estructurals capaces de donar respostes de la magnitud necess\u00e0ria als reptes que plantegen.<\/p>\n<p>En conjunt, per\u00f2, <em>Demain<\/em> \u00e9s un bon documental que ens obre les portes a debats i reflexions absolutament imprescindibles en la construcci\u00f3 d\u2019un m\u00f3n millor.<\/p>\n<div id=\"direction\" class=\"col-md-6\"><\/div>\n<p>Aquest documental es projecta amb el suport del <strong>GOB<\/strong> i dins la setmana de la <strong>Vaga Mundial Pel Clima<\/strong>.<\/p>\n<p>&nbsp;<\/p>\n<div class=\"et_pb_column et_pb_column_2_3 et_pb_column_2\">\n<div class=\"et_pb_text et_pb_module et_pb_bg_layout_light et_pb_text_align_left et_pb_text_2\">\n<div class=\"et_pb_text_inner\">\n<div class=\"page\" title=\"Page 2\">\n<div class=\"section\">\n<div class=\"layoutArea\">\n<div class=\"column\"><\/div>\n<\/div>\n<\/div>\n<\/div>\n<\/div>\n<\/div>\n<\/div>\n<p>[\/et_pb_text][\/et_pb_column][et_pb_column type=&#8221;1_3&#8243;][\/et_pb_column][\/et_pb_row][\/]<\/p>\n","protected":false},"excerpt":{"rendered":"<p>[VAGA MUNDIAL PEL CLIMA] Cinema amb el documental DEMAIN<\/p>\n","protected":false},"author":1,"featured_media":6665,"template":"","meta":{"_acf_changed":false,"_tribe_events_status":"","_tribe_events_status_reason":"","_tribe_events_is_hybrid":"","_tribe_events_is_virtual":"","_tribe_events_virtual_video_source":"","_tribe_events_virtual_embed_video":"","_tribe_events_virtual_linked_button_text":"","_tribe_events_virtual_linked_button":"","_tribe_events_virtual_show_embed_at":"","_tribe_events_virtual_show_embed_to":[],"_tribe_events_virtual_show_on_event":"","_tribe_events_virtual_show_on_views":"","_tribe_events_virtual_url":"","footnotes":""},"tags":[706,1287],"tribe_events_cat":[116,650],"class_list":["post-6667","tribe_events","type-tribe_events","status-publish","has-post-thumbnail","hentry","tag-medi-ambient-en","tag-vaga-mundial-pel-clima-en","tribe_events_cat-cinema-en","tribe_events_cat-cultura-en","cat_cinema-en","cat_cultura-en"],"acf":[],"_links":{"self":[{"href":"https:\/\/esclaustre.com\/en\/wp-json\/wp\/v2\/tribe_events\/6667","targetHints":{"allow":["GET"]}}],"collection":[{"href":"https:\/\/esclaustre.com\/en\/wp-json\/wp\/v2\/tribe_events"}],"about":[{"href":"https:\/\/esclaustre.com\/en\/wp-json\/wp\/v2\/types\/tribe_events"}],"author":[{"embeddable":true,"href":"https:\/\/esclaustre.com\/en\/wp-json\/wp\/v2\/users\/1"}],"version-history":[{"count":0,"href":"https:\/\/esclaustre.com\/en\/wp-json\/wp\/v2\/tribe_events\/6667\/revisions"}],"wp:featuredmedia":[{"embeddable":true,"href":"https:\/\/esclaustre.com\/en\/wp-json\/wp\/v2\/media\/6665"}],"wp:attachment":[{"href":"https:\/\/esclaustre.com\/en\/wp-json\/wp\/v2\/media?parent=6667"}],"wp:term":[{"taxonomy":"post_tag","embeddable":true,"href":"https:\/\/esclaustre.com\/en\/wp-json\/wp\/v2\/tags?post=6667"},{"taxonomy":"tribe_events_cat","embeddable":true,"href":"https:\/\/esclaustre.com\/en\/wp-json\/wp\/v2\/tribe_events_cat?post=6667"}],"curies":[{"name":"wp","href":"https:\/\/api.w.org\/{rel}","templated":true}]}}

<p>[ bb_built=&#8221;1&#8243; admin_label=&#8221;section&#8221; module_class=&#8221;eventPost__vertical&#8221; _builder_version=&#8221;3.0.51&#8243;][et_pb_row admin_label=&#8221;row&#8221; make_equal=&#8221;on&#8221; background_position_1=&#8221;top_left&#8221; background_position_2=&#8221;top_left&#8221; background_repeat_1=&#8221;no-repeat&#8221; background_repeat_2=&#8221;no-repeat&#8221; module_class_1=&#8221;eventPost__vertical__img&#8221; module_class_2=&#8221;eventPost__vertical__img_content&#8221; _builder_version=&#8221;3.0.51&#8243; background_size=&#8221;initial&#8221; background_position=&#8221;top_left&#8221; background_repeat=&#8221;repeat&#8221;][et_pb_column type=&#8221;1_2&#8243;][et_pb_image src=&#8221;https://esclaustre.com/wp-content/uploads/2019/09/Demain-cartell.jpg&#8221; sticky=&#8221;on&#8221; _builder_version=&#8221;3.0.64&#8243; show_in_lightbox=&#8221;off&#8221; url_new_window=&#8221;off&#8221; use_overlay=&#8221;off&#8221; align=&#8221;left&#8221; always_center_on_mobile=&#8221;on&#8221; border_style=&#8221;solid&#8221; force_fullwidth=&#8221;off&#8221;]</p>
<p>&nbsp;</p>
<p>[/et_pb_image][/et_pb_column][et_pb_column type=&#8221;1_2&#8243;][et_pb_customEventMetaFields location=&#8221;on&#8221; schedule=&#8221;on&#8221; price=&#8221;on&#8221; _builder_version=&#8221;3.0.64&#8243;]</p>
<div class="wrapper_tribe-events-infoBlock">
<dl class="tribe-events-infoBlock et_pb_customEventMetaFields_1">
<dt class="tribe-events-infoBlock__label">Lloc</dt>
<dd class="tribe-events-infoBlock__field"></dd>
</dl>
<dl class="tribe-events-infoBlock et_pb_customEventMetaFields_1">
<dt class="tribe-events-infoBlock__label">Horari</dt>
<dd class="tribe-events-infoBlock__field">H</dd>
</dl>
<dl class="tribe-events-infoBlock et_pb_customEventMetaFields_1">
<dt class="tribe-events-infoBlock__label">Preu</dt>
<dd class="tribe-events-infoBlock__field"></dd>
</dl>
<dl class="tribe-events-infoBlock et_pb_customEventMetaFields_1">
<dt class="tribe-events-infoBlock__label">Guardar</dt>
<dd class="tribe-events-infoBlock__field"><a class="ical" href="https://esclaustre.com/agenda/?ical=1">iCal</a></dd>
<dd></dd>
</dl>
</div>
<p>[/et_pb_customEventMetaFields][et_pb_text admin_label=&#8221;Dades generals de la pelicula&#8221; module_class=&#8221;postEvent_cine__block&#8221; _builder_version=&#8221;3.0.64&#8243; background_layout=&#8221;light&#8221; text_orientation=&#8221;left&#8221; border_style=&#8221;solid&#8221;]</p>
<div class="fitxa"></div>
<div>
<div class="elementor-element elementor-element-2cccc1f elementor-widget elementor-widget-heading" data-id="2cccc1f" data-element_type="widget" data-widget_type="heading.default">
<div class="elementor-widget-container">
<p class="elementor-heading-title elementor-size-default"><strong><span style="color: #333333; font-size: 30px;">DEMAIN.</span></strong></p>
</div>
</div>
</div>
<div>
<h2>Cyril Dion i Mélanie Laurent, França, 2015</h2>
<p><i class="glyphicon glyphicon-calendar"></i>A partir de 7 anys<br />
<strong>Títol original</strong>: Demain<br />
<strong>Direcció</strong>: Cyril Dion y Mélanie Laurent<br />
<strong>Any</strong>: 2015<br />
<strong>País</strong>: França<br />
<strong>Duració</strong>: 118 min<br />
<strong>Idioma original</strong>: Francès<br />
<strong>Temàtica:</strong> Alimentació, Ecologia, Educació, Creativitat</p>
<div class="meta"></div>
</div>
<div class="fitxa">
<div class="meta"></div>
</div>
<p>[/et_pb_text][et_pb_customEventCategories admin_label=&#8221;Categories&#8221; _builder_version=&#8221;3.0.64&#8243;]</p>
<p>&nbsp;</p>
<p>[/et_pb_customEventCategories][et_pb_customEventTags admin_label=&#8221;Tags&#8221; _builder_version=&#8221;3.0.64&#8243;]</p>
<p>&nbsp;</p>
<p>[/et_pb_customEventTags][et_pb_text admin_label=&#8221;Premis + Link Trailer&#8221; module_class=&#8221;postEvent_cine__block&#8221; _builder_version=&#8221;3.0.64&#8243; background_layout=&#8221;light&#8221; text_orientation=&#8221;left&#8221; border_style=&#8221;solid&#8221;]</p>
<p><span style="color: #333333; font-size: 18px;">PREMIS I FESTIVALS</span></p>
<ul>
<li>Premi Cèsar 2015</li>
</ul>
<p><a class="postEvent_cine__filmLink" href="https://youtu.be/bmL89rs0mSI" target="_blank" rel="noopener">Veure Trailer</a></p>
<p>&nbsp;</p>
<p>[/et_pb_text][et_pb_code admin_label=&#8221;Compartir&#8221; module_class=&#8221;postEvent_cine__block__Share&#8221; _builder_version=&#8221;3.0.64&#8243;]&lt;!&#8211; [et_pb_line_break_holder] &#8211;&gt;[socialpug_share][/et_pb_code][/et_pb_column][/et_pb_row][et_pb_row background_position_1=&#8221;top_left&#8221; background_position_2=&#8221;top_left&#8221; background_repeat_1=&#8221;no-repeat&#8221; background_repeat_2=&#8221;no-repeat&#8221; module_class=&#8221;eventPost__vertical__content&#8221; _builder_version=&#8221;3.0.51&#8243; background_size=&#8221;initial&#8221; background_position=&#8221;top_left&#8221; background_repeat=&#8221;repeat&#8221;][et_pb_column type=&#8221;2_3&#8243;][et_pb_text _builder_version=&#8221;3.0.64&#8243; background_layout=&#8221;light&#8221; text_orientation=&#8221;left&#8221; border_style=&#8221;solid&#8221;]</p>
<h3 class="postEvent_content__titleh3">SINOPSI</h3>
<p><em>Demain</em> neix de la pregunta: Què passaria si mostrar solucions o explicar històries que fan el bé fos la millor manera de resoldre els problemes ecològics, econòmics i socials?</p>
<p>Melanie Laurent i Cyril Dion, que comparteixen l’autoria del <a href="https://www.demain-lefilm.com/le-film" target="_blank" rel="noopener">documental</a>, van llegir un article a la prestigiosa revista científica <em>Nature</em> alertant sobre el canvi climàtic i la possible desaparició d’una part de la humanitat. De la necessitat de reaccionar davant d’aquesta amenaça, sorgeix <em>Demain</em> (premi Cèsar 2015), un documental que destaca pel seu to positiu i el seu contingut inspirador. <em>Demain</em> mostra un conjunt de solucions amb una bona història com a fil conductor.</p>
<p>El documental ens acompanya, en un <strong>viatge pels</strong> <strong>cinc continents</strong>, a conèixer iniciatives que treballen en la <strong>construcció d’alternatives</strong> en els camps de l’alimentació, l’energia, l’economia, la democràcia i l’educació. És cert que aquests dos últims àmbits s’aborden de forma més superficial però, en qualsevol cas, a <em>Demain</em> descobrim molts exemples reals que, tot i que allunyats de casa nostra, ens permeten endevinar un futur més esperançador.</p>
<p>No es tracta de ciència-ficció, no són propostes utòpiques formulades des dels bons desitjos, es tracta de projectes i persones que ja estan treballant per canviar i millorar el futur de la humanitat. Certament, són petites iniciatives que voldrien resoldre problemes de gran magnitud. Aquest potser és l’aspecte més qüestionable del documental, que projecta una mirada un pèl ingènua sobre la capacitat de transformació d’algunes propostes que, en molts casos, no es plantegen el repte de l’escalabilitat. Això fa que les experiències que coneixem a <em>Demain</em> són de difícil impacte sobre transformacions estructurals capaces de donar respostes de la magnitud necessària als reptes que plantegen.</p>
<p>En conjunt, però, <em>Demain</em> és un bon documental que ens obre les portes a debats i reflexions absolutament imprescindibles en la construcció d’un món millor.</p>
<div id="direction" class="col-md-6"></div>
<p>Aquest documental es projecta amb el suport del <strong>GOB</strong> i dins la setmana de la <strong>Vaga Mundial Pel Clima</strong>.</p>
<p>&nbsp;</p>
<div class="et_pb_column et_pb_column_2_3 et_pb_column_2">
<div class="et_pb_text et_pb_module et_pb_bg_layout_light et_pb_text_align_left et_pb_text_2">
<div class="et_pb_text_inner">
<div class="page" title="Page 2">
<div class="section">
<div class="layoutArea">
<div class="column"></div>
</div>
</div>
</div>
</div>
</div>
</div>
<p>[/et_pb_text][/et_pb_column][et_pb_column type=&#8221;1_3&#8243;][/et_pb_column][/et_pb_row][/]</p>
