{"id":8411,"date":"2020-07-20T13:32:15","date_gmt":"2020-07-20T13:32:15","guid":{"rendered":"https:\/\/esclaustre.com\/event\/cala-joia\/"},"modified":"2020-07-20T13:47:54","modified_gmt":"2020-07-20T13:47:54","slug":"cala-joia","status":"publish","type":"tribe_events","link":"https:\/\/esclaustre.com\/en\/event\/cala-joia\/","title":{"rendered":"Cala Joia"},"content":{"rendered":"<p>[ bb_built=&#8221;1&#8243; fullwidth=&#8221;off&#8221; specialty=&#8221;on&#8221;][et_pb_column type=&#8221;3_4&#8243; specialty_columns=&#8221;3&#8243;][et_pb_row_inner admin_label=&#8221;Row&#8221; _builder_version=&#8221;3.0.51&#8243; background_position_1=&#8221;top_left&#8221; background_repeat_1=&#8221;no-repeat&#8221; module_class=&#8221;tribe-events-content__img&#8221;][et_pb_column_inner type=&#8221;4_4&#8243; saved_specialty_column_type=&#8221;3_4&#8243;][et_pb_image _builder_version=&#8221;3.0.64&#8243; show_in_lightbox=&#8221;off&#8221; url_new_window=&#8221;off&#8221; use_overlay=&#8221;off&#8221; sticky=&#8221;off&#8221; align=&#8221;left&#8221; always_center_on_mobile=&#8221;on&#8221; border_style=&#8221;solid&#8221; force_fullwidth=&#8221;off&#8221; src=&#8221;https:\/\/esclaustre.com\/wp-content\/uploads\/2020\/07\/Cala_Joia.jpg&#8221; \/][\/et_pb_column_inner][\/et_pb_row_inner][et_pb_row_inner admin_label=&#8221;Row&#8221;][et_pb_column_inner type=&#8221;4_4&#8243; saved_specialty_column_type=&#8221;3_4&#8243;][et_pb_text _builder_version=&#8221;3.0.64&#8243; background_layout=&#8221;light&#8221; text_orientation=&#8221;left&#8221; border_style=&#8221;solid&#8221;]<\/p>\n<h2><strong>\u00abCala Joia\u00bb es presenta en el seu gran format<\/strong><\/h2>\n<p>Originariament nascut com a duet musical, format per <strong>Josep Abelairas<\/strong> Gener (veu principal, glosador, lletrista, guitarra i petita percussi\u00f3) i <strong>Annabel Villalonga<\/strong> (guitarra, veus, compositora i glosadora) es presentaran en quintet acompanyat d&#8217;en <strong>Mois\u00e8s Pelegr\u00ed<\/strong>, <strong>\u00c0ngel Gelabert <\/strong>i\u00a0<strong>Nicolas Saiz<\/strong>. Cala Joia neix el 2012 dins del m\u00edtic\u00a0 bar \u201cEs Cau\u201d de Cala Corb, bressol de la can\u00e7\u00f3 menorquina. Aquests set anys que ens acompanyen hem fet nombrosos concerts arreu de l\u2019illa, a Mallorca, tant en l\u2019\u00e0mbit privat, com en el p\u00fablic i a Catalunya. Tenim una maqueta de can\u00e7ons pr\u00f2pies titulada \u201cDe re\u00fcll\u201d que cont\u00e9 composicions variades de diferents estils musicals. Per altra banda, tenen un disc de temes propis que respon al t\u00edtol \u201c<strong>Acords de mar<\/strong>\u201d, on la major part del disc est\u00e0 inspirat en la mar, fent pal\u00e8s que son illencs i que el \u00e9s viure enmig d&#8217;un mar ple de can\u00e7ons amb una musicalitat que remou cos i \u00e0nima.<\/p>\n<p>Aposten per la can\u00e7\u00f3 pr\u00f2pia sense perdre l\u2019ess\u00e8ncia de la m\u00fasica menorquina. Els temes estan inspirats en l\u2019illa en q\u00fcesti\u00f3, en les seves viv\u00e8ncies i en hist\u00f2ries imagin\u00e0ries plenes de tendresa, sensibilitat.<\/p>\n<p>&nbsp;<\/p>\n<p>[\/et_pb_text][et_pb_code _builder_version=&#8221;3.0.51&#8243;][socialpug_share][\/et_pb_code][et_pb_text admin_label=&#8221;Text \u2217 COVID-19_ CAT&#8221; _builder_version=&#8221;3.0.64&#8243; background_layout=&#8221;light&#8221; text_orientation=&#8221;left&#8221; border_style=&#8221;solid&#8221; saved_tabs=&#8221;all&#8221;]<\/p>\n<p>&nbsp;<\/p>\n<p><span style=\"font-family: American Typewriter;\"><span style=\"color: #d11d1d;\">\u2217\u00a0COVID-19 <span style=\"color: #000000;\">Accepto que en nom i representaci\u00f3 propis, al adquirir entrades per asisitir Es Claustre: \u00a0Conec\u00a0la situaci\u00f3 d\u2019emerg\u00e8ncia sanit\u00e0ria causada per la malaltia infecciosa COVID-19, la simptomatologia i les recomanacions sanit\u00e0ries respecte les mesures d\u2019a\u00efllament i distanciament social com la manera m\u00e9s efectiva per evitar l\u2019exposici\u00f3 al virus. De tal manera, accepto que estic informat i comprom\u00e8s amb les mesures organitzatives i preventives per minimitzar el contacte entre persones i reduir aix\u00ed les oportunitats de contagi de la malaltia.<\/span><\/span><\/span><\/p>\n<div><span style=\"font-family: American Typewriter;\">\u00a0<\/span><\/div>\n<p>&nbsp;<\/p>\n<p>[\/et_pb_text][\/et_pb_column_inner][\/et_pb_row_inner][\/et_pb_column][et_pb_column type=&#8221;1_4&#8243;][et_pb_customEventMetaFields admin_label=&#8221;EsClaustre Camps Event&#8221; _builder_version=&#8221;3.0.51&#8243; location=&#8221;on&#8221; schedule=&#8221;on&#8221; price=&#8221;on&#8221; module_class=&#8221;appendTo_tribe-events-infoBlocks_landscape&#8221; \/][et_pb_button _builder_version=&#8221;3.0.64&#8243; button_text=&#8221;Gratu\u00eft&#8221; url_new_window=&#8221;on&#8221; button_alignment=&#8221;center&#8221; background_layout=&#8221;light&#8221; custom_button=&#8221;off&#8221; button_text_color=&#8221;#ffffff&#8221; button_bg_color=&#8221;#f92b44&#8243; button_border_width=&#8221;0&#8243; button_border_radius=&#8221;0&#8243; button_letter_spacing=&#8221;0&#8243; button_icon_placement=&#8221;right&#8221; button_letter_spacing_hover=&#8221;0&#8243; module_class=&#8221;btn-ticket appendTo_tribe-events-infoBlocks_landscape&#8221; \/][et_pb_customEventCategories _builder_version=&#8221;3.0.51&#8243; \/][et_pb_customEventTags _builder_version=&#8221;3.0.51&#8243; \/][\/et_pb_column][\/]<\/p>\n","protected":false},"excerpt":{"rendered":"<p>Cala Joia aposten per la can\u00e7\u00f3 pr\u00f2pia sense perdre l\u2019ess\u00e8ncia de la m\u00fasica menorquina. Els temes estan inspirats en l\u2019illa en q\u00fcesti\u00f3, en les seves viv\u00e8ncies i en hist\u00f2ries imagin\u00e0ries plenes de tendresa, sensibilitat.<\/p>\n","protected":false},"author":1,"featured_media":8407,"template":"","meta":{"_acf_changed":false,"_tribe_events_status":"","_tribe_events_status_reason":"","_tribe_events_is_hybrid":"","_tribe_events_is_virtual":"","_tribe_events_virtual_video_source":"","_tribe_events_virtual_embed_video":"","_tribe_events_virtual_linked_button_text":"","_tribe_events_virtual_linked_button":"","_tribe_events_virtual_show_embed_at":"","_tribe_events_virtual_show_embed_to":[],"_tribe_events_virtual_show_on_event":"","_tribe_events_virtual_show_on_views":"","_tribe_events_virtual_url":"","footnotes":""},"tags":[210],"tribe_events_cat":[1423,1076],"class_list":["post-8411","tribe_events","type-tribe_events","status-publish","has-post-thumbnail","hentry","tag-menorca-en","tribe_events_cat-agenda-menorca-en","tribe_events_cat-nits-de-musica-al-carrer-en","cat_agenda-menorca-en","cat_nits-de-musica-al-carrer-en"],"acf":[],"_links":{"self":[{"href":"https:\/\/esclaustre.com\/en\/wp-json\/wp\/v2\/tribe_events\/8411","targetHints":{"allow":["GET"]}}],"collection":[{"href":"https:\/\/esclaustre.com\/en\/wp-json\/wp\/v2\/tribe_events"}],"about":[{"href":"https:\/\/esclaustre.com\/en\/wp-json\/wp\/v2\/types\/tribe_events"}],"author":[{"embeddable":true,"href":"https:\/\/esclaustre.com\/en\/wp-json\/wp\/v2\/users\/1"}],"version-history":[{"count":0,"href":"https:\/\/esclaustre.com\/en\/wp-json\/wp\/v2\/tribe_events\/8411\/revisions"}],"wp:featuredmedia":[{"embeddable":true,"href":"https:\/\/esclaustre.com\/en\/wp-json\/wp\/v2\/media\/8407"}],"wp:attachment":[{"href":"https:\/\/esclaustre.com\/en\/wp-json\/wp\/v2\/media?parent=8411"}],"wp:term":[{"taxonomy":"post_tag","embeddable":true,"href":"https:\/\/esclaustre.com\/en\/wp-json\/wp\/v2\/tags?post=8411"},{"taxonomy":"tribe_events_cat","embeddable":true,"href":"https:\/\/esclaustre.com\/en\/wp-json\/wp\/v2\/tribe_events_cat?post=8411"}],"curies":[{"name":"wp","href":"https:\/\/api.w.org\/{rel}","templated":true}]}}

<p>[ bb_built=&#8221;1&#8243; fullwidth=&#8221;off&#8221; specialty=&#8221;on&#8221;][et_pb_column type=&#8221;3_4&#8243; specialty_columns=&#8221;3&#8243;][et_pb_row_inner admin_label=&#8221;Row&#8221; _builder_version=&#8221;3.0.51&#8243; background_position_1=&#8221;top_left&#8221; background_repeat_1=&#8221;no-repeat&#8221; module_class=&#8221;tribe-events-content__img&#8221;][et_pb_column_inner type=&#8221;4_4&#8243; saved_specialty_column_type=&#8221;3_4&#8243;][et_pb_image _builder_version=&#8221;3.0.64&#8243; show_in_lightbox=&#8221;off&#8221; url_new_window=&#8221;off&#8221; use_overlay=&#8221;off&#8221; sticky=&#8221;off&#8221; align=&#8221;left&#8221; always_center_on_mobile=&#8221;on&#8221; border_style=&#8221;solid&#8221; force_fullwidth=&#8221;off&#8221; src=&#8221;https://esclaustre.com/wp-content/uploads/2020/07/Cala_Joia.jpg&#8221; /][/et_pb_column_inner][/et_pb_row_inner][et_pb_row_inner admin_label=&#8221;Row&#8221;][et_pb_column_inner type=&#8221;4_4&#8243; saved_specialty_column_type=&#8221;3_4&#8243;][et_pb_text _builder_version=&#8221;3.0.64&#8243; background_layout=&#8221;light&#8221; text_orientation=&#8221;left&#8221; border_style=&#8221;solid&#8221;]</p>
<h2><strong>«Cala Joia» es presenta en el seu gran format</strong></h2>
<p>Originariament nascut com a duet musical, format per <strong>Josep Abelairas</strong> Gener (veu principal, glosador, lletrista, guitarra i petita percussió) i <strong>Annabel Villalonga</strong> (guitarra, veus, compositora i glosadora) es presentaran en quintet acompanyat d&#8217;en <strong>Moisès Pelegrí</strong>, <strong>Àngel Gelabert </strong>i <strong>Nicolas Saiz</strong>. Cala Joia neix el 2012 dins del mític  bar “Es Cau” de Cala Corb, bressol de la cançó menorquina. Aquests set anys que ens acompanyen hem fet nombrosos concerts arreu de l’illa, a Mallorca, tant en l’àmbit privat, com en el públic i a Catalunya. Tenim una maqueta de cançons pròpies titulada “De reüll” que conté composicions variades de diferents estils musicals. Per altra banda, tenen un disc de temes propis que respon al títol “<strong>Acords de mar</strong>”, on la major part del disc està inspirat en la mar, fent palès que son illencs i que el és viure enmig d&#8217;un mar ple de cançons amb una musicalitat que remou cos i ànima.</p>
<p>Aposten per la cançó pròpia sense perdre l’essència de la música menorquina. Els temes estan inspirats en l’illa en qüestió, en les seves vivències i en històries imaginàries plenes de tendresa, sensibilitat.</p>
<p>&nbsp;</p>
<p>[/et_pb_text][et_pb_code _builder_version=&#8221;3.0.51&#8243;][socialpug_share][/et_pb_code][et_pb_text admin_label=&#8221;Text ∗ COVID-19_ CAT&#8221; _builder_version=&#8221;3.0.64&#8243; background_layout=&#8221;light&#8221; text_orientation=&#8221;left&#8221; border_style=&#8221;solid&#8221; saved_tabs=&#8221;all&#8221;]</p>
<p>&nbsp;</p>
<p><span style="font-family: American Typewriter;"><span style="color: #d11d1d;">∗ COVID-19 <span style="color: #000000;">Accepto que en nom i representació propis, al adquirir entrades per asisitir Es Claustre:  Conec la situació d’emergència sanitària causada per la malaltia infecciosa COVID-19, la simptomatologia i les recomanacions sanitàries respecte les mesures d’aïllament i distanciament social com la manera més efectiva per evitar l’exposició al virus. De tal manera, accepto que estic informat i compromès amb les mesures organitzatives i preventives per minimitzar el contacte entre persones i reduir així les oportunitats de contagi de la malaltia.</span></span></span></p>
<div><span style="font-family: American Typewriter;"> </span></div>
<p>&nbsp;</p>
<p>[/et_pb_text][/et_pb_column_inner][/et_pb_row_inner][/et_pb_column][et_pb_column type=&#8221;1_4&#8243;][et_pb_customEventMetaFields admin_label=&#8221;EsClaustre Camps Event&#8221; _builder_version=&#8221;3.0.51&#8243; location=&#8221;on&#8221; schedule=&#8221;on&#8221; price=&#8221;on&#8221; module_class=&#8221;appendTo_tribe-events-infoBlocks_landscape&#8221; /][et_pb_button _builder_version=&#8221;3.0.64&#8243; button_text=&#8221;Gratuït&#8221; url_new_window=&#8221;on&#8221; button_alignment=&#8221;center&#8221; background_layout=&#8221;light&#8221; custom_button=&#8221;off&#8221; button_text_color=&#8221;#ffffff&#8221; button_bg_color=&#8221;#f92b44&#8243; button_border_width=&#8221;0&#8243; button_border_radius=&#8221;0&#8243; button_letter_spacing=&#8221;0&#8243; button_icon_placement=&#8221;right&#8221; button_letter_spacing_hover=&#8221;0&#8243; module_class=&#8221;btn-ticket appendTo_tribe-events-infoBlocks_landscape&#8221; /][et_pb_customEventCategories _builder_version=&#8221;3.0.51&#8243; /][et_pb_customEventTags _builder_version=&#8221;3.0.51&#8243; /][/et_pb_column][/]</p>

<p>Cala Joia aposten per la cançó pròpia sense perdre l’essència de la música menorquina. Els temes estan inspirats en l’illa en qüestió, en les seves vivències i en històries imaginàries plenes de tendresa, sensibilitat.</p>
