{"id":13078,"date":"2021-08-07T08:38:40","date_gmt":"2021-08-07T08:38:40","guid":{"rendered":"https:\/\/esclaustre.com\/premis-enderrock-de-la-musica-balear-copy\/"},"modified":"2021-10-06T18:08:00","modified_gmt":"2021-10-06T18:08:00","slug":"residencia-creacio-sonora","status":"publish","type":"page","link":"https:\/\/esclaustre.com\/es\/residencia-creacio-sonora\/","title":{"rendered":"Resid\u00e8ncia Creaci\u00f3 Sonora"},"content":{"rendered":"<p>[ bb_built=\u00bb1&#8243;][et_pb_row][et_pb_column type=\u00bb4_4&#8243;][et_pb_image _builder_version=\u00bb3.0.64&#8243; show_in_lightbox=\u00bboff\u00bb url_new_window=\u00bboff\u00bb use_overlay=\u00bboff\u00bb sticky=\u00bboff\u00bb align=\u00bbleft\u00bb always_center_on_mobile=\u00bbon\u00bb border_style=\u00bbsolid\u00bb force_fullwidth=\u00bboff\u00bb src=\u00bbhttps:\/\/esclaustre.com\/wp-content\/uploads\/2021\/08\/Creaci\u00f3_Sonora.jpg\u00bb \/][\/et_pb_column][\/et_pb_row][et_pb_row][et_pb_column type=\u00bb4_4&#8243;][et_pb_text _builder_version=\u00bb3.0.64&#8243; background_layout=\u00bblight\u00bb text_orientation=\u00bbleft\u00bb border_style=\u00bbsolid\u00bb]<\/p>\n<h2 class=\"mc-toc-title\"><strong>RESIDENCIA DE CREACI\u00d3N SONORA\u00a0<\/strong><\/h2>\n<div><\/div>\n<div><\/div>\n<div class=\"kvgmc6g5 cxmmr5t8 oygrvhab hcukyx3x c1et5uql ii04i59q\">Un programa de residencias de creaci\u00f3n sonora de <strong>Es Far Cultural<\/strong>\u00a0con la colaboraci\u00f3n de\u00a0<strong><span style=\"color: #000000;\">Es Claustre<\/span>\u00a0y<\/strong>\u00a0el soporte del <strong>Consell Insular de Menorca.<\/strong><\/div>\n<div>\n<div class=\"wpb_text_column wpb_content_element vc_custom_1628084137240\">\n<div class=\"wpb_wrapper\">\n<h3><\/h3>\n<\/div>\n<\/div>\n<div class=\"vc_empty_space\"><\/div>\n<div class=\"wpb_text_column wpb_content_element \">\n<div class=\"wpb_wrapper\">\n<p>BASES DE LA CONVOCATORIA<\/p>\n<p>&nbsp;<\/p>\n<p>CASA D\u2019ARTISTES (ES FAR CULTURAL) presenta el programa de residencias de creaci\u00f3n sonora para apoyar a la investigaci\u00f3n y la experimentaci\u00f3n en el \u00e1mbito del arte sonoro y\/o la m\u00fasica experimental. La convocatoria est\u00e1 dirigida a artistas que trabajen a partir del sonido y que necesitan un tiempo para dedicarlo a a proyectos de investigaci\u00f3n y\/o creaci\u00f3n sonora. Pueden ser proyectos y\/o investigaciones en proceso.<\/p>\n<p>&nbsp;<\/p>\n<p>Se seleccionar\u00e1 una propuesta para realizar una estancia de creaci\u00f3n en la Casa d\u2019Artistes (Menorca) entre el 10 de septiembre al 3 de octubre 2021.<\/p>\n<p>&nbsp;<\/p>\n<p><strong>Qu\u00e9 se ofrece?<\/strong><\/p>\n<ul>\n<li>1 beca (1 artista). Alojamiento y espacio de trabajo en la Casa de Artistas (no incluye las dietas).<\/li>\n<li>Desplazamientos hasta Menorca (desde Barcelona o Palma) en el supuesto de que el artista sea de fuera de la isla.<\/li>\n<li>Ayuda a la creaci\u00f3n de 300 \u20ac<\/li>\n<li>El 2 de octubre del 2021 el proyecto seleccionado (acabado o en proceso) se mostrar\u00e1 a Se Claustro (Ma\u00f3).<\/li>\n<\/ul>\n<p>&nbsp;<\/p>\n<p>&nbsp;<\/p>\n<p><strong>\u00bfC\u00f3mo participar?<\/strong><\/p>\n<p>Debe presentar la siguiente documentaci\u00f3n en un solo documento pdf al correo<strong> casadartistes@gmail.com<\/strong><\/p>\n<p>&nbsp;<\/p>\n<p>El \u00edndice del documento ser\u00e1 el siguiente:<\/p>\n<ol>\n<li>Biograf\u00eda \/ statement (declaraci\u00f3n de intenciones).<\/li>\n<li>Breve carta de motivaci\u00f3n.<\/li>\n<li>Muestra del trabajo reciente. Un m\u00ednimo de 2 proyectos y m\u00e1ximo 5.<\/li>\n<li>CV art\u00edstico. Debe incluir los datos personales (nombre completo, lugar y fecha de nacimiento, correo electr\u00f3nico, n\u00famero de tel\u00e9fono, web o v\u00ednculos a redes sociales).<\/li>\n<\/ol>\n<p>&nbsp;<\/p>\n<p>El documento puede estar en catal\u00e1n, castellano o ingl\u00e9s.<\/p>\n<ul>\n<li>Plazo de presentaci\u00f3n: <strong>hasta el 14 de agosto de 2021<\/strong><\/li>\n<li>Resoluci\u00f3n: 16 de mayo de 2021<\/li>\n<li>Estancia entre el 10 de septiembre al 3 de octubre 2021<\/li>\n<\/ul>\n<p>&nbsp;<\/p>\n<p>Aceptaci\u00f3n:<\/p>\n<p>Una vez se haya notificado la resoluci\u00f3n, el artista tendr\u00e1 5 d\u00edas para aceptar o rechazar la beca. En aceptarla, los y las artistas se comprometen a:<\/p>\n<ul>\n<li>Aceptar los t\u00e9rminos de la convocatoria.<\/li>\n<li>Asegurar su participaci\u00f3n durante las fechas pactadas (* no aplazable).<\/li>\n<li>Autorizar el uso de la documentaci\u00f3n visual y sonora con fines divulgativos y como archivo de la Casa de Artistas \/ Se FAR Cultural.<\/li>\n<\/ul>\n<\/div>\n<\/div>\n<\/div>\n<div><\/div>\n<p>&nbsp;<\/p>\n<p>Toda a informaci\u00f3n de la convocat\u00f3ria, <a href=\"https:\/\/artsalnord.esfarcultural.net\/residencia-de-creacio-an21\" target=\"_blank\" rel=\"noopener\">aqu\u00ed.<\/a><\/p>\n<p>[\/et_pb_text][\/et_pb_column][\/et_pb_row][\/]<\/p>\n","protected":false},"excerpt":{"rendered":"<p>CONVOCAT\u00d2RIA EXPR\u00c9S \/ RESID\u00c8NCIA DE CREACI\u00d3 SONORA. Un programa de residencias de creaci\u00f3n sonora de Es Far Cultural\u00a0con la colaboraci\u00f3n de\u00a0Es Claustre\u00a0y\u00a0el soporte del Consell Insular de Menorca.<\/p>\n","protected":false},"author":1,"featured_media":13093,"parent":0,"menu_order":0,"comment_status":"closed","ping_status":"closed","template":"","meta":{"_acf_changed":false,"footnotes":""},"class_list":["post-13078","page","type-page","status-publish","has-post-thumbnail","hentry"],"acf":[],"_links":{"self":[{"href":"https:\/\/esclaustre.com\/es\/wp-json\/wp\/v2\/pages\/13078","targetHints":{"allow":["GET"]}}],"collection":[{"href":"https:\/\/esclaustre.com\/es\/wp-json\/wp\/v2\/pages"}],"about":[{"href":"https:\/\/esclaustre.com\/es\/wp-json\/wp\/v2\/types\/page"}],"author":[{"embeddable":true,"href":"https:\/\/esclaustre.com\/es\/wp-json\/wp\/v2\/users\/1"}],"replies":[{"embeddable":true,"href":"https:\/\/esclaustre.com\/es\/wp-json\/wp\/v2\/comments?post=13078"}],"version-history":[{"count":0,"href":"https:\/\/esclaustre.com\/es\/wp-json\/wp\/v2\/pages\/13078\/revisions"}],"wp:featuredmedia":[{"embeddable":true,"href":"https:\/\/esclaustre.com\/es\/wp-json\/wp\/v2\/media\/13093"}],"wp:attachment":[{"href":"https:\/\/esclaustre.com\/es\/wp-json\/wp\/v2\/media?parent=13078"}],"curies":[{"name":"wp","href":"https:\/\/api.w.org\/{rel}","templated":true}]}}

Residència Creació Sonora

<p>[ bb_built=»1&#8243;][et_pb_row][et_pb_column type=»4_4&#8243;][et_pb_image _builder_version=»3.0.64&#8243; show_in_lightbox=»off» url_new_window=»off» use_overlay=»off» sticky=»off» align=»left» always_center_on_mobile=»on» border_style=»solid» force_fullwidth=»off» src=»https://esclaustre.com/wp-content/uploads/2021/08/Creació_Sonora.jpg» /][/et_pb_column][/et_pb_row][et_pb_row][et_pb_column type=»4_4&#8243;][et_pb_text _builder_version=»3.0.64&#8243; background_layout=»light» text_orientation=»left» border_style=»solid»]</p>
<h2 class="mc-toc-title"><strong>RESIDENCIA DE CREACIÓN SONORA </strong></h2>
<div></div>
<div></div>
<div class="kvgmc6g5 cxmmr5t8 oygrvhab hcukyx3x c1et5uql ii04i59q">Un programa de residencias de creación sonora de <strong>Es Far Cultural</strong> con la colaboración de <strong><span style="color: #000000;">Es Claustre</span> y</strong> el soporte del <strong>Consell Insular de Menorca.</strong></div>
<div>
<div class="wpb_text_column wpb_content_element vc_custom_1628084137240">
<div class="wpb_wrapper">
<h3></h3>
</div>
</div>
<div class="vc_empty_space"></div>
<div class="wpb_text_column wpb_content_element ">
<div class="wpb_wrapper">
<p>BASES DE LA CONVOCATORIA</p>
<p>&nbsp;</p>
<p>CASA D’ARTISTES (ES FAR CULTURAL) presenta el programa de residencias de creación sonora para apoyar a la investigación y la experimentación en el ámbito del arte sonoro y/o la música experimental. La convocatoria está dirigida a artistas que trabajen a partir del sonido y que necesitan un tiempo para dedicarlo a a proyectos de investigación y/o creación sonora. Pueden ser proyectos y/o investigaciones en proceso.</p>
<p>&nbsp;</p>
<p>Se seleccionará una propuesta para realizar una estancia de creación en la Casa d’Artistes (Menorca) entre el 10 de septiembre al 3 de octubre 2021.</p>
<p>&nbsp;</p>
<p><strong>Qué se ofrece?</strong></p>
<ul>
<li>1 beca (1 artista). Alojamiento y espacio de trabajo en la Casa de Artistas (no incluye las dietas).</li>
<li>Desplazamientos hasta Menorca (desde Barcelona o Palma) en el supuesto de que el artista sea de fuera de la isla.</li>
<li>Ayuda a la creación de 300 €</li>
<li>El 2 de octubre del 2021 el proyecto seleccionado (acabado o en proceso) se mostrará a Se Claustro (Maó).</li>
</ul>
<p>&nbsp;</p>
<p>&nbsp;</p>
<p><strong>¿Cómo participar?</strong></p>
<p>Debe presentar la siguiente documentación en un solo documento pdf al correo<strong> casadartistes@gmail.com</strong></p>
<p>&nbsp;</p>
<p>El índice del documento será el siguiente:</p>
<ol>
<li>Biografía / statement (declaración de intenciones).</li>
<li>Breve carta de motivación.</li>
<li>Muestra del trabajo reciente. Un mínimo de 2 proyectos y máximo 5.</li>
<li>CV artístico. Debe incluir los datos personales (nombre completo, lugar y fecha de nacimiento, correo electrónico, número de teléfono, web o vínculos a redes sociales).</li>
</ol>
<p>&nbsp;</p>
<p>El documento puede estar en catalán, castellano o inglés.</p>
<ul>
<li>Plazo de presentación: <strong>hasta el 14 de agosto de 2021</strong></li>
<li>Resolución: 16 de mayo de 2021</li>
<li>Estancia entre el 10 de septiembre al 3 de octubre 2021</li>
</ul>
<p>&nbsp;</p>
<p>Aceptación:</p>
<p>Una vez se haya notificado la resolución, el artista tendrá 5 días para aceptar o rechazar la beca. En aceptarla, los y las artistas se comprometen a:</p>
<ul>
<li>Aceptar los términos de la convocatoria.</li>
<li>Asegurar su participación durante las fechas pactadas (* no aplazable).</li>
<li>Autorizar el uso de la documentación visual y sonora con fines divulgativos y como archivo de la Casa de Artistas / Se FAR Cultural.</li>
</ul>
</div>
</div>
</div>
<div></div>
<p>&nbsp;</p>
<p>Toda a información de la convocatória, <a href="https://artsalnord.esfarcultural.net/residencia-de-creacio-an21" target="_blank" rel="noopener">aquí.</a></p>
<p>[/et_pb_text][/et_pb_column][/et_pb_row][/]</p>

<p>CONVOCATÒRIA EXPRÉS / RESIDÈNCIA DE CREACIÓ SONORA. Un programa de residencias de creación sonora de Es Far Cultural con la colaboración de Es Claustre y el soporte del Consell Insular de Menorca.</p>
