{"id":9765,"date":"2020-10-21T19:37:18","date_gmt":"2020-10-21T19:37:18","guid":{"rendered":"https:\/\/esclaustre.com\/vermut-musclos-de-mao-amb-escabetx-fets-a-casa-copy\/"},"modified":"2020-12-09T18:35:41","modified_gmt":"2020-12-09T18:35:41","slug":"tornem-en-poder","status":"publish","type":"page","link":"https:\/\/esclaustre.com\/es\/tornem-en-poder\/","title":{"rendered":"Tornem en poder"},"content":{"rendered":"<p>[ bb_built=\u00bb1&#8243;][et_pb_row][et_pb_column type=\u00bb4_4&#8243;][et_pb_image _builder_version=\u00bb3.0.64&#8243; src=\u00bbhttps:\/\/esclaustre.com\/wp-content\/uploads\/2018\/12\/ES_CLAUSTRE_10_anys.jpg\u00bb show_in_lightbox=\u00bboff\u00bb url_new_window=\u00bboff\u00bb use_overlay=\u00bboff\u00bb sticky=\u00bboff\u00bb align=\u00bbleft\u00bb always_center_on_mobile=\u00bbon\u00bb border_style=\u00bbsolid\u00bb force_fullwidth=\u00bboff\u00bb \/][\/et_pb_column][\/et_pb_row][et_pb_row][et_pb_column type=\u00bb4_4&#8243;][et_pb_text _builder_version=\u00bb3.0.64&#8243; background_layout=\u00bblight\u00bb text_orientation=\u00bbleft\u00bb border_style=\u00bbsolid\u00bb]<\/p>\n<h1><strong>Tornem a l\u2019abril<\/strong><\/h1>\n<h2><strong>L&#8217;equip d&#8217;Es Claustre\u00a0tanquem uns\u00a0mesos<\/strong><\/h2>\n<p>Tenim ganes de parar per tornar ben prest, i \u00e9s per aix\u00f2 que\u00a0Es Claustre\u00a0romandr\u00e0 tancat fins el mes d\u2019abril.<\/p>\n<div>Tornarem per obrir tots els els cap de setmana, per la Primavera, per Sant Jordi, tornem doncs amb nous projectes,<\/div>\n<div>noves idees que necessiten madurar un poc i amb l\u2019esclat d\u2019una nova temporada d&#8217;activitats i concerts que us voldrem oferir.<\/div>\n<div>\n<p>Aixi doncs, i com cada\u00a0temporada Es Claustre restar\u00e0 tancat de l\u20191\/11\/2020 al 1\/4\/2021<\/p>\n<\/div>\n<p>Aturem la maqui\u00e0ria cultural per a poder explorar b\u00e9 i treballar programaci\u00f3, agenda, convocat\u00f2ries i fer tamb\u00e9 costat el nostre entorn d\u2019amistats.<\/p>\n<h2>\u00abAny 2021 amb una programaci\u00f3 renovada i pensada amb seguretat per a tothom\u00bb<\/h2>\n<p>Tanquem a partir d&#8217;ara fns ben entrat en l&#8217;any vinent i amb l&#8217;ull posat en l&#8217;actualitat, per\u00f2 molt aviat donarem a con\u00e8ixer<\/p>\n<p>nous avan\u00e7aments i noves incorporacions que venen per quedar-se a l\u2019espai d\u2019Es Claustre.<\/p>\n<p>Una nova programaci\u00f3 cultural diferenciada, directe i a la recerca de nous llenguatges i significats<\/p>\n<p>transformadors que molt prest n\u2019oferirem un avan\u00e7ament.<\/p>\n<p>Moltes gr\u00e0cies i fins aleshores, tornarem en poder!<\/p>\n<p><a href=\"https:\/\/esclaustre.com\/\" target=\"_blank\" rel=\"noopener\" data-cke-saved-href=\"https:\/\/esclaustre.com\">www.esclaustre.com<\/a><\/p>\n<h1 class=\"mc-toc-title\"><\/h1>\n<p>&nbsp;<\/p>\n<p>[\/et_pb_text][\/et_pb_column][\/et_pb_row][\/]<\/p>\n","protected":false},"excerpt":{"rendered":"<p>\u00abEs Claustre\u00bb tanquem uns mesos i tornem en poder. Tenim ganes de parar per tornar ben prest amb nous concerts per la nova temporada 2020<\/p>\n","protected":false},"author":1,"featured_media":4615,"parent":0,"menu_order":0,"comment_status":"closed","ping_status":"closed","template":"","meta":{"_acf_changed":false,"footnotes":""},"class_list":["post-9765","page","type-page","status-publish","has-post-thumbnail","hentry"],"acf":[],"_links":{"self":[{"href":"https:\/\/esclaustre.com\/es\/wp-json\/wp\/v2\/pages\/9765","targetHints":{"allow":["GET"]}}],"collection":[{"href":"https:\/\/esclaustre.com\/es\/wp-json\/wp\/v2\/pages"}],"about":[{"href":"https:\/\/esclaustre.com\/es\/wp-json\/wp\/v2\/types\/page"}],"author":[{"embeddable":true,"href":"https:\/\/esclaustre.com\/es\/wp-json\/wp\/v2\/users\/1"}],"replies":[{"embeddable":true,"href":"https:\/\/esclaustre.com\/es\/wp-json\/wp\/v2\/comments?post=9765"}],"version-history":[{"count":0,"href":"https:\/\/esclaustre.com\/es\/wp-json\/wp\/v2\/pages\/9765\/revisions"}],"wp:featuredmedia":[{"embeddable":true,"href":"https:\/\/esclaustre.com\/es\/wp-json\/wp\/v2\/media\/4615"}],"wp:attachment":[{"href":"https:\/\/esclaustre.com\/es\/wp-json\/wp\/v2\/media?parent=9765"}],"curies":[{"name":"wp","href":"https:\/\/api.w.org\/{rel}","templated":true}]}}

<p>[ bb_built=»1&#8243;][et_pb_row][et_pb_column type=»4_4&#8243;][et_pb_image _builder_version=»3.0.64&#8243; src=»https://esclaustre.com/wp-content/uploads/2018/12/ES_CLAUSTRE_10_anys.jpg» show_in_lightbox=»off» url_new_window=»off» use_overlay=»off» sticky=»off» align=»left» always_center_on_mobile=»on» border_style=»solid» force_fullwidth=»off» /][/et_pb_column][/et_pb_row][et_pb_row][et_pb_column type=»4_4&#8243;][et_pb_text _builder_version=»3.0.64&#8243; background_layout=»light» text_orientation=»left» border_style=»solid»]</p>
<h1><strong>Tornem a l’abril</strong></h1>
<h2><strong>L&#8217;equip d&#8217;Es Claustre tanquem uns mesos</strong></h2>
<p>Tenim ganes de parar per tornar ben prest, i és per això que Es Claustre romandrà tancat fins el mes d’abril.</p>
<div>Tornarem per obrir tots els els cap de setmana, per la Primavera, per Sant Jordi, tornem doncs amb nous projectes,</div>
<div>noves idees que necessiten madurar un poc i amb l’esclat d’una nova temporada d&#8217;activitats i concerts que us voldrem oferir.</div>
<div>
<p>Aixi doncs, i com cada temporada Es Claustre restarà tancat de l’1/11/2020 al 1/4/2021</p>
</div>
<p>Aturem la maquiària cultural per a poder explorar bé i treballar programació, agenda, convocatòries i fer també costat el nostre entorn d’amistats.</p>
<h2>«Any 2021 amb una programació renovada i pensada amb seguretat per a tothom»</h2>
<p>Tanquem a partir d&#8217;ara fns ben entrat en l&#8217;any vinent i amb l&#8217;ull posat en l&#8217;actualitat, però molt aviat donarem a conèixer</p>
<p>nous avançaments i noves incorporacions que venen per quedar-se a l’espai d’Es Claustre.</p>
<p>Una nova programació cultural diferenciada, directe i a la recerca de nous llenguatges i significats</p>
<p>transformadors que molt prest n’oferirem un avançament.</p>
<p>Moltes gràcies i fins aleshores, tornarem en poder!</p>
<p><a href="https://esclaustre.com/" target="_blank" rel="noopener" data-cke-saved-href="https://esclaustre.com">www.esclaustre.com</a></p>
<h1 class="mc-toc-title"></h1>
<p>&nbsp;</p>
<p>[/et_pb_text][/et_pb_column][/et_pb_row][/]</p>
