{"id":12133,"date":"2021-05-20T09:54:01","date_gmt":"2021-05-20T09:54:01","guid":{"rendered":"https:\/\/esclaustre.com\/event\/balkan-paradise-orchestra-copy\/"},"modified":"2021-06-19T21:23:53","modified_gmt":"2021-06-19T21:23:53","slug":"rita-payes-i-elisabeth-roma","status":"publish","type":"tribe_events","link":"https:\/\/esclaustre.com\/es\/event\/rita-payes-i-elisabeth-roma\/","title":{"rendered":"Rita Payes y Elisabeth Roma"},"content":{"rendered":"<p>[ bb_built=\u00bb1&#8243; fullwidth=\u00bboff\u00bb specialty=\u00bbon\u00bb _builder_version=\u00bb3.0.64&#8243;][et_pb_column type=\u00bb3_4&#8243; specialty_columns=\u00bb3&#8243;][et_pb_row_inner admin_label=\u00bbRow\u00bb _builder_version=\u00bb3.0.51&#8243; background_position_1=\u00bbtop_left\u00bb background_repeat_1=\u00bbno-repeat\u00bb module_class=\u00bbtribe-events-content__img\u00bb][et_pb_column_inner type=\u00bb4_4&#8243; saved_specialty_column_type=\u00bb3_4&#8243;][et_pb_image _builder_version=\u00bb3.0.64&#8243; show_in_lightbox=\u00bboff\u00bb url_new_window=\u00bboff\u00bb use_overlay=\u00bboff\u00bb sticky=\u00bboff\u00bb align=\u00bbleft\u00bb always_center_on_mobile=\u00bbon\u00bb border_style=\u00bbsolid\u00bb force_fullwidth=\u00bboff\u00bb src=\u00bbhttps:\/\/esclaustre.com\/wp-content\/uploads\/2021\/05\/Rita_Payes_Elisabeth_Roma.jpg\u00bb \/][\/et_pb_column_inner][\/et_pb_row_inner][et_pb_row_inner admin_label=\u00bbRow\u00bb _builder_version=\u00bb3.0.51&#8243; background_position_1=\u00bbtop_left\u00bb background_repeat_1=\u00bbno-repeat\u00bb module_class=\u00bbtribe-events-content__content\u00bb][et_pb_column_inner type=\u00bb4_4&#8243; saved_specialty_column_type=\u00bb3_4&#8243;][et_pb_code _builder_version=\u00bb3.0.64&#8243;][socialpug_share][\/et_pb_code][et_pb_text _builder_version=\u00bb3.0.64&#8243; background_layout=\u00bblight\u00bb text_orientation=\u00bbleft\u00bb border_style=\u00bbsolid\u00bb]<\/p>\n<h2><strong><b>Rita Pay\u00e9s y Elisabet Roma<\/b><\/strong><\/h2>\n<h2><strong>Todas las entradas del s\u00e1bado son v\u00e1lidas par el domingo<\/strong><\/h2>\n<p>Instruida en\u00a0la\u00a0imparable\u00a0m\u00e1quina de\u00a0fabricar\u00a0talentos\u00a0que es la\u00a0Sant Andreu Jazz Band, la cantante\u00a0y\u00a0trombonista<strong>\u00a0Rita\u00a0Pay\u00e9s\u00a0<\/strong>se al\u00eda\u00a0con su madre,\u00a0la\u00a0guitarrista\u00a0cl\u00e1sica\u00a0<strong>Elisabeth\u00a0Roma<\/strong>,\u00a0en un\u00a0emocionante\u00a0proyecto\u00a0que empez\u00f3\u00a0como un regalo\u00a0de cumplea\u00f1os\u00a0y\u00a0que ha acabado\u00a0convirti\u00e9ndose en una de\u00a0las sorpresas m\u00e1s\u00a0exquisitas\u00a0de la temporada\u00a0musical\u00a0en nuestro pa\u00eds.\u00a0Pay\u00e9s\u00a0y Roma\u00a0cogen\u00a0en pr\u00e9stamo\u00a0una canci\u00f3n\u00a0del maestro\u00a0Ant\u00f4nio Carlos\u00a0Jobim\u00a0con\u00a0letra\u00a0de Chico Buarque,\u00a0<em>Imagina<\/em>,\u00a0para el t\u00edtulo\u00a0de un\u00a0primer\u00a0disco\u00a0conjunto\u00a0con\u00a0fados, boleros,\u00a0bossanovas,\u00a0melod\u00edas\u00a0sefard\u00edes\u00a0y canciones\u00a0de cuna\u00a0catalanas,\u00a0todas ellas\u00a0melod\u00edas\u00a0que\u00a0de\u00a0una u\u00a0otra\u00a0forma\u00a0han\u00a0marcado\u00a0sus vidas.\u00a0\u00abRita\u00a0Pay\u00e9s\u00a0es\u00a0magia,\u00a0dulzura, sensibilidad,\u00a0car\u00e1cter;\u00a0una bola\u00a0de talento\u00a0y energ\u00eda\u00a0en constante evoluci\u00f3n\u00bb,\u00a0dijo\u00a0de ella\u00a0Joan\u00a0Chamorro.\u00a0Dos generaciones,\u00a0dos maneras\u00a0de vivir\u00a0la m\u00fasica,\u00a0con\u00a0el jazz,\u00a0una vez m\u00e1s,\u00a0como punto\u00a0de encuentro.\u00a0Velada\u00a0m\u00e1gica.<\/p>\n<h2><strong>La Rita nos visita otra vez en Es Claustre.<\/strong><\/h2>\n<p>La joven trombonista y cantante catalana de 21 a\u00f1os ha vivido y respirado m\u00fasica desde que era una ni\u00f1a gracias a su familia. Estudi\u00f3 piano y m\u00e1s tarde tromb\u00f3n, su instrumento principal. Posteriormente, entr\u00f3 en la conocida Sant Andreu Jazz Band bajo la direcci\u00f3n del bajista y tenor <strong>Joan Chamorro<\/strong> y particip\u00f3 en varios \u00e1lbumes junto a Andrea Motis, Eva Fern\u00e1ndez y Magali Datzira. El a\u00f1o 2019 le regal\u00f3 a su madre una sesi\u00f3n de grabaci\u00f3n en un estudio donde registraron las canciones que las hab\u00edan acompa\u00f1aron toda la vida y con las que han girado por toda Europa. A ra\u00edz del \u00e9xito del primer \u00e1lbum \u201cen familia\u201d, ampl\u00edan la formaci\u00f3n a cuarteto para grabar las primeras canciones originales de Rita Pay\u00e9s.<\/p>\n<p>Por primera vez ser\u00e1n temas escritos y compuestos por ella misma, algo que no ha hecho nunca antes. Ser\u00e1 un \u00e1lbum de 10 temas grabados en el prestigioso estudio de David Casamitjana, t\u00e9cnico de la Sant Andreu Jazz Band y producidos por <strong>Juan Berb\u00edn<\/strong>, reconocido m\u00fasico venezolano premiado con un Latin Grammy. La sonoridad que se desprende ya es marca de la casa: jazz, bossa nova y guitarra cl\u00e1sica.<\/p>\n<div><strong>Rita Pay\u00e9s<\/strong>, tromb\u00f3n y voz<\/div>\n<div><strong>Elisabeth Roma<\/strong>, guitarra<\/div>\n<div><strong>Horacio Fumero<\/strong>, contrabajo<\/div>\n<div><strong>Juan Rodr\u00edguez Berb\u00edn<\/strong>, bater\u00eda y percusi\u00f3n<\/div>\n<div><\/div>\n<p><iframe title=\"YouTube video player\" src=\"https:\/\/www.youtube.com\/embed\/AySBPCkGyyY\" width=\"560\" height=\"315\" frameborder=\"0\" allowfullscreen=\"allowfullscreen\"><\/iframe><\/p>\n<p>&nbsp;<\/p>\n<p>[\/et_pb_text][\/et_pb_column_inner][\/et_pb_row_inner][\/et_pb_column][et_pb_column type=\u00bb1_4&#8243;][et_pb_customEventMetaFields admin_label=\u00bbEsClaustre Camps Event\u00bb _builder_version=\u00bb3.0.64&#8243; location=\u00bbon\u00bb schedule=\u00bbon\u00bb price=\u00bbon\u00bb module_class=\u00bbappendTo_tribe-events-infoBlocks_landscape\u00bb \/][et_pb_button _builder_version=\u00bb3.0.64&#8243; button_text=\u00bbCOMPRAR\u00bb url_new_window=\u00bbon\u00bb button_alignment=\u00bbcenter\u00bb background_layout=\u00bblight\u00bb custom_button=\u00bboff\u00bb button_letter_spacing=\u00bb0&#8243; button_icon_placement=\u00bbright\u00bb button_letter_spacing_hover=\u00bb0&#8243; module_class=\u00bbbtn-ticket appendTo_tribe-events-infoBlocks_landscape\u00bb button_url=\u00bbhttps:\/\/entradas.codetickets.com\/entradas\/rita-payes-i-elisabeth-roma\/17293\/esclaustre\/online?lang=es_ES\u00bb \/][et_pb_customEventCategories _builder_version=\u00bb3.0.64&#8243; \/][et_pb_customEventTags _builder_version=\u00bb3.0.64&#8243; \/][\/et_pb_column][\/]<\/p>\n","protected":false},"excerpt":{"rendered":"<p>La cantant i trombonista Rita Pay\u00e9s s\u2019alia amb la seva mare, la guitarrista cl\u00e0ssica Elisabeth Roma, en un emocionant projecte que va comen\u00e7ar com un regal d\u2019aniversari i que ha acabat esdevenint una de les sorpreses m\u00e9s exquisides de la temporada musical a casa nostra.<\/p>\n","protected":false},"author":1,"featured_media":12131,"template":"","meta":{"_acf_changed":false,"_tribe_events_status":"","_tribe_events_status_reason":"","_tribe_events_is_hybrid":"","_tribe_events_is_virtual":"","_tribe_events_virtual_video_source":"","_tribe_events_virtual_embed_video":"","_tribe_events_virtual_linked_button_text":"","_tribe_events_virtual_linked_button":"","_tribe_events_virtual_show_embed_at":"","_tribe_events_virtual_show_embed_to":[],"_tribe_events_virtual_show_on_event":"","_tribe_events_virtual_show_on_views":"","_tribe_events_virtual_url":"","footnotes":""},"tags":[761,1131,108],"tribe_events_cat":[410,773,111],"class_list":["post-12133","tribe_events","type-tribe_events","status-publish","has-post-thumbnail","hentry","tag-barcelona-es","tag-bossa-nova-es","tag-jazz-es","tribe_events_cat-cultura-es","tribe_events_cat-festival-es","tribe_events_cat-musica-es","cat_cultura-es","cat_festival-es","cat_musica-es"],"acf":[],"_links":{"self":[{"href":"https:\/\/esclaustre.com\/es\/wp-json\/wp\/v2\/tribe_events\/12133","targetHints":{"allow":["GET"]}}],"collection":[{"href":"https:\/\/esclaustre.com\/es\/wp-json\/wp\/v2\/tribe_events"}],"about":[{"href":"https:\/\/esclaustre.com\/es\/wp-json\/wp\/v2\/types\/tribe_events"}],"author":[{"embeddable":true,"href":"https:\/\/esclaustre.com\/es\/wp-json\/wp\/v2\/users\/1"}],"version-history":[{"count":0,"href":"https:\/\/esclaustre.com\/es\/wp-json\/wp\/v2\/tribe_events\/12133\/revisions"}],"wp:featuredmedia":[{"embeddable":true,"href":"https:\/\/esclaustre.com\/es\/wp-json\/wp\/v2\/media\/12131"}],"wp:attachment":[{"href":"https:\/\/esclaustre.com\/es\/wp-json\/wp\/v2\/media?parent=12133"}],"wp:term":[{"taxonomy":"post_tag","embeddable":true,"href":"https:\/\/esclaustre.com\/es\/wp-json\/wp\/v2\/tags?post=12133"},{"taxonomy":"tribe_events_cat","embeddable":true,"href":"https:\/\/esclaustre.com\/es\/wp-json\/wp\/v2\/tribe_events_cat?post=12133"}],"curies":[{"name":"wp","href":"https:\/\/api.w.org\/{rel}","templated":true}]}}

<p>[ bb_built=»1&#8243; fullwidth=»off» specialty=»on» _builder_version=»3.0.64&#8243;][et_pb_column type=»3_4&#8243; specialty_columns=»3&#8243;][et_pb_row_inner admin_label=»Row» _builder_version=»3.0.51&#8243; background_position_1=»top_left» background_repeat_1=»no-repeat» module_class=»tribe-events-content__img»][et_pb_column_inner type=»4_4&#8243; saved_specialty_column_type=»3_4&#8243;][et_pb_image _builder_version=»3.0.64&#8243; show_in_lightbox=»off» url_new_window=»off» use_overlay=»off» sticky=»off» align=»left» always_center_on_mobile=»on» border_style=»solid» force_fullwidth=»off» src=»https://esclaustre.com/wp-content/uploads/2021/05/Rita_Payes_Elisabeth_Roma.jpg» /][/et_pb_column_inner][/et_pb_row_inner][et_pb_row_inner admin_label=»Row» _builder_version=»3.0.51&#8243; background_position_1=»top_left» background_repeat_1=»no-repeat» module_class=»tribe-events-content__content»][et_pb_column_inner type=»4_4&#8243; saved_specialty_column_type=»3_4&#8243;][et_pb_code _builder_version=»3.0.64&#8243;][socialpug_share][/et_pb_code][et_pb_text _builder_version=»3.0.64&#8243; background_layout=»light» text_orientation=»left» border_style=»solid»]</p>
<h2><strong><b>Rita Payés y Elisabet Roma</b></strong></h2>
<h2><strong>Todas las entradas del sábado son válidas par el domingo</strong></h2>
<p>Instruida en la imparable máquina de fabricar talentos que es la Sant Andreu Jazz Band, la cantante y trombonista<strong> Rita Payés </strong>se alía con su madre, la guitarrista clásica <strong>Elisabeth Roma</strong>, en un emocionante proyecto que empezó como un regalo de cumpleaños y que ha acabado convirtiéndose en una de las sorpresas más exquisitas de la temporada musical en nuestro país. Payés y Roma cogen en préstamo una canción del maestro Antônio Carlos Jobim con letra de Chico Buarque, <em>Imagina</em>, para el título de un primer disco conjunto con fados, boleros, bossanovas, melodías sefardíes y canciones de cuna catalanas, todas ellas melodías que de una u otra forma han marcado sus vidas. «Rita Payés es magia, dulzura, sensibilidad, carácter; una bola de talento y energía en constante evolución», dijo de ella Joan Chamorro. Dos generaciones, dos maneras de vivir la música, con el jazz, una vez más, como punto de encuentro. Velada mágica.</p>
<h2><strong>La Rita nos visita otra vez en Es Claustre.</strong></h2>
<p>La joven trombonista y cantante catalana de 21 años ha vivido y respirado música desde que era una niña gracias a su familia. Estudió piano y más tarde trombón, su instrumento principal. Posteriormente, entró en la conocida Sant Andreu Jazz Band bajo la dirección del bajista y tenor <strong>Joan Chamorro</strong> y participó en varios álbumes junto a Andrea Motis, Eva Fernández y Magali Datzira. El año 2019 le regaló a su madre una sesión de grabación en un estudio donde registraron las canciones que las habían acompañaron toda la vida y con las que han girado por toda Europa. A raíz del éxito del primer álbum “en familia”, amplían la formación a cuarteto para grabar las primeras canciones originales de Rita Payés.</p>
<p>Por primera vez serán temas escritos y compuestos por ella misma, algo que no ha hecho nunca antes. Será un álbum de 10 temas grabados en el prestigioso estudio de David Casamitjana, técnico de la Sant Andreu Jazz Band y producidos por <strong>Juan Berbín</strong>, reconocido músico venezolano premiado con un Latin Grammy. La sonoridad que se desprende ya es marca de la casa: jazz, bossa nova y guitarra clásica.</p>
<div><strong>Rita Payés</strong>, trombón y voz</div>
<div><strong>Elisabeth Roma</strong>, guitarra</div>
<div><strong>Horacio Fumero</strong>, contrabajo</div>
<div><strong>Juan Rodríguez Berbín</strong>, batería y percusión</div>
<div></div>
<p><iframe title="YouTube video player" src="https://www.youtube.com/embed/AySBPCkGyyY" width="560" height="315" frameborder="0" allowfullscreen="allowfullscreen"></iframe></p>
<p>&nbsp;</p>
<p>[/et_pb_text][/et_pb_column_inner][/et_pb_row_inner][/et_pb_column][et_pb_column type=»1_4&#8243;][et_pb_customEventMetaFields admin_label=»EsClaustre Camps Event» _builder_version=»3.0.64&#8243; location=»on» schedule=»on» price=»on» module_class=»appendTo_tribe-events-infoBlocks_landscape» /][et_pb_button _builder_version=»3.0.64&#8243; button_text=»COMPRAR» url_new_window=»on» button_alignment=»center» background_layout=»light» custom_button=»off» button_letter_spacing=»0&#8243; button_icon_placement=»right» button_letter_spacing_hover=»0&#8243; module_class=»btn-ticket appendTo_tribe-events-infoBlocks_landscape» button_url=»https://entradas.codetickets.com/entradas/rita-payes-i-elisabeth-roma/17293/esclaustre/online?lang=es_ES» /][et_pb_customEventCategories _builder_version=»3.0.64&#8243; /][et_pb_customEventTags _builder_version=»3.0.64&#8243; /][/et_pb_column][/]</p>

<p>La cantant i trombonista Rita Payés s’alia amb la seva mare, la guitarrista clàssica Elisabeth Roma, en un emocionant projecte que va començar com un regal d’aniversari i que ha acabat esdevenint una de les sorpreses més exquisides de la temporada musical a casa nostra.</p>
