{"id":12194,"date":"2021-06-01T19:44:59","date_gmt":"2021-06-01T19:44:59","guid":{"rendered":"https:\/\/esclaustre.com\/event\/tu-otra-bonita-copy\/"},"modified":"2021-06-01T20:24:57","modified_gmt":"2021-06-01T20:24:57","slug":"ferran-palau","status":"publish","type":"tribe_events","link":"https:\/\/esclaustre.com\/es\/event\/ferran-palau\/","title":{"rendered":"Ferran Palau"},"content":{"rendered":"<p>[ bb_built=\u00bb1&#8243; fullwidth=\u00bboff\u00bb specialty=\u00bbon\u00bb][et_pb_column type=\u00bb3_4&#8243; specialty_columns=\u00bb3&#8243;][et_pb_row_inner admin_label=\u00bbRow\u00bb _builder_version=\u00bb3.0.51&#8243; background_position_1=\u00bbtop_left\u00bb background_repeat_1=\u00bbno-repeat\u00bb module_class=\u00bbtribe-events-content__img\u00bb][et_pb_column_inner type=\u00bb4_4&#8243; saved_specialty_column_type=\u00bb3_4&#8243;][et_pb_image _builder_version=\u00bb3.0.64&#8243; show_in_lightbox=\u00bboff\u00bb url_new_window=\u00bboff\u00bb use_overlay=\u00bboff\u00bb sticky=\u00bboff\u00bb align=\u00bbleft\u00bb always_center_on_mobile=\u00bbon\u00bb border_style=\u00bbsolid\u00bb force_fullwidth=\u00bboff\u00bb src=\u00bbhttps:\/\/esclaustre.com\/wp-content\/uploads\/2021\/06\/Ferran_Palau.jpg\u00bb \/][\/et_pb_column_inner][\/et_pb_row_inner][et_pb_row_inner admin_label=\u00bbRow\u00bb _builder_version=\u00bb3.0.51&#8243; background_position_1=\u00bbtop_left\u00bb background_repeat_1=\u00bbno-repeat\u00bb module_class=\u00bbtribe-events-content__content\u00bb][et_pb_column_inner type=\u00bb4_4&#8243; saved_specialty_column_type=\u00bb3_4&#8243;][et_pb_code _builder_version=\u00bb3.0.64&#8243;][socialpug_share][\/et_pb_code][et_pb_text _builder_version=\u00bb3.0.64&#8243; background_layout=\u00bblight\u00bb text_orientation=\u00bbleft\u00bb border_style=\u00bbsolid\u00bb]<\/p>\n<h2><strong>\u00abFerran Palau\u00bb presenta Parc<\/strong><\/h2>\n<p><span style=\"color: #000000;\"><strong>Ferran Palau<\/strong><\/span> escribe y describe su historia como un paisaje que gira a ritmo tranquilo, sosegado, pero implacable. Igual de implacable que su m\u00fasica. El easyloving y las canciones de amor vuelven todav\u00eda m\u00e1s sinceras en <strong>Parc<\/strong> (Hidden Track Records, 2021), el nuevo disco de Ferran Palau. Aunque para ser precisos, esta vez encontraremos un amor que duele un poco m\u00e1s, que arde un poco m\u00e1s fuerte. Un amor seducido por el minimalismo y los sintetizadores que nos gu\u00edan, a paso lento, a trav\u00e9s del imaginario de Ferran Palau.<\/p>\n<p>No es la primera vez que sube al escenario de \u00a0<a class=\" xil3i\" tabindex=\"0\" href=\"https:\/\/www.instagram.com\/explore\/tags\/esclaustre\/\" target=\"_blank\" rel=\"noopener\">#EsClaustre\u00a0\u00a0\u00a0<\/a>siempre le hemos seguido la pista y en esta ocasi\u00f3n lo tendremos el dia \u00a0<strong>3 de julio<\/strong>\u00a0presentando su \u00faltimo trabajo, titulado\u00a0<strong>Parc<\/strong>. Otro gran artista de la escena nacional que se suma a la nuestra programaci\u00f3n 2021.<\/p>\n<p><a href=\"http:\/\/www.ferranpalau.com\" target=\"_blank\" rel=\"noopener\">www.ferranpalau.com<\/a><\/p>\n<p>&nbsp;<\/p>\n<p><iframe title=\"YouTube video player\" src=\"https:\/\/www.youtube.com\/embed\/hTMVBAEYvNI\" width=\"560\" height=\"315\" frameborder=\"0\" allowfullscreen=\"allowfullscreen\"><\/iframe><\/p>\n<p>[\/et_pb_text][\/et_pb_column_inner][\/et_pb_row_inner][\/et_pb_column][et_pb_column type=\u00bb1_4&#8243;][et_pb_customEventMetaFields admin_label=\u00bbEsClaustre Camps Event\u00bb _builder_version=\u00bb3.0.64&#8243; location=\u00bbon\u00bb schedule=\u00bbon\u00bb price=\u00bbon\u00bb module_class=\u00bbappendTo_tribe-events-infoBlocks_landscape\u00bb \/][et_pb_button _builder_version=\u00bb3.0.64&#8243; button_text=\u00bbCOMPRAR\u00bb url_new_window=\u00bbon\u00bb button_alignment=\u00bbcenter\u00bb background_layout=\u00bblight\u00bb custom_button=\u00bboff\u00bb button_letter_spacing=\u00bb0&#8243; button_icon_placement=\u00bbright\u00bb button_letter_spacing_hover=\u00bb0&#8243; module_class=\u00bbbtn-ticket appendTo_tribe-events-infoBlocks_landscape\u00bb button_url=\u00bbhttps:\/\/entradas.codetickets.com\/entradas\/ferran-palau\/17803\/esclaustre\/online?lang=es_ES\u00bb \/][et_pb_customEventCategories _builder_version=\u00bb3.0.64&#8243; \/][et_pb_customEventTags _builder_version=\u00bb3.0.64&#8243; \/][\/et_pb_column][\/]<\/p>\n","protected":false},"excerpt":{"rendered":"<p>Ferran Palau, no es la primera vez que sube al escenario de #EsClaustre, siempre le hemos seguido la pista y en esta ocasi\u00f3n lo tendremos el dia \u00a03 de julio\u00a0presentando su \u00faltimo trabajo, titulado\u00a0Parc. Otro gran artista de la escena nacional que se suma a la nuestra programaci\u00f3n 2021.<\/p>\n","protected":false},"author":1,"featured_media":12192,"template":"","meta":{"_acf_changed":false,"_tribe_events_status":"","_tribe_events_status_reason":"","_tribe_events_is_hybrid":"","_tribe_events_is_virtual":"","_tribe_events_virtual_video_source":"","_tribe_events_virtual_embed_video":"","_tribe_events_virtual_linked_button_text":"","_tribe_events_virtual_linked_button":"","_tribe_events_virtual_show_embed_at":"","_tribe_events_virtual_show_embed_to":[],"_tribe_events_virtual_show_on_event":"","_tribe_events_virtual_show_on_views":"","_tribe_events_virtual_url":"","footnotes":""},"tags":[2196,2197],"tribe_events_cat":[410,111],"class_list":["post-12194","tribe_events","type-tribe_events","status-publish","has-post-thumbnail","hentry","tag-hidden-track-records-es","tag-parc-es","tribe_events_cat-cultura-es","tribe_events_cat-musica-es","cat_cultura-es","cat_musica-es"],"acf":[],"_links":{"self":[{"href":"https:\/\/esclaustre.com\/es\/wp-json\/wp\/v2\/tribe_events\/12194","targetHints":{"allow":["GET"]}}],"collection":[{"href":"https:\/\/esclaustre.com\/es\/wp-json\/wp\/v2\/tribe_events"}],"about":[{"href":"https:\/\/esclaustre.com\/es\/wp-json\/wp\/v2\/types\/tribe_events"}],"author":[{"embeddable":true,"href":"https:\/\/esclaustre.com\/es\/wp-json\/wp\/v2\/users\/1"}],"version-history":[{"count":0,"href":"https:\/\/esclaustre.com\/es\/wp-json\/wp\/v2\/tribe_events\/12194\/revisions"}],"wp:featuredmedia":[{"embeddable":true,"href":"https:\/\/esclaustre.com\/es\/wp-json\/wp\/v2\/media\/12192"}],"wp:attachment":[{"href":"https:\/\/esclaustre.com\/es\/wp-json\/wp\/v2\/media?parent=12194"}],"wp:term":[{"taxonomy":"post_tag","embeddable":true,"href":"https:\/\/esclaustre.com\/es\/wp-json\/wp\/v2\/tags?post=12194"},{"taxonomy":"tribe_events_cat","embeddable":true,"href":"https:\/\/esclaustre.com\/es\/wp-json\/wp\/v2\/tribe_events_cat?post=12194"}],"curies":[{"name":"wp","href":"https:\/\/api.w.org\/{rel}","templated":true}]}}

<p>[ bb_built=»1&#8243; fullwidth=»off» specialty=»on»][et_pb_column type=»3_4&#8243; specialty_columns=»3&#8243;][et_pb_row_inner admin_label=»Row» _builder_version=»3.0.51&#8243; background_position_1=»top_left» background_repeat_1=»no-repeat» module_class=»tribe-events-content__img»][et_pb_column_inner type=»4_4&#8243; saved_specialty_column_type=»3_4&#8243;][et_pb_image _builder_version=»3.0.64&#8243; show_in_lightbox=»off» url_new_window=»off» use_overlay=»off» sticky=»off» align=»left» always_center_on_mobile=»on» border_style=»solid» force_fullwidth=»off» src=»https://esclaustre.com/wp-content/uploads/2021/06/Ferran_Palau.jpg» /][/et_pb_column_inner][/et_pb_row_inner][et_pb_row_inner admin_label=»Row» _builder_version=»3.0.51&#8243; background_position_1=»top_left» background_repeat_1=»no-repeat» module_class=»tribe-events-content__content»][et_pb_column_inner type=»4_4&#8243; saved_specialty_column_type=»3_4&#8243;][et_pb_code _builder_version=»3.0.64&#8243;][socialpug_share][/et_pb_code][et_pb_text _builder_version=»3.0.64&#8243; background_layout=»light» text_orientation=»left» border_style=»solid»]</p>
<h2><strong>«Ferran Palau» presenta Parc</strong></h2>
<p><span style="color: #000000;"><strong>Ferran Palau</strong></span> escribe y describe su historia como un paisaje que gira a ritmo tranquilo, sosegado, pero implacable. Igual de implacable que su música. El easyloving y las canciones de amor vuelven todavía más sinceras en <strong>Parc</strong> (Hidden Track Records, 2021), el nuevo disco de Ferran Palau. Aunque para ser precisos, esta vez encontraremos un amor que duele un poco más, que arde un poco más fuerte. Un amor seducido por el minimalismo y los sintetizadores que nos guían, a paso lento, a través del imaginario de Ferran Palau.</p>
<p>No es la primera vez que sube al escenario de  <a class=" xil3i" tabindex="0" href="https://www.instagram.com/explore/tags/esclaustre/" target="_blank" rel="noopener">#EsClaustre   </a>siempre le hemos seguido la pista y en esta ocasión lo tendremos el dia  <strong>3 de julio</strong> presentando su último trabajo, titulado <strong>Parc</strong>. Otro gran artista de la escena nacional que se suma a la nuestra programación 2021.</p>
<p><a href="http://www.ferranpalau.com" target="_blank" rel="noopener">www.ferranpalau.com</a></p>
<p>&nbsp;</p>
<p><iframe title="YouTube video player" src="https://www.youtube.com/embed/hTMVBAEYvNI" width="560" height="315" frameborder="0" allowfullscreen="allowfullscreen"></iframe></p>
<p>[/et_pb_text][/et_pb_column_inner][/et_pb_row_inner][/et_pb_column][et_pb_column type=»1_4&#8243;][et_pb_customEventMetaFields admin_label=»EsClaustre Camps Event» _builder_version=»3.0.64&#8243; location=»on» schedule=»on» price=»on» module_class=»appendTo_tribe-events-infoBlocks_landscape» /][et_pb_button _builder_version=»3.0.64&#8243; button_text=»COMPRAR» url_new_window=»on» button_alignment=»center» background_layout=»light» custom_button=»off» button_letter_spacing=»0&#8243; button_icon_placement=»right» button_letter_spacing_hover=»0&#8243; module_class=»btn-ticket appendTo_tribe-events-infoBlocks_landscape» button_url=»https://entradas.codetickets.com/entradas/ferran-palau/17803/esclaustre/online?lang=es_ES» /][et_pb_customEventCategories _builder_version=»3.0.64&#8243; /][et_pb_customEventTags _builder_version=»3.0.64&#8243; /][/et_pb_column][/]</p>

<p>Ferran Palau, no es la primera vez que sube al escenario de #EsClaustre, siempre le hemos seguido la pista y en esta ocasión lo tendremos el dia  3 de julio presentando su último trabajo, titulado Parc. Otro gran artista de la escena nacional que se suma a la nuestra programación 2021.</p>
