{"id":12419,"date":"2021-06-08T18:58:08","date_gmt":"2021-06-08T18:58:08","guid":{"rendered":"https:\/\/esclaustre.com\/event\/silvana-estrada-copy\/"},"modified":"2021-06-08T19:20:59","modified_gmt":"2021-06-08T19:20:59","slug":"tarta-relena","status":"publish","type":"tribe_events","link":"https:\/\/esclaustre.com\/es\/event\/tarta-relena\/","title":{"rendered":"Tarta Relena"},"content":{"rendered":"<p>[ bb_built=\u00bb1&#8243; fullwidth=\u00bboff\u00bb specialty=\u00bbon\u00bb][et_pb_column type=\u00bb3_4&#8243; specialty_columns=\u00bb3&#8243;][et_pb_row_inner admin_label=\u00bbRow\u00bb _builder_version=\u00bb3.0.51&#8243; background_position_1=\u00bbtop_left\u00bb background_repeat_1=\u00bbno-repeat\u00bb module_class=\u00bbtribe-events-content__img\u00bb][et_pb_column_inner type=\u00bb4_4&#8243; saved_specialty_column_type=\u00bb3_4&#8243;][et_pb_image _builder_version=\u00bb3.0.64&#8243; show_in_lightbox=\u00bboff\u00bb url_new_window=\u00bboff\u00bb use_overlay=\u00bboff\u00bb sticky=\u00bboff\u00bb align=\u00bbleft\u00bb always_center_on_mobile=\u00bbon\u00bb border_style=\u00bbsolid\u00bb force_fullwidth=\u00bboff\u00bb src=\u00bbhttps:\/\/esclaustre.com\/wp-content\/uploads\/2021\/06\/Tarta-Relena-\u00a9-Duna-Vall\u00e8s-i-Cl\u00e0udia-Torrents-1-c\u00f2pia.jpg\u00bb \/][\/et_pb_column_inner][\/et_pb_row_inner][et_pb_row_inner admin_label=\u00bbRow\u00bb _builder_version=\u00bb3.0.51&#8243; background_position_1=\u00bbtop_left\u00bb background_repeat_1=\u00bbno-repeat\u00bb module_class=\u00bbtribe-events-content__content\u00bb][et_pb_column_inner type=\u00bb4_4&#8243; saved_specialty_column_type=\u00bb3_4&#8243;][et_pb_code _builder_version=\u00bb3.0.64&#8243;][socialpug_share][\/et_pb_code][et_pb_text _builder_version=\u00bb3.0.64&#8243; background_layout=\u00bblight\u00bb text_orientation=\u00bbleft\u00bb border_style=\u00bbsolid\u00bb]<\/p>\n<h2><span style=\"color: #000000;\"><strong>\u00abTarta Relena\u00bb\u00a0<\/strong><\/span><\/h2>\n<div class=\"mb25 entradeta\">\n<div class=\"field field-name-field-entradeta field-type-text-long field-label-hidden\">\n<div class=\"field-items\">\n<h3 class=\"field-item even\">Un espect\u00e1culo multidisciplinario y multidimensional, m\u00e1s all\u00e1 del concierto, en el que varios lenguajes art\u00edsticos envuelven las voces y canciones del primer larga duraci\u00f3n de uno de los proyectos musicales m\u00e1s originales de los \u00faltimos a\u00f1os.<\/h3>\n<\/div>\n<\/div>\n<\/div>\n<div class=\"field field-name-body field-type-text-with-summary field-label-hidden\">\n<div class=\"field-items\">\n<div class=\"field-item even\">\n<p>Hablamos del primer LP de dos artistas, Marta Torrella y Helena Ros, que ya hace un par de a\u00f1os que se han metido al p\u00fablico en el bolsillo con los dos primeros trabajos discogr\u00e1ficos que han editado hasta ahora. Su repertorio parte de m\u00fasicas de tradici\u00f3n oral y canciones de autor relacionadas de alguna manera con el Mediterr\u00e1neo, territorio natural de unas voces excepcionales que apuestan por hacerse suyas esas melod\u00edas sin complejos. Su <em>folk<\/em> diferente y absolutamente personal pone a dialogar esta vez los ritmos y sonoridades electr\u00f3nicas con las voces de las artistas, que en los temas de este nuevo trabajo se entrelazan, conversan, se intercambian y juegan m\u00e1s de lo que lo hab\u00edan hecho en <em>Ora pro nobis<\/em> e <em>Intercede pro nobis<\/em>, ambos EP del 2019 y 2020, respectivamente. Ahora presentan <span style=\"color: #000000;\"><strong>Fiat Lux<\/strong> <\/span>su primer larga duraci\u00f3n, y lo llevan a escena empleando distintos lenguajes art\u00edsticos (dramaturgia, dise\u00f1o de luces, movimiento, escenograf\u00eda y vestuario) que dialogan entre s\u00ed, acompa\u00f1ando el canto y la m\u00fasica en directo.<\/p>\n<p><span style=\"color: #000000;\"><strong>Tarta Relena<\/strong><\/span> naci\u00f3 como proyecto musical en el 2016. Es la uni\u00f3n de las voces y los talentos de dos int\u00e9rpretes que quer\u00edan explorar a capela los estilos diversos de la m\u00fasica vocal. Arreglan melod\u00edas de varios pa\u00edses del \u00e1rea mediterr\u00e1nea en su lengua original, pero las llevan a su terreno, siempre buscando la m\u00e1xima expresividad con los m\u00ednimos elementos posibles. <em>Ora pro nobis<\/em>, su debut del 2019, obtuvo un premio <strong>Enderrock<\/strong> de la cr\u00edtica al mejor disco de <em>folk<\/em> y un premio Cal\u00e0ndria de m\u00fasica concedido por el diario digital <em>N\u00favol<\/em>. <em>Intercede pro nobis<\/em>, que vio la luz en pleno confinamiento, fue elegido por la revista <strong><em>Rockdelux<\/em><\/strong> como mejor EP nacional del 2020.<\/p>\n<\/div>\n<\/div>\n<\/div>\n<div class=\"elementor-element elementor-element-a42810a elementor-widget elementor-widget-heading\" data-id=\"a42810a\" data-element_type=\"widget\" data-widget_type=\"heading.default\">\n<div class=\"elementor-widget-container\">\n<p>&nbsp;<\/p>\n<\/div>\n<\/div>\n<p>&nbsp;<\/p>\n<p>&nbsp;<\/p>\n<p>&nbsp;<\/p>\n<p>&nbsp;<\/p>\n<p>&nbsp;<\/p>\n<p>[\/et_pb_text][\/et_pb_column_inner][\/et_pb_row_inner][\/et_pb_column][et_pb_column type=\u00bb1_4&#8243;][et_pb_customEventMetaFields admin_label=\u00bbEsClaustre Camps Event\u00bb _builder_version=\u00bb3.0.64&#8243; location=\u00bbon\u00bb schedule=\u00bbon\u00bb price=\u00bbon\u00bb module_class=\u00bbappendTo_tribe-events-infoBlocks_landscape\u00bb \/][et_pb_button _builder_version=\u00bb3.0.64&#8243; button_text=\u00bbCOMPRAR\u00bb url_new_window=\u00bbon\u00bb button_alignment=\u00bbcenter\u00bb background_layout=\u00bblight\u00bb custom_button=\u00bboff\u00bb button_letter_spacing=\u00bb0&#8243; button_icon_placement=\u00bbright\u00bb button_letter_spacing_hover=\u00bb0&#8243; module_class=\u00bbbtn-ticket appendTo_tribe-events-infoBlocks_landscape\u00bb button_url=\u00bbhttps:\/\/entradas.codetickets.com\/entradas\/tarta-relena\/17966\/esclaustre\/online?lang=es_ES\u00bb \/][et_pb_customEventCategories _builder_version=\u00bb3.0.64&#8243; \/][et_pb_customEventTags _builder_version=\u00bb3.0.64&#8243; \/][\/et_pb_column][\/]<\/p>\n","protected":false},"excerpt":{"rendered":"<p>Un espect\u00e1culo multidisciplinario y multidimensional, m\u00e1s all\u00e1 del concierto, en el que varios lenguajes art\u00edsticos envuelven las voces y canciones del primer larga duraci\u00f3n de uno de los proyectos musicales m\u00e1s originales de los \u00faltimos a\u00f1os.<\/p>\n","protected":false},"author":1,"featured_media":12417,"template":"","meta":{"_acf_changed":false,"_tribe_events_status":"","_tribe_events_status_reason":"","_tribe_events_is_hybrid":"","_tribe_events_is_virtual":"","_tribe_events_virtual_video_source":"","_tribe_events_virtual_embed_video":"","_tribe_events_virtual_linked_button_text":"","_tribe_events_virtual_linked_button":"","_tribe_events_virtual_show_embed_at":"","_tribe_events_virtual_show_embed_to":[],"_tribe_events_virtual_show_on_event":"","_tribe_events_virtual_show_on_views":"","_tribe_events_virtual_url":"","footnotes":""},"tags":[2240,761,637,163],"tribe_events_cat":[410,111],"class_list":["post-12419","tribe_events","type-tribe_events","status-publish","has-post-thumbnail","hentry","tag-a-capela-es","tag-barcelona-es","tag-electronica-es","tag-folk-es","tribe_events_cat-cultura-es","tribe_events_cat-musica-es","cat_cultura-es","cat_musica-es"],"acf":[],"_links":{"self":[{"href":"https:\/\/esclaustre.com\/es\/wp-json\/wp\/v2\/tribe_events\/12419","targetHints":{"allow":["GET"]}}],"collection":[{"href":"https:\/\/esclaustre.com\/es\/wp-json\/wp\/v2\/tribe_events"}],"about":[{"href":"https:\/\/esclaustre.com\/es\/wp-json\/wp\/v2\/types\/tribe_events"}],"author":[{"embeddable":true,"href":"https:\/\/esclaustre.com\/es\/wp-json\/wp\/v2\/users\/1"}],"version-history":[{"count":0,"href":"https:\/\/esclaustre.com\/es\/wp-json\/wp\/v2\/tribe_events\/12419\/revisions"}],"wp:featuredmedia":[{"embeddable":true,"href":"https:\/\/esclaustre.com\/es\/wp-json\/wp\/v2\/media\/12417"}],"wp:attachment":[{"href":"https:\/\/esclaustre.com\/es\/wp-json\/wp\/v2\/media?parent=12419"}],"wp:term":[{"taxonomy":"post_tag","embeddable":true,"href":"https:\/\/esclaustre.com\/es\/wp-json\/wp\/v2\/tags?post=12419"},{"taxonomy":"tribe_events_cat","embeddable":true,"href":"https:\/\/esclaustre.com\/es\/wp-json\/wp\/v2\/tribe_events_cat?post=12419"}],"curies":[{"name":"wp","href":"https:\/\/api.w.org\/{rel}","templated":true}]}}

<p>[ bb_built=»1&#8243; fullwidth=»off» specialty=»on»][et_pb_column type=»3_4&#8243; specialty_columns=»3&#8243;][et_pb_row_inner admin_label=»Row» _builder_version=»3.0.51&#8243; background_position_1=»top_left» background_repeat_1=»no-repeat» module_class=»tribe-events-content__img»][et_pb_column_inner type=»4_4&#8243; saved_specialty_column_type=»3_4&#8243;][et_pb_image _builder_version=»3.0.64&#8243; show_in_lightbox=»off» url_new_window=»off» use_overlay=»off» sticky=»off» align=»left» always_center_on_mobile=»on» border_style=»solid» force_fullwidth=»off» src=»https://esclaustre.com/wp-content/uploads/2021/06/Tarta-Relena-©-Duna-Vallès-i-Clàudia-Torrents-1-còpia.jpg» /][/et_pb_column_inner][/et_pb_row_inner][et_pb_row_inner admin_label=»Row» _builder_version=»3.0.51&#8243; background_position_1=»top_left» background_repeat_1=»no-repeat» module_class=»tribe-events-content__content»][et_pb_column_inner type=»4_4&#8243; saved_specialty_column_type=»3_4&#8243;][et_pb_code _builder_version=»3.0.64&#8243;][socialpug_share][/et_pb_code][et_pb_text _builder_version=»3.0.64&#8243; background_layout=»light» text_orientation=»left» border_style=»solid»]</p>
<h2><span style="color: #000000;"><strong>«Tarta Relena» </strong></span></h2>
<div class="mb25 entradeta">
<div class="field field-name-field-entradeta field-type-text-long field-label-hidden">
<div class="field-items">
<h3 class="field-item even">Un espectáculo multidisciplinario y multidimensional, más allá del concierto, en el que varios lenguajes artísticos envuelven las voces y canciones del primer larga duración de uno de los proyectos musicales más originales de los últimos años.</h3>
</div>
</div>
</div>
<div class="field field-name-body field-type-text-with-summary field-label-hidden">
<div class="field-items">
<div class="field-item even">
<p>Hablamos del primer LP de dos artistas, Marta Torrella y Helena Ros, que ya hace un par de años que se han metido al público en el bolsillo con los dos primeros trabajos discográficos que han editado hasta ahora. Su repertorio parte de músicas de tradición oral y canciones de autor relacionadas de alguna manera con el Mediterráneo, territorio natural de unas voces excepcionales que apuestan por hacerse suyas esas melodías sin complejos. Su <em>folk</em> diferente y absolutamente personal pone a dialogar esta vez los ritmos y sonoridades electrónicas con las voces de las artistas, que en los temas de este nuevo trabajo se entrelazan, conversan, se intercambian y juegan más de lo que lo habían hecho en <em>Ora pro nobis</em> e <em>Intercede pro nobis</em>, ambos EP del 2019 y 2020, respectivamente. Ahora presentan <span style="color: #000000;"><strong>Fiat Lux</strong> </span>su primer larga duración, y lo llevan a escena empleando distintos lenguajes artísticos (dramaturgia, diseño de luces, movimiento, escenografía y vestuario) que dialogan entre sí, acompañando el canto y la música en directo.</p>
<p><span style="color: #000000;"><strong>Tarta Relena</strong></span> nació como proyecto musical en el 2016. Es la unión de las voces y los talentos de dos intérpretes que querían explorar a capela los estilos diversos de la música vocal. Arreglan melodías de varios países del área mediterránea en su lengua original, pero las llevan a su terreno, siempre buscando la máxima expresividad con los mínimos elementos posibles. <em>Ora pro nobis</em>, su debut del 2019, obtuvo un premio <strong>Enderrock</strong> de la crítica al mejor disco de <em>folk</em> y un premio Calàndria de música concedido por el diario digital <em>Núvol</em>. <em>Intercede pro nobis</em>, que vio la luz en pleno confinamiento, fue elegido por la revista <strong><em>Rockdelux</em></strong> como mejor EP nacional del 2020.</p>
</div>
</div>
</div>
<div class="elementor-element elementor-element-a42810a elementor-widget elementor-widget-heading" data-id="a42810a" data-element_type="widget" data-widget_type="heading.default">
<div class="elementor-widget-container">
<p>&nbsp;</p>
</div>
</div>
<p>&nbsp;</p>
<p>&nbsp;</p>
<p>&nbsp;</p>
<p>&nbsp;</p>
<p>&nbsp;</p>
<p>[/et_pb_text][/et_pb_column_inner][/et_pb_row_inner][/et_pb_column][et_pb_column type=»1_4&#8243;][et_pb_customEventMetaFields admin_label=»EsClaustre Camps Event» _builder_version=»3.0.64&#8243; location=»on» schedule=»on» price=»on» module_class=»appendTo_tribe-events-infoBlocks_landscape» /][et_pb_button _builder_version=»3.0.64&#8243; button_text=»COMPRAR» url_new_window=»on» button_alignment=»center» background_layout=»light» custom_button=»off» button_letter_spacing=»0&#8243; button_icon_placement=»right» button_letter_spacing_hover=»0&#8243; module_class=»btn-ticket appendTo_tribe-events-infoBlocks_landscape» button_url=»https://entradas.codetickets.com/entradas/tarta-relena/17966/esclaustre/online?lang=es_ES» /][et_pb_customEventCategories _builder_version=»3.0.64&#8243; /][et_pb_customEventTags _builder_version=»3.0.64&#8243; /][/et_pb_column][/]</p>

<p>Un espectáculo multidisciplinario y multidimensional, más allá del concierto, en el que varios lenguajes artísticos envuelven las voces y canciones del primer larga duración de uno de los proyectos musicales más originales de los últimos años.</p>
