{"id":12965,"date":"2021-07-26T09:32:08","date_gmt":"2021-07-26T09:32:08","guid":{"rendered":"https:\/\/esclaustre.com\/event\/anna-colom-copy\/"},"modified":"2021-08-02T13:31:02","modified_gmt":"2021-08-02T13:31:02","slug":"anna-colom-cayana","status":"publish","type":"tribe_events","link":"https:\/\/esclaustre.com\/es\/event\/anna-colom-cayana\/","title":{"rendered":"Anna Colom"},"content":{"rendered":"<p>[ bb_built=\u00bb1&#8243; fullwidth=\u00bboff\u00bb specialty=\u00bbon\u00bb][et_pb_column type=\u00bb3_4&#8243; specialty_columns=\u00bb3&#8243;][et_pb_row_inner admin_label=\u00bbRow\u00bb _builder_version=\u00bb3.0.51&#8243; background_position_1=\u00bbtop_left\u00bb background_repeat_1=\u00bbno-repeat\u00bb module_class=\u00bbtribe-events-content__img\u00bb][et_pb_column_inner type=\u00bb4_4&#8243; saved_specialty_column_type=\u00bb3_4&#8243;][et_pb_image _builder_version=\u00bb3.0.64&#8243; show_in_lightbox=\u00bboff\u00bb url_new_window=\u00bboff\u00bb use_overlay=\u00bboff\u00bb sticky=\u00bboff\u00bb align=\u00bbleft\u00bb always_center_on_mobile=\u00bbon\u00bb border_style=\u00bbsolid\u00bb force_fullwidth=\u00bboff\u00bb src=\u00bbhttps:\/\/esclaustre.com\/wp-content\/uploads\/2020\/07\/Anna_Colom.jpg\u00bb \/][\/et_pb_column_inner][\/et_pb_row_inner][et_pb_row_inner admin_label=\u00bbRow\u00bb _builder_version=\u00bb3.0.51&#8243; background_position_1=\u00bbtop_left\u00bb background_repeat_1=\u00bbno-repeat\u00bb module_class=\u00bbtribe-events-content__content\u00bb][et_pb_column_inner type=\u00bb4_4&#8243; saved_specialty_column_type=\u00bb3_4&#8243;][et_pb_code _builder_version=\u00bb3.0.51&#8243;][socialpug_share][\/et_pb_code][et_pb_text _builder_version=\u00bb3.0.64&#8243; background_layout=\u00bblight\u00bb text_orientation=\u00bbleft\u00bb border_style=\u00bbsolid\u00bb]<\/p>\n<h2><strong>\u00abAnna Colom\u00bb\u00a0un tribut modern al llegat del flamenc.<\/strong><\/h2>\n<p>La voz de Anna Colom ha dado la vuelta en el mundo acompa\u00f1ando el <em>Malamente <\/em>de <strong>Rosal\u00eda<\/strong>. Esta cantaora es acompa\u00f1ante habitual de la cantante de Sant Esteve de Sesrovires, a quien conoci\u00f3 a la ESMUC, donde ambas cursaron el grado superior de Cante Flamenco. Colom, que tambi\u00e9n se form\u00f3 en la Fundaci\u00f3n Cristina Heeren de Arte Flamenco, en Sevilla, tambi\u00e9n ha acompa\u00f1ado a m\u00fasicos como <strong>Chicuelo<\/strong>.<\/p>\n<p><strong><em>Cayana<\/em><\/strong>, que es su proyecto final de carrera, tambi\u00e9n es su primera apuesta en solitario.<\/p>\n<p class=\"s4\"><span class=\"s6\">Ha trebajado como corista en el proyecto de El Mal Querer de Rosalia. Canta en compa\u00f1ia flamenca: <\/span><span class=\"s7\">Barcelona y Flamenco;<\/span><span class=\"s6\">\u00a0sbajo la direcci\u00f3n del maestro Juan G\u00f3mez Chicuelo, y\u00a0<\/span><span class=\"s8\">f<\/span><span class=\"s6\">orma parte de diferentes proyectos art\u00edsticos como son\u00a0<strong>Laboratoria<\/strong> (Flamenco experimental), <strong>Joncol 4<\/strong> (m\u00fasica cl\u00e1sica y flamenco), y \u00e9s, adem\u00e1s, cantante, arreglista y compositora de su propio proyecto\u00a0<\/span><strong><span class=\"s8\">Cayana<\/span><\/strong><span class=\"s6\">.<\/span><\/p>\n<div class=\"field field-name-field-fitxa-tecnica field-type-text-long field-label-above\">\n<div class=\"field-item even\">\n<p>Voz, composici\u00f3n y direcci\u00f3n musical: <strong>Anna Colom<\/strong>.<br \/>\nGuitarra y arreglos: <strong>Exequiel Coria<\/strong>.<br \/>\nBaile y panderos: <strong>Karen Lugo<\/strong><\/p>\n<\/div>\n<\/div>\n<p>&nbsp;<\/p>\n<p>[\/et_pb_text][et_pb_text admin_label=\u00bbText \u2217 COVID-19_ CAT\u00bb _builder_version=\u00bb3.0.64&#8243; background_layout=\u00bblight\u00bb text_orientation=\u00bbleft\u00bb border_style=\u00bbsolid\u00bb saved_tabs=\u00bball\u00bb]<\/p>\n<p>&nbsp;<\/p>\n<p><span style=\"font-family: American Typewriter;\"><span style=\"color: #d11d1d;\">\u2217\u00a0COVID-19 <span style=\"color: #000000;\">Accepto que en nom i representaci\u00f3 propis, al adquirir entrades per asisitir Es Claustre: \u00a0Conec\u00a0la situaci\u00f3 d\u2019emerg\u00e8ncia sanit\u00e0ria causada per la malaltia infecciosa COVID-19, la simptomatologia i les recomanacions sanit\u00e0ries respecte les mesures d\u2019a\u00efllament i distanciament social com la manera m\u00e9s efectiva per evitar l\u2019exposici\u00f3 al virus. De tal manera, accepto que estic informat i comprom\u00e8s amb les mesures organitzatives i preventives per minimitzar el contacte entre persones i reduir aix\u00ed les oportunitats de contagi de la malaltia.<\/span><\/span><\/span><\/p>\n<div><span style=\"font-family: American Typewriter;\">\u00a0<\/span><\/div>\n<p>&nbsp;<\/p>\n<p>[\/et_pb_text][\/et_pb_column_inner][\/et_pb_row_inner][\/et_pb_column][et_pb_column type=\u00bb1_4&#8243;][et_pb_customEventMetaFields admin_label=\u00bbEsClaustre Camps Event\u00bb _builder_version=\u00bb3.0.51&#8243; location=\u00bbon\u00bb schedule=\u00bbon\u00bb price=\u00bbon\u00bb module_class=\u00bbappendTo_tribe-events-infoBlocks_landscape\u00bb \/][et_pb_button _builder_version=\u00bb3.0.64&#8243; button_text=\u00bbComprar\u00bb url_new_window=\u00bbon\u00bb button_alignment=\u00bbcenter\u00bb background_layout=\u00bblight\u00bb custom_button=\u00bboff\u00bb button_text_color=\u00bb#ffffff\u00bb button_bg_color=\u00bb#f92b44&#8243; button_border_width=\u00bb0&#8243; button_border_radius=\u00bb0&#8243; button_letter_spacing=\u00bb0&#8243; button_icon_placement=\u00bbright\u00bb button_letter_spacing_hover=\u00bb0&#8243; module_class=\u00bbbtn-ticket appendTo_tribe-events-infoBlocks_landscape\u00bb button_url=\u00bbhttps:\/\/entradas.codetickets.com\/entradas\/anna-colom_3100\/20347\/esclaustre\/online?lang=es_ES\u00bb \/][et_pb_customEventCategories _builder_version=\u00bb3.0.51&#8243; \/][et_pb_customEventTags _builder_version=\u00bb3.0.51&#8243; \/][\/et_pb_column][\/]<\/p>\n","protected":false},"excerpt":{"rendered":"<p>La voz de Anna Colom ha dado la vuelta en el mundo acompa\u00f1ando el Malamente de Rosal\u00eda. Cayana, es su primera apuesta en solitario.<\/p>\n","protected":false},"author":1,"featured_media":8378,"template":"","meta":{"_acf_changed":false,"_tribe_events_status":"","_tribe_events_status_reason":"","_tribe_events_is_hybrid":"","_tribe_events_is_virtual":"","_tribe_events_virtual_video_source":"","_tribe_events_virtual_embed_video":"","_tribe_events_virtual_linked_button_text":"","_tribe_events_virtual_linked_button":"","_tribe_events_virtual_show_embed_at":"","_tribe_events_virtual_show_embed_to":[],"_tribe_events_virtual_show_on_event":"","_tribe_events_virtual_show_on_views":"","_tribe_events_virtual_url":"","footnotes":""},"tags":[761,1611,142,815],"tribe_events_cat":[1424,111],"class_list":["post-12965","tribe_events","type-tribe_events","status-publish","has-post-thumbnail","hentry","tag-barcelona-es","tag-cayana-es","tag-flamenco-es","tag-rosalia-es","tribe_events_cat-agenda-menorca-es","tribe_events_cat-musica-es","cat_agenda-menorca-es","cat_musica-es"],"acf":[],"_links":{"self":[{"href":"https:\/\/esclaustre.com\/es\/wp-json\/wp\/v2\/tribe_events\/12965","targetHints":{"allow":["GET"]}}],"collection":[{"href":"https:\/\/esclaustre.com\/es\/wp-json\/wp\/v2\/tribe_events"}],"about":[{"href":"https:\/\/esclaustre.com\/es\/wp-json\/wp\/v2\/types\/tribe_events"}],"author":[{"embeddable":true,"href":"https:\/\/esclaustre.com\/es\/wp-json\/wp\/v2\/users\/1"}],"version-history":[{"count":0,"href":"https:\/\/esclaustre.com\/es\/wp-json\/wp\/v2\/tribe_events\/12965\/revisions"}],"wp:featuredmedia":[{"embeddable":true,"href":"https:\/\/esclaustre.com\/es\/wp-json\/wp\/v2\/media\/8378"}],"wp:attachment":[{"href":"https:\/\/esclaustre.com\/es\/wp-json\/wp\/v2\/media?parent=12965"}],"wp:term":[{"taxonomy":"post_tag","embeddable":true,"href":"https:\/\/esclaustre.com\/es\/wp-json\/wp\/v2\/tags?post=12965"},{"taxonomy":"tribe_events_cat","embeddable":true,"href":"https:\/\/esclaustre.com\/es\/wp-json\/wp\/v2\/tribe_events_cat?post=12965"}],"curies":[{"name":"wp","href":"https:\/\/api.w.org\/{rel}","templated":true}]}}

<p>[ bb_built=»1&#8243; fullwidth=»off» specialty=»on»][et_pb_column type=»3_4&#8243; specialty_columns=»3&#8243;][et_pb_row_inner admin_label=»Row» _builder_version=»3.0.51&#8243; background_position_1=»top_left» background_repeat_1=»no-repeat» module_class=»tribe-events-content__img»][et_pb_column_inner type=»4_4&#8243; saved_specialty_column_type=»3_4&#8243;][et_pb_image _builder_version=»3.0.64&#8243; show_in_lightbox=»off» url_new_window=»off» use_overlay=»off» sticky=»off» align=»left» always_center_on_mobile=»on» border_style=»solid» force_fullwidth=»off» src=»https://esclaustre.com/wp-content/uploads/2020/07/Anna_Colom.jpg» /][/et_pb_column_inner][/et_pb_row_inner][et_pb_row_inner admin_label=»Row» _builder_version=»3.0.51&#8243; background_position_1=»top_left» background_repeat_1=»no-repeat» module_class=»tribe-events-content__content»][et_pb_column_inner type=»4_4&#8243; saved_specialty_column_type=»3_4&#8243;][et_pb_code _builder_version=»3.0.51&#8243;][socialpug_share][/et_pb_code][et_pb_text _builder_version=»3.0.64&#8243; background_layout=»light» text_orientation=»left» border_style=»solid»]</p>
<h2><strong>«Anna Colom» un tribut modern al llegat del flamenc.</strong></h2>
<p>La voz de Anna Colom ha dado la vuelta en el mundo acompañando el <em>Malamente </em>de <strong>Rosalía</strong>. Esta cantaora es acompañante habitual de la cantante de Sant Esteve de Sesrovires, a quien conoció a la ESMUC, donde ambas cursaron el grado superior de Cante Flamenco. Colom, que también se formó en la Fundación Cristina Heeren de Arte Flamenco, en Sevilla, también ha acompañado a músicos como <strong>Chicuelo</strong>.</p>
<p><strong><em>Cayana</em></strong>, que es su proyecto final de carrera, también es su primera apuesta en solitario.</p>
<p class="s4"><span class="s6">Ha trebajado como corista en el proyecto de El Mal Querer de Rosalia. Canta en compañia flamenca: </span><span class="s7">Barcelona y Flamenco;</span><span class="s6"> sbajo la dirección del maestro Juan Gómez Chicuelo, y </span><span class="s8">f</span><span class="s6">orma parte de diferentes proyectos artísticos como son <strong>Laboratoria</strong> (Flamenco experimental), <strong>Joncol 4</strong> (música clásica y flamenco), y és, además, cantante, arreglista y compositora de su propio proyecto </span><strong><span class="s8">Cayana</span></strong><span class="s6">.</span></p>
<div class="field field-name-field-fitxa-tecnica field-type-text-long field-label-above">
<div class="field-item even">
<p>Voz, composición y dirección musical: <strong>Anna Colom</strong>.<br />
Guitarra y arreglos: <strong>Exequiel Coria</strong>.<br />
Baile y panderos: <strong>Karen Lugo</strong></p>
</div>
</div>
<p>&nbsp;</p>
<p>[/et_pb_text][et_pb_text admin_label=»Text ∗ COVID-19_ CAT» _builder_version=»3.0.64&#8243; background_layout=»light» text_orientation=»left» border_style=»solid» saved_tabs=»all»]</p>
<p>&nbsp;</p>
<p><span style="font-family: American Typewriter;"><span style="color: #d11d1d;">∗ COVID-19 <span style="color: #000000;">Accepto que en nom i representació propis, al adquirir entrades per asisitir Es Claustre:  Conec la situació d’emergència sanitària causada per la malaltia infecciosa COVID-19, la simptomatologia i les recomanacions sanitàries respecte les mesures d’aïllament i distanciament social com la manera més efectiva per evitar l’exposició al virus. De tal manera, accepto que estic informat i compromès amb les mesures organitzatives i preventives per minimitzar el contacte entre persones i reduir així les oportunitats de contagi de la malaltia.</span></span></span></p>
<div><span style="font-family: American Typewriter;"> </span></div>
<p>&nbsp;</p>
<p>[/et_pb_text][/et_pb_column_inner][/et_pb_row_inner][/et_pb_column][et_pb_column type=»1_4&#8243;][et_pb_customEventMetaFields admin_label=»EsClaustre Camps Event» _builder_version=»3.0.51&#8243; location=»on» schedule=»on» price=»on» module_class=»appendTo_tribe-events-infoBlocks_landscape» /][et_pb_button _builder_version=»3.0.64&#8243; button_text=»Comprar» url_new_window=»on» button_alignment=»center» background_layout=»light» custom_button=»off» button_text_color=»#ffffff» button_bg_color=»#f92b44&#8243; button_border_width=»0&#8243; button_border_radius=»0&#8243; button_letter_spacing=»0&#8243; button_icon_placement=»right» button_letter_spacing_hover=»0&#8243; module_class=»btn-ticket appendTo_tribe-events-infoBlocks_landscape» button_url=»https://entradas.codetickets.com/entradas/anna-colom_3100/20347/esclaustre/online?lang=es_ES» /][et_pb_customEventCategories _builder_version=»3.0.51&#8243; /][et_pb_customEventTags _builder_version=»3.0.51&#8243; /][/et_pb_column][/]</p>

<p>La voz de Anna Colom ha dado la vuelta en el mundo acompañando el Malamente de Rosalía. Cayana, es su primera apuesta en solitario.</p>
