{"id":14609,"date":"2022-05-18T21:03:43","date_gmt":"2022-05-18T21:03:43","guid":{"rendered":"https:\/\/esclaustre.com\/event\/314-copy\/"},"modified":"2022-05-19T11:42:24","modified_gmt":"2022-05-19T11:42:24","slug":"sofia-comas","status":"publish","type":"tribe_events","link":"https:\/\/esclaustre.com\/es\/event\/sofia-comas\/","title":{"rendered":"Sofia Comas"},"content":{"rendered":"<p>[ bb_built=\u00bb1&#8243; fullwidth=\u00bboff\u00bb specialty=\u00bbon\u00bb][et_pb_column type=\u00bb3_4&#8243; specialty_columns=\u00bb3&#8243;][et_pb_row_inner admin_label=\u00bbRow\u00bb _builder_version=\u00bb3.0.51&#8243; background_position_1=\u00bbtop_left\u00bb background_repeat_1=\u00bbno-repeat\u00bb module_class=\u00bbtribe-events-content__img\u00bb][et_pb_column_inner type=\u00bb4_4&#8243; saved_specialty_column_type=\u00bb3_4&#8243;][et_pb_image _builder_version=\u00bb3.0.64&#8243; show_in_lightbox=\u00bboff\u00bb url_new_window=\u00bboff\u00bb use_overlay=\u00bboff\u00bb sticky=\u00bboff\u00bb align=\u00bbleft\u00bb always_center_on_mobile=\u00bbon\u00bb border_style=\u00bbsolid\u00bb force_fullwidth=\u00bboff\u00bb src=\u00bbhttps:\/\/esclaustre.com\/wp-content\/uploads\/2022\/05\/Sof\u00eda_Comas-.jpg\u00bb \/][\/et_pb_column_inner][\/et_pb_row_inner][et_pb_row_inner admin_label=\u00bbRow\u00bb _builder_version=\u00bb3.0.51&#8243; background_position_1=\u00bbtop_left\u00bb background_repeat_1=\u00bbno-repeat\u00bb module_class=\u00bbtribe-events-content__content\u00bb][et_pb_column_inner type=\u00bb4_4&#8243; saved_specialty_column_type=\u00bb3_4&#8243;][et_pb_code _builder_version=\u00bb3.0.51&#8243;][socialpug_share][\/et_pb_code][et_pb_text _builder_version=\u00bb3.0.64&#8243; background_layout=\u00bblight\u00bb text_orientation=\u00bbleft\u00bb border_style=\u00bbsolid\u00bb]<\/p>\n<h2><strong>\u00abSof\u00eda Comas\u00bb en el Claustre con el ciclo Sons de Nit\u00a0<\/strong><\/h2>\n<p><b>Sof\u00eda Comas<\/b> es una compositora, cantante y actriz de origen espa\u00f1ol\/canadiense. Cofundadora de la banda madrile\u00f1a Tucan, ha ejercido como directora musical de la compa\u00f1\u00eda de danza Zuk en varios espect\u00e1culos y ha participado en otros proyectos esc\u00e9nicos vinculados con la poes\u00eda como compositora e int\u00e9rprete.<\/p>\n<p>Tiene la capacidad de hacer alquimia con los versos, la electr\u00f3nica y el soul, convirti\u00e9ndolos en maleables a su antojo, apto para quienes saben afinar el o\u00eddo y agudizar los sentimientos. Una <b>poetisa musical<\/b> que lleva a sus espaldas la creaci\u00f3n del grupo Tuc\u00e1n Morgan, grupo referente del underground nacional, hace tan solo cinco a\u00f1os atr\u00e1s, influencias que acoge con una cruda sensibilidad en esta nueva etapa experimental, y que le ha llevado a musicalizar valientemente a Lorca y Machado.<\/p>\n<div class=\"page\" title=\"Page 1\">\n<div class=\"section\">\n<div class=\"layoutArea\">\n<div class=\"column\">\n<p><strong>Petjades<\/strong> es el circuito de <a href=\"https:\/\/fonart.com\/sonsdenit\/sofia-comas-2\/\" target=\"_blank\" rel=\"noopener\"><strong>Sons de Nit<\/strong><\/a> como marca de una s\u00e9rie de siete conciertos por Mallorca y Menorca. Toda la recaptaci\u00f3n de este concierto se destinar\u00e1 a la entidad\u00a0<b>SOS Mam\u00e1s Baleares<\/b><\/p>\n<p>&nbsp;<\/p>\n<\/div>\n<\/div>\n<\/div>\n<\/div>\n<p>[\/et_pb_text][\/et_pb_column_inner][\/et_pb_row_inner][\/et_pb_column][et_pb_column type=\u00bb1_4&#8243;][et_pb_customEventMetaFields admin_label=\u00bbEsClaustre Camps Event\u00bb _builder_version=\u00bb3.0.51&#8243; location=\u00bbon\u00bb schedule=\u00bbon\u00bb price=\u00bbon\u00bb module_class=\u00bbappendTo_tribe-events-infoBlocks_landscape\u00bb \/][et_pb_button _builder_version=\u00bb3.0.64&#8243; button_text=\u00bbComprar\u00bb url_new_window=\u00bbon\u00bb button_alignment=\u00bbcenter\u00bb background_layout=\u00bblight\u00bb custom_button=\u00bboff\u00bb button_text_color=\u00bb#ffffff\u00bb button_bg_color=\u00bb#f92b44&#8243; button_border_width=\u00bb0&#8243; button_border_radius=\u00bb0&#8243; button_letter_spacing=\u00bb0&#8243; button_icon_placement=\u00bbright\u00bb button_letter_spacing_hover=\u00bb0&#8243; module_class=\u00bbbtn-ticket appendTo_tribe-events-infoBlocks_landscape\u00bb button_url=\u00bbhttps:\/\/ticketib.com\/ca\/events\/sdn-sofia-comas-mao\u00bb \/][et_pb_customEventCategories _builder_version=\u00bb3.0.51&#8243; \/][et_pb_customEventTags _builder_version=\u00bb3.0.51&#8243; \/][\/et_pb_column][\/]<\/p>\n","protected":false},"excerpt":{"rendered":"<p>\u00abSof\u00eda Comas\u00bb en el Claustre con el ciclo Sons de Nit. Sof\u00eda Comas es una compositora, cantante y actriz de origen espa\u00f1ol\/canadiense. Cofundadora de la banda madrile\u00f1a Tucan.<\/p>\n","protected":false},"author":1,"featured_media":14607,"template":"","meta":{"_acf_changed":false,"_tribe_events_status":"","_tribe_events_status_reason":"","_tribe_events_is_hybrid":"","_tribe_events_is_virtual":"","_tribe_events_virtual_video_source":"","_tribe_events_virtual_embed_video":"","_tribe_events_virtual_linked_button_text":"","_tribe_events_virtual_linked_button":"","_tribe_events_virtual_show_embed_at":"","_tribe_events_virtual_show_embed_to":[],"_tribe_events_virtual_show_on_event":"","_tribe_events_virtual_show_on_views":"","_tribe_events_virtual_url":"","footnotes":""},"tags":[2785,2786,225,2227,2103],"tribe_events_cat":[1424,410,111],"class_list":["post-14609","tribe_events","type-tribe_events","status-publish","has-post-thumbnail","hentry","tag-canada-es","tag-cultura-sostenible-es","tag-madrid-es","tag-petjades-es","tag-sons-de-nit-es","tribe_events_cat-agenda-menorca-es","tribe_events_cat-cultura-es","tribe_events_cat-musica-es","cat_agenda-menorca-es","cat_cultura-es","cat_musica-es"],"acf":[],"_links":{"self":[{"href":"https:\/\/esclaustre.com\/es\/wp-json\/wp\/v2\/tribe_events\/14609","targetHints":{"allow":["GET"]}}],"collection":[{"href":"https:\/\/esclaustre.com\/es\/wp-json\/wp\/v2\/tribe_events"}],"about":[{"href":"https:\/\/esclaustre.com\/es\/wp-json\/wp\/v2\/types\/tribe_events"}],"author":[{"embeddable":true,"href":"https:\/\/esclaustre.com\/es\/wp-json\/wp\/v2\/users\/1"}],"version-history":[{"count":0,"href":"https:\/\/esclaustre.com\/es\/wp-json\/wp\/v2\/tribe_events\/14609\/revisions"}],"wp:featuredmedia":[{"embeddable":true,"href":"https:\/\/esclaustre.com\/es\/wp-json\/wp\/v2\/media\/14607"}],"wp:attachment":[{"href":"https:\/\/esclaustre.com\/es\/wp-json\/wp\/v2\/media?parent=14609"}],"wp:term":[{"taxonomy":"post_tag","embeddable":true,"href":"https:\/\/esclaustre.com\/es\/wp-json\/wp\/v2\/tags?post=14609"},{"taxonomy":"tribe_events_cat","embeddable":true,"href":"https:\/\/esclaustre.com\/es\/wp-json\/wp\/v2\/tribe_events_cat?post=14609"}],"curies":[{"name":"wp","href":"https:\/\/api.w.org\/{rel}","templated":true}]}}

<p>[ bb_built=»1&#8243; fullwidth=»off» specialty=»on»][et_pb_column type=»3_4&#8243; specialty_columns=»3&#8243;][et_pb_row_inner admin_label=»Row» _builder_version=»3.0.51&#8243; background_position_1=»top_left» background_repeat_1=»no-repeat» module_class=»tribe-events-content__img»][et_pb_column_inner type=»4_4&#8243; saved_specialty_column_type=»3_4&#8243;][et_pb_image _builder_version=»3.0.64&#8243; show_in_lightbox=»off» url_new_window=»off» use_overlay=»off» sticky=»off» align=»left» always_center_on_mobile=»on» border_style=»solid» force_fullwidth=»off» src=»https://esclaustre.com/wp-content/uploads/2022/05/Sofía_Comas-.jpg» /][/et_pb_column_inner][/et_pb_row_inner][et_pb_row_inner admin_label=»Row» _builder_version=»3.0.51&#8243; background_position_1=»top_left» background_repeat_1=»no-repeat» module_class=»tribe-events-content__content»][et_pb_column_inner type=»4_4&#8243; saved_specialty_column_type=»3_4&#8243;][et_pb_code _builder_version=»3.0.51&#8243;][socialpug_share][/et_pb_code][et_pb_text _builder_version=»3.0.64&#8243; background_layout=»light» text_orientation=»left» border_style=»solid»]</p>
<h2><strong>«Sofía Comas» en el Claustre con el ciclo Sons de Nit </strong></h2>
<p><b>Sofía Comas</b> es una compositora, cantante y actriz de origen español/canadiense. Cofundadora de la banda madrileña Tucan, ha ejercido como directora musical de la compañía de danza Zuk en varios espectáculos y ha participado en otros proyectos escénicos vinculados con la poesía como compositora e intérprete.</p>
<p>Tiene la capacidad de hacer alquimia con los versos, la electrónica y el soul, convirtiéndolos en maleables a su antojo, apto para quienes saben afinar el oído y agudizar los sentimientos. Una <b>poetisa musical</b> que lleva a sus espaldas la creación del grupo Tucán Morgan, grupo referente del underground nacional, hace tan solo cinco años atrás, influencias que acoge con una cruda sensibilidad en esta nueva etapa experimental, y que le ha llevado a musicalizar valientemente a Lorca y Machado.</p>
<div class="page" title="Page 1">
<div class="section">
<div class="layoutArea">
<div class="column">
<p><strong>Petjades</strong> es el circuito de <a href="https://fonart.com/sonsdenit/sofia-comas-2/" target="_blank" rel="noopener"><strong>Sons de Nit</strong></a> como marca de una série de siete conciertos por Mallorca y Menorca. Toda la recaptación de este concierto se destinará a la entidad <b>SOS Mamás Baleares</b></p>
<p>&nbsp;</p>
</div>
</div>
</div>
</div>
<p>[/et_pb_text][/et_pb_column_inner][/et_pb_row_inner][/et_pb_column][et_pb_column type=»1_4&#8243;][et_pb_customEventMetaFields admin_label=»EsClaustre Camps Event» _builder_version=»3.0.51&#8243; location=»on» schedule=»on» price=»on» module_class=»appendTo_tribe-events-infoBlocks_landscape» /][et_pb_button _builder_version=»3.0.64&#8243; button_text=»Comprar» url_new_window=»on» button_alignment=»center» background_layout=»light» custom_button=»off» button_text_color=»#ffffff» button_bg_color=»#f92b44&#8243; button_border_width=»0&#8243; button_border_radius=»0&#8243; button_letter_spacing=»0&#8243; button_icon_placement=»right» button_letter_spacing_hover=»0&#8243; module_class=»btn-ticket appendTo_tribe-events-infoBlocks_landscape» button_url=»https://ticketib.com/ca/events/sdn-sofia-comas-mao» /][et_pb_customEventCategories _builder_version=»3.0.51&#8243; /][et_pb_customEventTags _builder_version=»3.0.51&#8243; /][/et_pb_column][/]</p>

<p>«Sofía Comas» en el Claustre con el ciclo Sons de Nit. Sofía Comas es una compositora, cantante y actriz de origen español/canadiense. Cofundadora de la banda madrileña Tucan.</p>
