{"id":1477,"date":"2017-06-25T14:54:10","date_gmt":"2017-06-25T14:54:10","guid":{"rendered":"https:\/\/esclaustre.com\/event\/la-teoria-sueca-de-lamor\/"},"modified":"2017-06-25T14:54:10","modified_gmt":"2017-06-25T14:54:10","slug":"la-teoria-sueca-de-lamor","status":"publish","type":"tribe_events","link":"https:\/\/esclaustre.com\/es\/event\/la-teoria-sueca-de-lamor\/","title":{"rendered":"La Teoria Sueca de l&#8217;Amor"},"content":{"rendered":"<p>[ bb_built=\u00bb1&#8243; admin_label=\u00bbsection\u00bb _builder_version=\u00bb3.0.51&#8243; module_class=\u00bbeventPost__vertical\u00bb][et_pb_row admin_label=\u00bbrow\u00bb background_position=\u00bbtop_left\u00bb background_repeat=\u00bbrepeat\u00bb background_size=\u00bbinitial\u00bb _builder_version=\u00bb3.0.51&#8243; background_position_1=\u00bbtop_left\u00bb background_repeat_1=\u00bbno-repeat\u00bb background_position_2=\u00bbtop_left\u00bb background_repeat_2=\u00bbno-repeat\u00bb module_class_1=\u00bbeventPost__vertical__img\u00bb module_class_2=\u00bbeventPost__vertical__img_content\u00bb make_equal=\u00bbon\u00bb][et_pb_column type=\u00bb1_2&#8243;][et_pb_image admin_label=\u00bbImage\u00bb _builder_version=\u00bb3.0.51&#8243; src=\u00bbhttps:\/\/esclaustre.com\/wp-content\/uploads\/2017\/06\/la_teoria_sueca_del_amor.jpg\u00bb show_in_lightbox=\u00bboff\u00bb url_new_window=\u00bboff\u00bb use_overlay=\u00bboff\u00bb sticky=\u00bbon\u00bb align=\u00bbleft\u00bb always_center_on_mobile=\u00bbon\u00bb border_style=\u00bbsolid\u00bb force_fullwidth=\u00bboff\u00bb \/][\/et_pb_column][et_pb_column type=\u00bb1_2&#8243;][et_pb_customEventMetaFields admin_label=\u00bbEs Claustre Camps Event\u00bb _builder_version=\u00bb3.0.51&#8243; location=\u00bbon\u00bb schedule=\u00bbon\u00bb price=\u00bbon\u00bb \/][et_pb_text admin_label=\u00bbDades generals de la pelicula\u00bb _builder_version=\u00bb3.0.51&#8243; background_layout=\u00bblight\u00bb text_orientation=\u00bbleft\u00bb border_style=\u00bbsolid\u00bb module_class=\u00bbpostEvent_cine__block\u00bb]<\/p>\n<h3 class=\"postEvent_cine__filmDirector\">Erik Galdini<\/h3>\n<p class=\"postEvent_cine__filmMeta\">2016 \u00a0 76min.<\/p>\n<div class=\"postEvent_cine__resume postEvent_cine__filmResume\">VO en angl\u00e8s subtitulada en catal\u00e0<br \/>\nDinamarca, Noruega, Suecia<\/div>\n<p>[\/et_pb_text][et_pb_customEventCategories admin_label=\u00bbCategories\u00bb _builder_version=\u00bb3.0.51&#8243; \/][et_pb_customEventTags admin_label=\u00bbTags\u00bb _builder_version=\u00bb3.0.51&#8243; \/][et_pb_text admin_label=\u00bbPremis + Link Trailer\u00bb _builder_version=\u00bb3.0.51&#8243; background_layout=\u00bblight\u00bb text_orientation=\u00bbleft\u00bb border_style=\u00bbsolid\u00bb module_class=\u00bbpostEvent_cine__block\u00bb]<\/p>\n<h5 class=\"postEvent_cine__awardsTitle\">Premis i festivals<\/h5>\n<ul class=\"postEvent_cine__awardsList\">\n<li>Docville \u2013 B\u00e8lgica, 2016<\/li>\n<li>CPH:DOX \u2013 Dinamarca, 2015<\/li>\n<li>Stockholm Film Festival \u2013 Su\u00e8cia, 2015<\/li>\n<li>IDFA \u2013 Pa\u00efsos Baixos, 2015<\/li>\n<\/ul>\n<p><a class=\"postEvent_cine__filmLink\" href=\"https:\/\/www.youtube.com\/watch?time_continue=18&amp;v=Vud8lIhzwps\" target=\"_blank\" rel=\"noopener\">Veure Trailer<\/a><\/p>\n<p>[\/et_pb_text][et_pb_code admin_label=\u00bbCompartir\u00bb _builder_version=\u00bb3.0.51&#8243; module_class=\u00bbpostEvent_cine__block__Share\u00bb][socialpug_share][\/et_pb_code][\/et_pb_column][\/et_pb_row][et_pb_row admin_label=\u00bbRow\u00bb background_position=\u00bbtop_left\u00bb background_repeat=\u00bbrepeat\u00bb background_size=\u00bbinitial\u00bb _builder_version=\u00bb3.0.51&#8243; background_position_1=\u00bbtop_left\u00bb background_repeat_1=\u00bbno-repeat\u00bb background_position_2=\u00bbtop_left\u00bb background_repeat_2=\u00bbno-repeat\u00bb module_class=\u00bbeventPost__vertical__content\u00bb][et_pb_column type=\u00bb2_3&#8243;][et_pb_text admin_label=\u00bbText\u00bb _builder_version=\u00bb3.0.51&#8243; background_layout=\u00bblight\u00bb text_orientation=\u00bbleft\u00bb border_style=\u00bbsolid\u00bb]<\/p>\n<h3 class=\"postEvent_content__titleh3\">SINOPSIS<\/h3>\n<p>El t\u00f2pic defineix Su\u00e8cia com un model de societat perfecte amb una alt\u00edssima qualitat de vida. Per\u00f2 realment \u00e9s un pa\u00eds feli\u00e7? \u00c9s possible que la poblaci\u00f3 m\u00e9s aut\u00f2noma i independent del m\u00f3n estigui insatisfeta?<br \/>\nSense la necessitat de demanar ajuda ni favors, el contacte hum\u00e0 queda redu\u00eft a la m\u00ednima expressi\u00f3. Cada cop hi ha m\u00e9s mares solteres que tenen fills amb inseminaci\u00f3 artificial. El nombre de gent que mor en solitud augmenta any rere any. Val la pena assumir l\u2019a\u00efllament i la soledat per tenir una vida aut\u00f2noma i independent?<br \/>\nL\u2019iconoclasta director Erik Gandini explora l\u2019estil de vida suec amb sentit de l\u2019humor, reflexionant sobre com una vida segura i f\u00e0cil pot convertir-se en una exist\u00e8ncia buida i solit\u00e0ria.<\/p>\n<h3 class=\"postEvent_content__titleh3\">SOBRE LA DIRECCI\u00d3<\/h3>\n<p>Erik Gandini va n\u00e9ixer a It\u00e0lia el 1967. \u00c9s productor i director, conegut per Videocracy (2009), Surplus: Terrorized Into Being Consumers (2003) i The Swedish Theory of Love(2015).<\/p>\n<p>Cicle documental amb el suport de la Regidoria de Pol\u00edtica Ling\u00fc\u00edstica de l&#8217;<a href=\"http:\/\/www.ajmao.org\" target=\"_blank\" rel=\"noopener\">Ajuntament de Ma\u00f3<\/a>.<\/p>\n<p>[\/et_pb_text][\/et_pb_column][et_pb_column type=\u00bb1_3&#8243;][et_pb_text admin_label=\u00bbFitxa t\u00e8cnica\u00bb _builder_version=\u00bb3.0.51&#8243; background_layout=\u00bblight\u00bb text_orientation=\u00bbleft\u00bb border_style=\u00bbsolid\u00bb module_class=\u00bbpostEvent_content__technicalData\u00bb]<\/p>\n<h4 class=\"postEvent_content__titleh4\">FITXA T\u00c9CNICA<\/h4>\n<ul class=\"postEvent_cine__TechnicalList\">\n<li><strong>Direcci\u00f3:<\/strong> Erik Gandini<\/li>\n<li><strong>Producci\u00f3 executiva:<\/strong> Erik Gandini, Juan Pablo Libossart<\/li>\n<li><strong>Gui\u00f3:<\/strong> Erik Gandini<\/li>\n<li><strong>Fotografia:<\/strong> Vania Tegamelli, Carl Nilsson<\/li>\n<li><strong>Edici\u00f3:<\/strong> Johan S\u00f6derberg,<\/li>\n<li><strong>So:<\/strong> Hans M\u00f8ller, Kevin Bavnh\u00f8j, Brian Dyrby<\/li>\n<li><strong>M\u00fasica:<\/strong> Johan S\u00f6derberg<\/li>\n<\/ul>\n<p>No recomanat per a menors de 12 anys<\/p>\n<p>[\/et_pb_text][\/et_pb_column][\/et_pb_row][\/]<\/p>\n","protected":false},"excerpt":{"rendered":"<p>[DOCS MENORCA] El documental del mes: La Teoria Sueca de l&#8217;Amor<\/p>\n","protected":false},"author":1,"featured_media":1183,"template":"","meta":{"_acf_changed":false,"_tribe_events_status":"","_tribe_events_status_reason":"","_tribe_events_is_hybrid":"","_tribe_events_is_virtual":"","_tribe_events_virtual_video_source":"","_tribe_events_virtual_embed_video":"","_tribe_events_virtual_linked_button_text":"","_tribe_events_virtual_linked_button":"","_tribe_events_virtual_show_embed_at":"","_tribe_events_virtual_show_embed_to":[],"_tribe_events_virtual_show_on_event":"","_tribe_events_virtual_show_on_views":"","_tribe_events_virtual_url":"","footnotes":""},"tags":[117,118,257],"tribe_events_cat":[121],"class_list":["post-1477","tribe_events","type-tribe_events","status-publish","has-post-thumbnail","hentry","tag-docs-es","tag-documental-es","tag-erik-gandini-es","tribe_events_cat-cinema-es","cat_cinema-es"],"acf":[],"_links":{"self":[{"href":"https:\/\/esclaustre.com\/es\/wp-json\/wp\/v2\/tribe_events\/1477","targetHints":{"allow":["GET"]}}],"collection":[{"href":"https:\/\/esclaustre.com\/es\/wp-json\/wp\/v2\/tribe_events"}],"about":[{"href":"https:\/\/esclaustre.com\/es\/wp-json\/wp\/v2\/types\/tribe_events"}],"author":[{"embeddable":true,"href":"https:\/\/esclaustre.com\/es\/wp-json\/wp\/v2\/users\/1"}],"version-history":[{"count":0,"href":"https:\/\/esclaustre.com\/es\/wp-json\/wp\/v2\/tribe_events\/1477\/revisions"}],"wp:featuredmedia":[{"embeddable":true,"href":"https:\/\/esclaustre.com\/es\/wp-json\/wp\/v2\/media\/1183"}],"wp:attachment":[{"href":"https:\/\/esclaustre.com\/es\/wp-json\/wp\/v2\/media?parent=1477"}],"wp:term":[{"taxonomy":"post_tag","embeddable":true,"href":"https:\/\/esclaustre.com\/es\/wp-json\/wp\/v2\/tags?post=1477"},{"taxonomy":"tribe_events_cat","embeddable":true,"href":"https:\/\/esclaustre.com\/es\/wp-json\/wp\/v2\/tribe_events_cat?post=1477"}],"curies":[{"name":"wp","href":"https:\/\/api.w.org\/{rel}","templated":true}]}}

<p>[ bb_built=»1&#8243; admin_label=»section» _builder_version=»3.0.51&#8243; module_class=»eventPost__vertical»][et_pb_row admin_label=»row» background_position=»top_left» background_repeat=»repeat» background_size=»initial» _builder_version=»3.0.51&#8243; background_position_1=»top_left» background_repeat_1=»no-repeat» background_position_2=»top_left» background_repeat_2=»no-repeat» module_class_1=»eventPost__vertical__img» module_class_2=»eventPost__vertical__img_content» make_equal=»on»][et_pb_column type=»1_2&#8243;][et_pb_image admin_label=»Image» _builder_version=»3.0.51&#8243; src=»https://esclaustre.com/wp-content/uploads/2017/06/la_teoria_sueca_del_amor.jpg» show_in_lightbox=»off» url_new_window=»off» use_overlay=»off» sticky=»on» align=»left» always_center_on_mobile=»on» border_style=»solid» force_fullwidth=»off» /][/et_pb_column][et_pb_column type=»1_2&#8243;][et_pb_customEventMetaFields admin_label=»Es Claustre Camps Event» _builder_version=»3.0.51&#8243; location=»on» schedule=»on» price=»on» /][et_pb_text admin_label=»Dades generals de la pelicula» _builder_version=»3.0.51&#8243; background_layout=»light» text_orientation=»left» border_style=»solid» module_class=»postEvent_cine__block»]</p>
<h3 class="postEvent_cine__filmDirector">Erik Galdini</h3>
<p class="postEvent_cine__filmMeta">2016   76min.</p>
<div class="postEvent_cine__resume postEvent_cine__filmResume">VO en anglès subtitulada en català<br />
Dinamarca, Noruega, Suecia</div>
<p>[/et_pb_text][et_pb_customEventCategories admin_label=»Categories» _builder_version=»3.0.51&#8243; /][et_pb_customEventTags admin_label=»Tags» _builder_version=»3.0.51&#8243; /][et_pb_text admin_label=»Premis + Link Trailer» _builder_version=»3.0.51&#8243; background_layout=»light» text_orientation=»left» border_style=»solid» module_class=»postEvent_cine__block»]</p>
<h5 class="postEvent_cine__awardsTitle">Premis i festivals</h5>
<ul class="postEvent_cine__awardsList">
<li>Docville – Bèlgica, 2016</li>
<li>CPH:DOX – Dinamarca, 2015</li>
<li>Stockholm Film Festival – Suècia, 2015</li>
<li>IDFA – Països Baixos, 2015</li>
</ul>
<p><a class="postEvent_cine__filmLink" href="https://www.youtube.com/watch?time_continue=18&amp;v=Vud8lIhzwps" target="_blank" rel="noopener">Veure Trailer</a></p>
<p>[/et_pb_text][et_pb_code admin_label=»Compartir» _builder_version=»3.0.51&#8243; module_class=»postEvent_cine__block__Share»][socialpug_share][/et_pb_code][/et_pb_column][/et_pb_row][et_pb_row admin_label=»Row» background_position=»top_left» background_repeat=»repeat» background_size=»initial» _builder_version=»3.0.51&#8243; background_position_1=»top_left» background_repeat_1=»no-repeat» background_position_2=»top_left» background_repeat_2=»no-repeat» module_class=»eventPost__vertical__content»][et_pb_column type=»2_3&#8243;][et_pb_text admin_label=»Text» _builder_version=»3.0.51&#8243; background_layout=»light» text_orientation=»left» border_style=»solid»]</p>
<h3 class="postEvent_content__titleh3">SINOPSIS</h3>
<p>El tòpic defineix Suècia com un model de societat perfecte amb una altíssima qualitat de vida. Però realment és un país feliç? És possible que la població més autònoma i independent del món estigui insatisfeta?<br />
Sense la necessitat de demanar ajuda ni favors, el contacte humà queda reduït a la mínima expressió. Cada cop hi ha més mares solteres que tenen fills amb inseminació artificial. El nombre de gent que mor en solitud augmenta any rere any. Val la pena assumir l’aïllament i la soledat per tenir una vida autònoma i independent?<br />
L’iconoclasta director Erik Gandini explora l’estil de vida suec amb sentit de l’humor, reflexionant sobre com una vida segura i fàcil pot convertir-se en una existència buida i solitària.</p>
<h3 class="postEvent_content__titleh3">SOBRE LA DIRECCIÓ</h3>
<p>Erik Gandini va néixer a Itàlia el 1967. És productor i director, conegut per Videocracy (2009), Surplus: Terrorized Into Being Consumers (2003) i The Swedish Theory of Love(2015).</p>
<p>Cicle documental amb el suport de la Regidoria de Política Lingüística de l&#8217;<a href="http://www.ajmao.org" target="_blank" rel="noopener">Ajuntament de Maó</a>.</p>
<p>[/et_pb_text][/et_pb_column][et_pb_column type=»1_3&#8243;][et_pb_text admin_label=»Fitxa tècnica» _builder_version=»3.0.51&#8243; background_layout=»light» text_orientation=»left» border_style=»solid» module_class=»postEvent_content__technicalData»]</p>
<h4 class="postEvent_content__titleh4">FITXA TÉCNICA</h4>
<ul class="postEvent_cine__TechnicalList">
<li><strong>Direcció:</strong> Erik Gandini</li>
<li><strong>Producció executiva:</strong> Erik Gandini, Juan Pablo Libossart</li>
<li><strong>Guió:</strong> Erik Gandini</li>
<li><strong>Fotografia:</strong> Vania Tegamelli, Carl Nilsson</li>
<li><strong>Edició:</strong> Johan Söderberg,</li>
<li><strong>So:</strong> Hans Møller, Kevin Bavnhøj, Brian Dyrby</li>
<li><strong>Música:</strong> Johan Söderberg</li>
</ul>
<p>No recomanat per a menors de 12 anys</p>
<p>[/et_pb_text][/et_pb_column][/et_pb_row][/]</p>
