{"id":14990,"date":"2022-06-14T06:10:20","date_gmt":"2022-06-14T06:10:20","guid":{"rendered":"https:\/\/esclaustre.com\/event\/oliva-trencada-copy\/"},"modified":"2022-06-14T08:09:48","modified_gmt":"2022-06-14T08:09:48","slug":"alex-ferreira","status":"publish","type":"tribe_events","link":"https:\/\/esclaustre.com\/es\/event\/alex-ferreira\/","title":{"rendered":"Alex Ferreira"},"content":{"rendered":"<p>[ bb_built=\u00bb1&#8243; fullwidth=\u00bboff\u00bb specialty=\u00bbon\u00bb][et_pb_column type=\u00bb3_4&#8243; specialty_columns=\u00bb3&#8243;][et_pb_row_inner admin_label=\u00bbRow\u00bb _builder_version=\u00bb3.0.51&#8243; background_position_1=\u00bbtop_left\u00bb background_repeat_1=\u00bbno-repeat\u00bb module_class=\u00bbtribe-events-content__img\u00bb][et_pb_column_inner type=\u00bb4_4&#8243; saved_specialty_column_type=\u00bb3_4&#8243;][et_pb_image _builder_version=\u00bb3.0.64&#8243; show_in_lightbox=\u00bboff\u00bb url_new_window=\u00bboff\u00bb use_overlay=\u00bboff\u00bb sticky=\u00bboff\u00bb align=\u00bbleft\u00bb always_center_on_mobile=\u00bbon\u00bb border_style=\u00bbsolid\u00bb force_fullwidth=\u00bboff\u00bb src=\u00bbhttps:\/\/esclaustre.com\/wp-content\/uploads\/2022\/06\/ALEX_FERREIRA.jpg\u00bb \/][\/et_pb_column_inner][\/et_pb_row_inner][et_pb_row_inner admin_label=\u00bbRow\u00bb _builder_version=\u00bb3.0.51&#8243; background_position_1=\u00bbtop_left\u00bb background_repeat_1=\u00bbno-repeat\u00bb module_class=\u00bbtribe-events-content__content\u00bb][et_pb_column_inner type=\u00bb4_4&#8243; saved_specialty_column_type=\u00bb3_4&#8243;][et_pb_code _builder_version=\u00bb3.0.51&#8243;][socialpug_share][\/et_pb_code][et_pb_text _builder_version=\u00bb3.0.64&#8243; background_layout=\u00bblight\u00bb text_orientation=\u00bbleft\u00bb border_style=\u00bbsolid\u00bb]<\/p>\n<h2><strong>\u00abAlex Ferreira\u00bb explorando nuevos caminos para la canci\u00f3n.<\/strong><\/h2>\n<p>El cantautor dominicano se acerca a Menorca al escenario de Es Claustre para presentarnos las canciones de su nuevo disco\u00a0<strong>\u00abEn Lo Que Llega La Primavera\u00bb<\/strong>\u00a0adem\u00e1s de otros \u00e9xitos de su repertorio con temas de sus conocidos discos como son\u00a0<strong>\u00abTANDA\u00bb<\/strong> y <strong>\u00abCanap\u00e9\u00bb<\/strong> en un concierto en ac\u00fastico muy especial.<\/p>\n<p>\u00abSi pudiera definir la m\u00fasica de <span style=\"color: #000000;\"><strong>Alex Ferreira<\/strong><\/span>, dir\u00eda que es un c\u00e1lido abrazo para el alma. Su nuevo \u00e1lbum no es la excepci\u00f3n, es ese rubor en la mejilla que te da cuando escuchas un piropo o cuando te pega un sol de 30 grados, es algo similar cuando escuchas la\u00a0voz y el sentimiento del artista dominicano que, pareciera m\u00e1s mexicano \u00faltimamente&#8230;\u201d \u2014 Gisela Terrazas (<strong>IndieRocks!<\/strong>) \u00bb<\/p>\n<p>Ya sea que est\u00e9 sosteniendo una guitarra ac\u00fastica o agachado sobre un sintetizador, el cantautor dominicano Alex Ferreira se inspira en el tipo de balada latina de la vieja escuela que permite una generosa efusi\u00f3n de sentimientos. Aunque en el fondo es un\u00a0rom\u00e1ntico cl\u00e1sico, se deleita en su propia necesidad hiperactiva de experimentar, lo que le ha permitido construir un cat\u00e1logo salvajemente ecl\u00e9ctico. Sus \u00e1lbumes en solitario y proyectos colaborativos presentan canciones que incursionan en una variedad de ritmos\u00a0bailables de <strong>bachata, merengue, electro-pop y folk<\/strong>. \u2014 Julyssa Lopez (<strong>The New Yorker<\/strong>).<\/p>\n<p>&nbsp;<\/p>\n<p><iframe title=\"YouTube video player\" src=\"https:\/\/www.youtube.com\/embed\/jBSXWFqKLGA\" width=\"560\" height=\"315\" frameborder=\"0\" allowfullscreen=\"allowfullscreen\"><\/iframe><\/p>\n<p>[\/et_pb_text][\/et_pb_column_inner][\/et_pb_row_inner][\/et_pb_column][et_pb_column type=\u00bb1_4&#8243;][et_pb_customEventMetaFields admin_label=\u00bbEsClaustre Camps Event\u00bb _builder_version=\u00bb3.0.51&#8243; location=\u00bbon\u00bb schedule=\u00bbon\u00bb price=\u00bbon\u00bb module_class=\u00bbappendTo_tribe-events-infoBlocks_landscape\u00bb \/][et_pb_button _builder_version=\u00bb3.0.64&#8243; button_text=\u00bbENTRADAS\u00bb url_new_window=\u00bbon\u00bb button_alignment=\u00bbcenter\u00bb background_layout=\u00bblight\u00bb custom_button=\u00bboff\u00bb button_text_color=\u00bb#ffffff\u00bb button_bg_color=\u00bb#f92b44&#8243; button_border_width=\u00bb0&#8243; button_border_radius=\u00bb0&#8243; button_letter_spacing=\u00bb0&#8243; button_icon_placement=\u00bbright\u00bb button_letter_spacing_hover=\u00bb0&#8243; module_class=\u00bbbtn-ticket appendTo_tribe-events-infoBlocks_landscape\u00bb button_url=\u00bbhttps:\/\/entradas.codetickets.com\/entradas\/alex-fereira\/28707\/esclaustre\/online?lang=es_ES\u00bb \/][et_pb_customEventCategories _builder_version=\u00bb3.0.51&#8243; \/][et_pb_customEventTags _builder_version=\u00bb3.0.51&#8243; \/][\/et_pb_column][\/]<\/p>\n","protected":false},"excerpt":{"rendered":"<p>\u00abAlex Ferreira\u00bb explorando nuevos caminos para la canci\u00f3n. El cantautor dominicano se acerca a Menorca al escenario de Es Claustre para presentarnos las canciones de su nuevo disco\u00a0\u00abEn Lo Que Llega La Primavera\u00bb\u00a0adem\u00e1s de otros \u00e9xitos de su repertorio con temas de sus conocidos discos como son\u00a0\u00abTANDA\u00bb y \u00abCanap\u00e9\u00bb en un concierto en ac\u00fastico muy especial.<\/p>\n","protected":false},"author":1,"featured_media":14988,"template":"","meta":{"_acf_changed":false,"_tribe_events_status":"","_tribe_events_status_reason":"","_tribe_events_is_hybrid":"","_tribe_events_is_virtual":"","_tribe_events_virtual_video_source":"","_tribe_events_virtual_embed_video":"","_tribe_events_virtual_linked_button_text":"","_tribe_events_virtual_linked_button":"","_tribe_events_virtual_show_embed_at":"","_tribe_events_virtual_show_embed_to":[],"_tribe_events_virtual_show_on_event":"","_tribe_events_virtual_show_on_views":"","_tribe_events_virtual_url":"","footnotes":""},"tags":[125,2902,2125,2903,2904],"tribe_events_cat":[1424,111],"class_list":["post-14990","tribe_events","type-tribe_events","status-publish","has-post-thumbnail","hentry","tag-canco-es","tag-en-lo-que-llega-la-primavera-es","tag-llatinoamerica-es","tag-mexic-es","tag-republica-dominicana-es","tribe_events_cat-agenda-menorca-es","tribe_events_cat-musica-es","cat_agenda-menorca-es","cat_musica-es"],"acf":[],"_links":{"self":[{"href":"https:\/\/esclaustre.com\/es\/wp-json\/wp\/v2\/tribe_events\/14990","targetHints":{"allow":["GET"]}}],"collection":[{"href":"https:\/\/esclaustre.com\/es\/wp-json\/wp\/v2\/tribe_events"}],"about":[{"href":"https:\/\/esclaustre.com\/es\/wp-json\/wp\/v2\/types\/tribe_events"}],"author":[{"embeddable":true,"href":"https:\/\/esclaustre.com\/es\/wp-json\/wp\/v2\/users\/1"}],"version-history":[{"count":0,"href":"https:\/\/esclaustre.com\/es\/wp-json\/wp\/v2\/tribe_events\/14990\/revisions"}],"wp:featuredmedia":[{"embeddable":true,"href":"https:\/\/esclaustre.com\/es\/wp-json\/wp\/v2\/media\/14988"}],"wp:attachment":[{"href":"https:\/\/esclaustre.com\/es\/wp-json\/wp\/v2\/media?parent=14990"}],"wp:term":[{"taxonomy":"post_tag","embeddable":true,"href":"https:\/\/esclaustre.com\/es\/wp-json\/wp\/v2\/tags?post=14990"},{"taxonomy":"tribe_events_cat","embeddable":true,"href":"https:\/\/esclaustre.com\/es\/wp-json\/wp\/v2\/tribe_events_cat?post=14990"}],"curies":[{"name":"wp","href":"https:\/\/api.w.org\/{rel}","templated":true}]}}

<p>[ bb_built=»1&#8243; fullwidth=»off» specialty=»on»][et_pb_column type=»3_4&#8243; specialty_columns=»3&#8243;][et_pb_row_inner admin_label=»Row» _builder_version=»3.0.51&#8243; background_position_1=»top_left» background_repeat_1=»no-repeat» module_class=»tribe-events-content__img»][et_pb_column_inner type=»4_4&#8243; saved_specialty_column_type=»3_4&#8243;][et_pb_image _builder_version=»3.0.64&#8243; show_in_lightbox=»off» url_new_window=»off» use_overlay=»off» sticky=»off» align=»left» always_center_on_mobile=»on» border_style=»solid» force_fullwidth=»off» src=»https://esclaustre.com/wp-content/uploads/2022/06/ALEX_FERREIRA.jpg» /][/et_pb_column_inner][/et_pb_row_inner][et_pb_row_inner admin_label=»Row» _builder_version=»3.0.51&#8243; background_position_1=»top_left» background_repeat_1=»no-repeat» module_class=»tribe-events-content__content»][et_pb_column_inner type=»4_4&#8243; saved_specialty_column_type=»3_4&#8243;][et_pb_code _builder_version=»3.0.51&#8243;][socialpug_share][/et_pb_code][et_pb_text _builder_version=»3.0.64&#8243; background_layout=»light» text_orientation=»left» border_style=»solid»]</p>
<h2><strong>«Alex Ferreira» explorando nuevos caminos para la canción.</strong></h2>
<p>El cantautor dominicano se acerca a Menorca al escenario de Es Claustre para presentarnos las canciones de su nuevo disco <strong>«En Lo Que Llega La Primavera»</strong> además de otros éxitos de su repertorio con temas de sus conocidos discos como son <strong>«TANDA»</strong> y <strong>«Canapé»</strong> en un concierto en acústico muy especial.</p>
<p>«Si pudiera definir la música de <span style="color: #000000;"><strong>Alex Ferreira</strong></span>, diría que es un cálido abrazo para el alma. Su nuevo álbum no es la excepción, es ese rubor en la mejilla que te da cuando escuchas un piropo o cuando te pega un sol de 30 grados, es algo similar cuando escuchas la voz y el sentimiento del artista dominicano que, pareciera más mexicano últimamente&#8230;” — Gisela Terrazas (<strong>IndieRocks!</strong>) »</p>
<p>Ya sea que esté sosteniendo una guitarra acústica o agachado sobre un sintetizador, el cantautor dominicano Alex Ferreira se inspira en el tipo de balada latina de la vieja escuela que permite una generosa efusión de sentimientos. Aunque en el fondo es un romántico clásico, se deleita en su propia necesidad hiperactiva de experimentar, lo que le ha permitido construir un catálogo salvajemente ecléctico. Sus álbumes en solitario y proyectos colaborativos presentan canciones que incursionan en una variedad de ritmos bailables de <strong>bachata, merengue, electro-pop y folk</strong>. — Julyssa Lopez (<strong>The New Yorker</strong>).</p>
<p>&nbsp;</p>
<p><iframe title="YouTube video player" src="https://www.youtube.com/embed/jBSXWFqKLGA" width="560" height="315" frameborder="0" allowfullscreen="allowfullscreen"></iframe></p>
<p>[/et_pb_text][/et_pb_column_inner][/et_pb_row_inner][/et_pb_column][et_pb_column type=»1_4&#8243;][et_pb_customEventMetaFields admin_label=»EsClaustre Camps Event» _builder_version=»3.0.51&#8243; location=»on» schedule=»on» price=»on» module_class=»appendTo_tribe-events-infoBlocks_landscape» /][et_pb_button _builder_version=»3.0.64&#8243; button_text=»ENTRADAS» url_new_window=»on» button_alignment=»center» background_layout=»light» custom_button=»off» button_text_color=»#ffffff» button_bg_color=»#f92b44&#8243; button_border_width=»0&#8243; button_border_radius=»0&#8243; button_letter_spacing=»0&#8243; button_icon_placement=»right» button_letter_spacing_hover=»0&#8243; module_class=»btn-ticket appendTo_tribe-events-infoBlocks_landscape» button_url=»https://entradas.codetickets.com/entradas/alex-fereira/28707/esclaustre/online?lang=es_ES» /][et_pb_customEventCategories _builder_version=»3.0.51&#8243; /][et_pb_customEventTags _builder_version=»3.0.51&#8243; /][/et_pb_column][/]</p>

<p>«Alex Ferreira» explorando nuevos caminos para la canción. El cantautor dominicano se acerca a Menorca al escenario de Es Claustre para presentarnos las canciones de su nuevo disco «En Lo Que Llega La Primavera» además de otros éxitos de su repertorio con temas de sus conocidos discos como son «TANDA» y «Canapé» en un concierto en acústico muy especial.</p>
