{"id":16195,"date":"2022-08-24T19:56:01","date_gmt":"2022-08-24T19:56:01","guid":{"rendered":"https:\/\/esclaustre.com\/event\/j-j-vaquero-copy\/"},"modified":"2022-08-24T20:29:57","modified_gmt":"2022-08-24T20:29:57","slug":"dani-morla-y-sus-amigos","status":"publish","type":"tribe_events","link":"https:\/\/esclaustre.com\/es\/event\/dani-morla-y-sus-amigos\/","title":{"rendered":"Dani Morla y sus amigos"},"content":{"rendered":"<p>[ bb_built=\u00bb1&#8243; fullwidth=\u00bboff\u00bb specialty=\u00bbon\u00bb][et_pb_column type=\u00bb3_4&#8243; specialty_columns=\u00bb3&#8243;][et_pb_row_inner admin_label=\u00bbRow\u00bb _builder_version=\u00bb3.0.51&#8243; background_position_1=\u00bbtop_left\u00bb background_repeat_1=\u00bbno-repeat\u00bb module_class=\u00bbtribe-events-content__img\u00bb][et_pb_column_inner type=\u00bb4_4&#8243; saved_specialty_column_type=\u00bb3_4&#8243;][et_pb_image _builder_version=\u00bb3.0.64&#8243; show_in_lightbox=\u00bboff\u00bb url_new_window=\u00bboff\u00bb use_overlay=\u00bboff\u00bb sticky=\u00bboff\u00bb align=\u00bbleft\u00bb always_center_on_mobile=\u00bbon\u00bb border_style=\u00bbsolid\u00bb force_fullwidth=\u00bboff\u00bb src=\u00bbhttps:\/\/esclaustre.com\/wp-content\/uploads\/2022\/08\/dani-morlar-y-amigos-.jpg\u00bb \/][\/et_pb_column_inner][\/et_pb_row_inner][et_pb_row_inner admin_label=\u00bbRow\u00bb _builder_version=\u00bb3.0.51&#8243; background_position_1=\u00bbtop_left\u00bb background_repeat_1=\u00bbno-repeat\u00bb module_class=\u00bbtribe-events-content__content\u00bb][et_pb_column_inner type=\u00bb4_4&#8243; saved_specialty_column_type=\u00bb3_4&#8243;][et_pb_code _builder_version=\u00bb3.0.64&#8243;][socialpug_share][\/et_pb_code][et_pb_text _builder_version=\u00bb3.0.64&#8243; background_layout=\u00bblight\u00bb text_orientation=\u00bbleft\u00bb border_style=\u00bbsolid\u00bb]<\/p>\n<h1><strong>\u00abDani Morla\u00bb y sus amigos<\/strong><\/h1>\n<p>El menorqu\u00edn <strong>Dani Morla<\/strong> es un colaborador habitual de los acontecimientos de <strong>Barcelona Comedy Club<\/strong>. Confiesa ser una persona aparentemente calmada, pero con muchas fobias, y que para \u00e9l los momentos dif\u00edciles comenzaron mucho antes dels 2020 y necesita compartirlo con todos vosotros.<\/p>\n<p>&nbsp;<\/p>\n<p>Por este motivo, que Dani Morla vuelve a su isla de Menorca rodeado de algunos amigos para ofrecer un espectaculo variado de com\u00e8dia. Con tintes de critica social y com\u00e8dia \u00e0cida, este equipo completado por <strong>Quique Mac\u00edas, Xavi Daura y Luis \u00c1lvaro<\/strong> haran que pasen <strong>una noche de risas<\/strong> como nunca antes.<\/p>\n<p>&nbsp;<\/p>\n<p>&nbsp;<\/p>\n<div class=\"page\" title=\"Page 1\">\n<div class=\"section\">\n<div class=\"layoutArea\">\n<div class=\"column\">\n<div class=\"hide-for-small-only\">\n<p>&nbsp;<\/p>\n<\/div>\n<\/div>\n<\/div>\n<\/div>\n<\/div>\n<p>[\/et_pb_text][\/et_pb_column_inner][\/et_pb_row_inner][\/et_pb_column][et_pb_column type=\u00bb1_4&#8243;][et_pb_customEventMetaFields admin_label=\u00bbEsClaustre Camps Event\u00bb _builder_version=\u00bb3.0.64&#8243; location=\u00bbon\u00bb schedule=\u00bbon\u00bb price=\u00bbon\u00bb module_class=\u00bbappendTo_tribe-events-infoBlocks_landscape\u00bb \/][et_pb_button _builder_version=\u00bb3.0.64&#8243; button_text=\u00bbENTRADAS\u00bb button_url=\u00bbhttps:\/\/entradas.codetickets.com\/entradas\/dani-morla-i-amics\/30653\/esclaustre\/online?lang=es_ES\u00bb url_new_window=\u00bbon\u00bb button_alignment=\u00bbcenter\u00bb background_layout=\u00bblight\u00bb custom_button=\u00bboff\u00bb button_text_color=\u00bb#ffffff\u00bb button_bg_color=\u00bb#f92b44&#8243; button_border_width=\u00bb0&#8243; button_border_radius=\u00bb0&#8243; button_letter_spacing=\u00bb0&#8243; button_icon_placement=\u00bbright\u00bb button_letter_spacing_hover=\u00bb0&#8243; module_class=\u00bbbtn-ticket appendTo_tribe-events-infoBlocks_landscape\u00bb \/][et_pb_customEventCategories _builder_version=\u00bb3.0.64&#8243; \/][et_pb_customEventTags _builder_version=\u00bb3.0.64&#8243; \/][\/et_pb_column][\/]<\/p>\n","protected":false},"excerpt":{"rendered":"<p>\u00abDani Morla\u00bb y sus amigos. El menorqu\u00edn Dani Morla es un colaborador habitual de los acontecimientos de Barcelona Comedy Club. <\/p>\n","protected":false},"author":1,"featured_media":16193,"template":"","meta":{"_acf_changed":false,"_tribe_events_status":"","_tribe_events_status_reason":"","_tribe_events_is_hybrid":"","_tribe_events_is_virtual":"","_tribe_events_virtual_video_source":"","_tribe_events_virtual_embed_video":"","_tribe_events_virtual_linked_button_text":"","_tribe_events_virtual_linked_button":"","_tribe_events_virtual_show_embed_at":"","_tribe_events_virtual_show_embed_to":[],"_tribe_events_virtual_show_on_event":"","_tribe_events_virtual_show_on_views":"","_tribe_events_virtual_url":"","footnotes":""},"tags":[3203,3004,3170,157,3222],"tribe_events_cat":[1424,1279,410],"class_list":["post-16195","tribe_events","type-tribe_events","status-publish","has-post-thumbnail","hentry","tag-actualitat-es","tag-comedy-es","tag-escenics-es","tag-humor-es","tag-riure-es","tribe_events_cat-agenda-menorca-es","tribe_events_cat-arts-esceniques-es","tribe_events_cat-cultura-es","cat_agenda-menorca-es","cat_arts-esceniques-es","cat_cultura-es"],"acf":[],"_links":{"self":[{"href":"https:\/\/esclaustre.com\/es\/wp-json\/wp\/v2\/tribe_events\/16195","targetHints":{"allow":["GET"]}}],"collection":[{"href":"https:\/\/esclaustre.com\/es\/wp-json\/wp\/v2\/tribe_events"}],"about":[{"href":"https:\/\/esclaustre.com\/es\/wp-json\/wp\/v2\/types\/tribe_events"}],"author":[{"embeddable":true,"href":"https:\/\/esclaustre.com\/es\/wp-json\/wp\/v2\/users\/1"}],"version-history":[{"count":0,"href":"https:\/\/esclaustre.com\/es\/wp-json\/wp\/v2\/tribe_events\/16195\/revisions"}],"wp:featuredmedia":[{"embeddable":true,"href":"https:\/\/esclaustre.com\/es\/wp-json\/wp\/v2\/media\/16193"}],"wp:attachment":[{"href":"https:\/\/esclaustre.com\/es\/wp-json\/wp\/v2\/media?parent=16195"}],"wp:term":[{"taxonomy":"post_tag","embeddable":true,"href":"https:\/\/esclaustre.com\/es\/wp-json\/wp\/v2\/tags?post=16195"},{"taxonomy":"tribe_events_cat","embeddable":true,"href":"https:\/\/esclaustre.com\/es\/wp-json\/wp\/v2\/tribe_events_cat?post=16195"}],"curies":[{"name":"wp","href":"https:\/\/api.w.org\/{rel}","templated":true}]}}

<p>[ bb_built=»1&#8243; fullwidth=»off» specialty=»on»][et_pb_column type=»3_4&#8243; specialty_columns=»3&#8243;][et_pb_row_inner admin_label=»Row» _builder_version=»3.0.51&#8243; background_position_1=»top_left» background_repeat_1=»no-repeat» module_class=»tribe-events-content__img»][et_pb_column_inner type=»4_4&#8243; saved_specialty_column_type=»3_4&#8243;][et_pb_image _builder_version=»3.0.64&#8243; show_in_lightbox=»off» url_new_window=»off» use_overlay=»off» sticky=»off» align=»left» always_center_on_mobile=»on» border_style=»solid» force_fullwidth=»off» src=»https://esclaustre.com/wp-content/uploads/2022/08/dani-morlar-y-amigos-.jpg» /][/et_pb_column_inner][/et_pb_row_inner][et_pb_row_inner admin_label=»Row» _builder_version=»3.0.51&#8243; background_position_1=»top_left» background_repeat_1=»no-repeat» module_class=»tribe-events-content__content»][et_pb_column_inner type=»4_4&#8243; saved_specialty_column_type=»3_4&#8243;][et_pb_code _builder_version=»3.0.64&#8243;][socialpug_share][/et_pb_code][et_pb_text _builder_version=»3.0.64&#8243; background_layout=»light» text_orientation=»left» border_style=»solid»]</p>
<h1><strong>«Dani Morla» y sus amigos</strong></h1>
<p>El menorquín <strong>Dani Morla</strong> es un colaborador habitual de los acontecimientos de <strong>Barcelona Comedy Club</strong>. Confiesa ser una persona aparentemente calmada, pero con muchas fobias, y que para él los momentos difíciles comenzaron mucho antes dels 2020 y necesita compartirlo con todos vosotros.</p>
<p>&nbsp;</p>
<p>Por este motivo, que Dani Morla vuelve a su isla de Menorca rodeado de algunos amigos para ofrecer un espectaculo variado de comèdia. Con tintes de critica social y comèdia àcida, este equipo completado por <strong>Quique Macías, Xavi Daura y Luis Álvaro</strong> haran que pasen <strong>una noche de risas</strong> como nunca antes.</p>
<p>&nbsp;</p>
<p>&nbsp;</p>
<div class="page" title="Page 1">
<div class="section">
<div class="layoutArea">
<div class="column">
<div class="hide-for-small-only">
<p>&nbsp;</p>
</div>
</div>
</div>
</div>
</div>
<p>[/et_pb_text][/et_pb_column_inner][/et_pb_row_inner][/et_pb_column][et_pb_column type=»1_4&#8243;][et_pb_customEventMetaFields admin_label=»EsClaustre Camps Event» _builder_version=»3.0.64&#8243; location=»on» schedule=»on» price=»on» module_class=»appendTo_tribe-events-infoBlocks_landscape» /][et_pb_button _builder_version=»3.0.64&#8243; button_text=»ENTRADAS» button_url=»https://entradas.codetickets.com/entradas/dani-morla-i-amics/30653/esclaustre/online?lang=es_ES» url_new_window=»on» button_alignment=»center» background_layout=»light» custom_button=»off» button_text_color=»#ffffff» button_bg_color=»#f92b44&#8243; button_border_width=»0&#8243; button_border_radius=»0&#8243; button_letter_spacing=»0&#8243; button_icon_placement=»right» button_letter_spacing_hover=»0&#8243; module_class=»btn-ticket appendTo_tribe-events-infoBlocks_landscape» /][et_pb_customEventCategories _builder_version=»3.0.64&#8243; /][et_pb_customEventTags _builder_version=»3.0.64&#8243; /][/et_pb_column][/]</p>

<p>«Dani Morla» y sus amigos. El menorquín Dani Morla es un colaborador habitual de los acontecimientos de Barcelona Comedy Club. </p>
