{"id":16358,"date":"2022-09-12T10:25:18","date_gmt":"2022-09-12T10:25:18","guid":{"rendered":"https:\/\/esclaustre.com\/event\/cranc-2022-copy\/"},"modified":"2022-09-23T07:54:18","modified_gmt":"2022-09-23T07:54:18","slug":"cranc-dissabte-24","status":"publish","type":"tribe_events","link":"https:\/\/esclaustre.com\/es\/event\/cranc-dissabte-24\/","title":{"rendered":"CRANC 2022"},"content":{"rendered":"<p>[ bb_built=\u00bb1&#8243; fullwidth=\u00bboff\u00bb specialty=\u00bbon\u00bb][et_pb_column type=\u00bb3_4&#8243; specialty_columns=\u00bb3&#8243;][et_pb_row_inner admin_label=\u00bbRow\u00bb _builder_version=\u00bb3.0.51&#8243; background_position_1=\u00bbtop_left\u00bb background_repeat_1=\u00bbno-repeat\u00bb module_class=\u00bbtribe-events-content__img\u00bb][et_pb_column_inner type=\u00bb4_4&#8243; saved_specialty_column_type=\u00bb3_4&#8243;][et_pb_image _builder_version=\u00bb3.0.64&#8243; show_in_lightbox=\u00bboff\u00bb url_new_window=\u00bboff\u00bb use_overlay=\u00bboff\u00bb sticky=\u00bboff\u00bb align=\u00bbleft\u00bb always_center_on_mobile=\u00bbon\u00bb border_style=\u00bbsolid\u00bb force_fullwidth=\u00bboff\u00bb src=\u00bbhttps:\/\/esclaustre.com\/wp-content\/uploads\/2022\/09\/Cartell-Cranc.jpg\u00bb \/][\/et_pb_column_inner][\/et_pb_row_inner][et_pb_row_inner admin_label=\u00bbRow\u00bb _builder_version=\u00bb3.0.51&#8243; background_position_1=\u00bbtop_left\u00bb background_repeat_1=\u00bbno-repeat\u00bb module_class=\u00bbtribe-events-content__content\u00bb][et_pb_column_inner type=\u00bb4_4&#8243; saved_specialty_column_type=\u00bb3_4&#8243;][et_pb_code _builder_version=\u00bb3.0.51&#8243;][socialpug_share][\/et_pb_code][et_pb_text _builder_version=\u00bb3.0.64&#8243; background_layout=\u00bblight\u00bb text_orientation=\u00bbleft\u00bb border_style=\u00bbsolid\u00bb]<\/p>\n<div class=\"wpb_text_column wpb_content_element \">\n<div class=\"wpb_wrapper\">\n<h2><span style=\"color: #000000;\"><b>El \u00abCRANC\u00bb es consolida Es Claustre<\/b><\/span><\/h2>\n<div class=\"page\" title=\"Page 1\">\n<div class=\"layoutArea\">\n<div class=\"column\">\n<p><span data-fusion-font=\"true\">El <\/span><b data-fusion-font=\"true\">Cranc Illa de Menorca Festival<\/b><span data-fusion-font=\"true\"> t\u00e9 lloc en la id\u00edl\u00b7lica i captivadora illa de Menorca i neix amb la intenci\u00f3 d\u2019ampliar l\u2019oferta cultural i musical de l\u2019illa amb propostes i artistes de primer nivell.<\/span><\/p>\n<p data-fusion-font=\"true\">El Cranc aposta per una programaci\u00f3 cuidada i diversa que inclou bandes ja consagrades juntament amb talents per descobrir, aix\u00ed com noms internacionals al costat d\u2019altres nacionals i locals.<\/p>\n<p><span data-fusion-font=\"true\">Situat en un entorn incomparable i que \u00e9s <\/span><b data-fusion-font=\"true\">Reserva de la Biosfera<\/b><span data-fusion-font=\"true\">, el CRANC \u00e9s un festival amable, c\u00f2mode i sense aglomeracions on poder gaudir dels concerts prop dels teus artistes preferits, creant experi\u00e8ncies memorables.<\/span><\/p>\n<p><span data-fusion-font=\"true\">El Cranc \u00e9s un festival comprom\u00e8s i per aix\u00f2 treballem per a garantir la <\/span><b data-fusion-font=\"true\">sostenibilitat i la inclusi\u00f3 de tots els col\u00b7lectius<\/b><span data-fusion-font=\"true\">.<\/span><\/p>\n<p>&nbsp;<\/p>\n<\/div>\n<\/div>\n<\/div>\n<p>&nbsp;<\/p>\n<p>&nbsp;<\/p>\n<\/div>\n<\/div>\n<p>&nbsp;<\/p>\n<p>[\/et_pb_text][\/et_pb_column_inner][\/et_pb_row_inner][\/et_pb_column][et_pb_column type=\u00bb1_4&#8243;][et_pb_customEventMetaFields admin_label=\u00bbEsClaustre Camps Event\u00bb _builder_version=\u00bb3.0.51&#8243; location=\u00bbon\u00bb schedule=\u00bbon\u00bb price=\u00bbon\u00bb module_class=\u00bbappendTo_tribe-events-infoBlocks_landscape\u00bb \/][et_pb_button _builder_version=\u00bb3.0.64&#8243; button_text=\u00bbComprar\u00bb button_url=\u00bbhttps:\/\/crancfestival.com\/ca\/\u00bb url_new_window=\u00bbon\u00bb button_alignment=\u00bbcenter\u00bb background_layout=\u00bblight\u00bb custom_button=\u00bboff\u00bb button_text_color=\u00bb#ffffff\u00bb button_bg_color=\u00bb#f92b44&#8243; button_border_width=\u00bb0&#8243; button_border_radius=\u00bb0&#8243; button_letter_spacing=\u00bb0&#8243; button_icon_placement=\u00bbright\u00bb button_letter_spacing_hover=\u00bb0&#8243; module_class=\u00bbbtn-ticket appendTo_tribe-events-infoBlocks_landscape\u00bb \/][et_pb_customEventCategories _builder_version=\u00bb3.0.51&#8243; \/][et_pb_customEventTags _builder_version=\u00bb3.0.51&#8243; \/][\/et_pb_column][\/]<\/p>\n","protected":false},"excerpt":{"rendered":"<p>Els dies 22, 23 i 24 de setembre Es Claustre de Ma\u00f3, tindr\u00e0 lloc es Festival Cranc i ajuntar\u00e0 12 artistes emergents i consolidats, com per exemple Temples, La Bien Querida, Belako, Kevin Kaarl, Los Blenders, The Parrots, Roc\u00edo Sainz o Alanaire.<\/p>\n","protected":false},"author":1,"featured_media":16356,"template":"","meta":{"_acf_changed":false,"_tribe_events_status":"","_tribe_events_status_reason":"","_tribe_events_is_hybrid":"","_tribe_events_is_virtual":"","_tribe_events_virtual_video_source":"","_tribe_events_virtual_embed_video":"","_tribe_events_virtual_linked_button_text":"","_tribe_events_virtual_linked_button":"","_tribe_events_virtual_show_embed_at":"","_tribe_events_virtual_show_embed_to":[],"_tribe_events_virtual_show_on_event":"","_tribe_events_virtual_show_on_views":"","_tribe_events_virtual_url":"","footnotes":""},"tags":[3273,3274,3275,3276,3277,3278],"tribe_events_cat":[1424,410,773,111],"class_list":["post-16358","tribe_events","type-tribe_events","status-publish","has-post-thumbnail","hentry","tag-alenaire-es","tag-belako-es","tag-kevin-kaarl-es","tag-la-bien-querida-es","tag-temples-es","tag-the-parrots-es","tribe_events_cat-agenda-menorca-es","tribe_events_cat-cultura-es","tribe_events_cat-festival-es","tribe_events_cat-musica-es","cat_agenda-menorca-es","cat_cultura-es","cat_festival-es","cat_musica-es"],"acf":[],"_links":{"self":[{"href":"https:\/\/esclaustre.com\/es\/wp-json\/wp\/v2\/tribe_events\/16358","targetHints":{"allow":["GET"]}}],"collection":[{"href":"https:\/\/esclaustre.com\/es\/wp-json\/wp\/v2\/tribe_events"}],"about":[{"href":"https:\/\/esclaustre.com\/es\/wp-json\/wp\/v2\/types\/tribe_events"}],"author":[{"embeddable":true,"href":"https:\/\/esclaustre.com\/es\/wp-json\/wp\/v2\/users\/1"}],"version-history":[{"count":0,"href":"https:\/\/esclaustre.com\/es\/wp-json\/wp\/v2\/tribe_events\/16358\/revisions"}],"wp:featuredmedia":[{"embeddable":true,"href":"https:\/\/esclaustre.com\/es\/wp-json\/wp\/v2\/media\/16356"}],"wp:attachment":[{"href":"https:\/\/esclaustre.com\/es\/wp-json\/wp\/v2\/media?parent=16358"}],"wp:term":[{"taxonomy":"post_tag","embeddable":true,"href":"https:\/\/esclaustre.com\/es\/wp-json\/wp\/v2\/tags?post=16358"},{"taxonomy":"tribe_events_cat","embeddable":true,"href":"https:\/\/esclaustre.com\/es\/wp-json\/wp\/v2\/tribe_events_cat?post=16358"}],"curies":[{"name":"wp","href":"https:\/\/api.w.org\/{rel}","templated":true}]}}

<p>[ bb_built=»1&#8243; fullwidth=»off» specialty=»on»][et_pb_column type=»3_4&#8243; specialty_columns=»3&#8243;][et_pb_row_inner admin_label=»Row» _builder_version=»3.0.51&#8243; background_position_1=»top_left» background_repeat_1=»no-repeat» module_class=»tribe-events-content__img»][et_pb_column_inner type=»4_4&#8243; saved_specialty_column_type=»3_4&#8243;][et_pb_image _builder_version=»3.0.64&#8243; show_in_lightbox=»off» url_new_window=»off» use_overlay=»off» sticky=»off» align=»left» always_center_on_mobile=»on» border_style=»solid» force_fullwidth=»off» src=»https://esclaustre.com/wp-content/uploads/2022/09/Cartell-Cranc.jpg» /][/et_pb_column_inner][/et_pb_row_inner][et_pb_row_inner admin_label=»Row» _builder_version=»3.0.51&#8243; background_position_1=»top_left» background_repeat_1=»no-repeat» module_class=»tribe-events-content__content»][et_pb_column_inner type=»4_4&#8243; saved_specialty_column_type=»3_4&#8243;][et_pb_code _builder_version=»3.0.51&#8243;][socialpug_share][/et_pb_code][et_pb_text _builder_version=»3.0.64&#8243; background_layout=»light» text_orientation=»left» border_style=»solid»]</p>
<div class="wpb_text_column wpb_content_element ">
<div class="wpb_wrapper">
<h2><span style="color: #000000;"><b>El «CRANC» es consolida Es Claustre</b></span></h2>
<div class="page" title="Page 1">
<div class="layoutArea">
<div class="column">
<p><span data-fusion-font="true">El </span><b data-fusion-font="true">Cranc Illa de Menorca Festival</b><span data-fusion-font="true"> té lloc en la idíl·lica i captivadora illa de Menorca i neix amb la intenció d’ampliar l’oferta cultural i musical de l’illa amb propostes i artistes de primer nivell.</span></p>
<p data-fusion-font="true">El Cranc aposta per una programació cuidada i diversa que inclou bandes ja consagrades juntament amb talents per descobrir, així com noms internacionals al costat d’altres nacionals i locals.</p>
<p><span data-fusion-font="true">Situat en un entorn incomparable i que és </span><b data-fusion-font="true">Reserva de la Biosfera</b><span data-fusion-font="true">, el CRANC és un festival amable, còmode i sense aglomeracions on poder gaudir dels concerts prop dels teus artistes preferits, creant experiències memorables.</span></p>
<p><span data-fusion-font="true">El Cranc és un festival compromès i per això treballem per a garantir la </span><b data-fusion-font="true">sostenibilitat i la inclusió de tots els col·lectius</b><span data-fusion-font="true">.</span></p>
<p>&nbsp;</p>
</div>
</div>
</div>
<p>&nbsp;</p>
<p>&nbsp;</p>
</div>
</div>
<p>&nbsp;</p>
<p>[/et_pb_text][/et_pb_column_inner][/et_pb_row_inner][/et_pb_column][et_pb_column type=»1_4&#8243;][et_pb_customEventMetaFields admin_label=»EsClaustre Camps Event» _builder_version=»3.0.51&#8243; location=»on» schedule=»on» price=»on» module_class=»appendTo_tribe-events-infoBlocks_landscape» /][et_pb_button _builder_version=»3.0.64&#8243; button_text=»Comprar» button_url=»https://crancfestival.com/ca/» url_new_window=»on» button_alignment=»center» background_layout=»light» custom_button=»off» button_text_color=»#ffffff» button_bg_color=»#f92b44&#8243; button_border_width=»0&#8243; button_border_radius=»0&#8243; button_letter_spacing=»0&#8243; button_icon_placement=»right» button_letter_spacing_hover=»0&#8243; module_class=»btn-ticket appendTo_tribe-events-infoBlocks_landscape» /][et_pb_customEventCategories _builder_version=»3.0.51&#8243; /][et_pb_customEventTags _builder_version=»3.0.51&#8243; /][/et_pb_column][/]</p>

<p>Els dies 22, 23 i 24 de setembre Es Claustre de Maó, tindrà lloc es Festival Cranc i ajuntarà 12 artistes emergents i consolidats, com per exemple Temples, La Bien Querida, Belako, Kevin Kaarl, Los Blenders, The Parrots, Rocío Sainz o Alanaire.</p>
