{"id":16462,"date":"2022-09-13T14:34:43","date_gmt":"2022-09-13T14:34:43","guid":{"rendered":"https:\/\/esclaustre.com\/event\/kaleidoscope-i-rita-payes-copy\/"},"modified":"2022-09-13T14:48:35","modified_gmt":"2022-09-13T14:48:35","slug":"rai-paz-trio","status":"publish","type":"tribe_events","link":"https:\/\/esclaustre.com\/es\/event\/rai-paz-trio\/","title":{"rendered":"Rai Paz Trio"},"content":{"rendered":"<p>[ bb_built=\u00bb1&#8243; fullwidth=\u00bboff\u00bb specialty=\u00bbon\u00bb][et_pb_column type=\u00bb3_4&#8243; specialty_columns=\u00bb3&#8243;][et_pb_row_inner admin_label=\u00bbRow\u00bb _builder_version=\u00bb3.0.51&#8243; background_position_1=\u00bbtop_left\u00bb background_repeat_1=\u00bbno-repeat\u00bb module_class=\u00bbtribe-events-content__img\u00bb][et_pb_column_inner type=\u00bb4_4&#8243; saved_specialty_column_type=\u00bb3_4&#8243;][et_pb_image _builder_version=\u00bb3.0.64&#8243; show_in_lightbox=\u00bboff\u00bb url_new_window=\u00bboff\u00bb use_overlay=\u00bboff\u00bb sticky=\u00bboff\u00bb align=\u00bbleft\u00bb always_center_on_mobile=\u00bbon\u00bb border_style=\u00bbsolid\u00bb force_fullwidth=\u00bboff\u00bb src=\u00bbhttps:\/\/esclaustre.com\/wp-content\/uploads\/2022\/09\/rai-paz-trio.jpg\u00bb \/][\/et_pb_column_inner][\/et_pb_row_inner][et_pb_row_inner admin_label=\u00bbRow\u00bb _builder_version=\u00bb3.0.51&#8243; background_position_1=\u00bbtop_left\u00bb background_repeat_1=\u00bbno-repeat\u00bb module_class=\u00bbtribe-events-content__content\u00bb][et_pb_column_inner type=\u00bb4_4&#8243; saved_specialty_column_type=\u00bb3_4&#8243;][et_pb_code _builder_version=\u00bb3.0.51&#8243;][socialpug_share][\/et_pb_code][et_pb_text _builder_version=\u00bb3.0.64&#8243; background_layout=\u00bblight\u00bb text_orientation=\u00bbleft\u00bb border_style=\u00bbsolid\u00bb]<\/p>\n<h2><strong>\u00abRai Paz Trio\u00bb \u00a0la es\u00e9ncia m\u00e1s jazz\u00a0<\/strong><\/h2>\n<p>&nbsp;<\/p>\n<div class=\"\">\n<p>\u00abRai Paz Trio\u00bb presentan su directo en Ma\u00f3. La formaci\u00f3n que protagoniza la sesi\u00f3n #17 de <span class=\"Y2IQFc\" lang=\"ca\">\u2019<a href=\"https:\/\/esclaustre.cat\/\/\" target=\"_blank\" rel=\"noopener\">Es Claustre<\/a><\/span> est\u00e1 liderada por Rai Paz \u2013a la guitarra, Pau Lligadas \u2013 al contrabajo y Joan Moll \u2013 a la bateria.<\/p>\n<p>&nbsp;<\/p>\n<h3><strong>La Segona edici\u00f3 del cicle\u00a0Es Claustre 23<\/strong><\/h3>\n<p>&nbsp;<\/p>\n<p>Tots els diumenges, de <strong>juny a setembre<\/strong>, la terrassa d\u2019Es Claustre s\u2019omplir\u00e0 amb l\u2019escena de m\u00fasics habituals de l\u2019emblem\u00e0tic local de <strong>jazz<\/strong> de Barcelona, creant el cicle Es Claustre 23.<\/p>\n<p>Aquest concert forma part del <strong>\u00abMapa de Vincles\u00bb<\/strong> amb col\u00b7lectius, entitats, artistes o persones que Es Claustre inicia des de l&#8217;any 2021, amb <a href=\"https:\/\/23robadors.wordpress.com\" target=\"_blank\" rel=\"noopener\"><strong>Robadors 23\u00a0<\/strong><\/a><\/p>\n<p>&nbsp;<\/p>\n<p>Ma\u00f3 i el Raval connectats pel <strong>jazz<\/strong>.<\/p>\n<\/div>\n<div>\n<p>&nbsp;<\/p>\n<\/div>\n<p>[\/et_pb_text][\/et_pb_column_inner][\/et_pb_row_inner][\/et_pb_column][et_pb_column type=\u00bb1_4&#8243;][et_pb_customEventMetaFields admin_label=\u00bbEsClaustre Camps Event\u00bb _builder_version=\u00bb3.0.51&#8243; location=\u00bbon\u00bb schedule=\u00bbon\u00bb price=\u00bbon\u00bb module_class=\u00bbappendTo_tribe-events-infoBlocks_landscape\u00bb \/][et_pb_button _builder_version=\u00bb3.0.64&#8243; button_text=\u00bbENTRADAS\u00bb url_new_window=\u00bbon\u00bb button_alignment=\u00bbcenter\u00bb background_layout=\u00bblight\u00bb custom_button=\u00bboff\u00bb button_text_color=\u00bb#ffffff\u00bb button_bg_color=\u00bb#f92b44&#8243; button_border_width=\u00bb0&#8243; button_border_radius=\u00bb0&#8243; button_letter_spacing=\u00bb0&#8243; button_icon_placement=\u00bbright\u00bb button_letter_spacing_hover=\u00bb0&#8243; module_class=\u00bbbtn-ticket appendTo_tribe-events-infoBlocks_landscape\u00bb button_url=\u00bbhttps:\/\/entradas.codetickets.com\/entradas\/sergi-felipe-trio\/28544\/esclaustre\/online?lang=es_ES\u00bb \/][et_pb_customEventCategories _builder_version=\u00bb3.0.51&#8243; \/][et_pb_customEventTags _builder_version=\u00bb3.0.51&#8243; \/][\/et_pb_column][\/]<\/p>\n","protected":false},"excerpt":{"rendered":"<p>\u00abRai Paz Trio\u00bb presentan su directo en Ma\u00f3. La formaci\u00f3n que protagoniza la sesi\u00f3n #17 de Es Claustre est\u00e1 liderada por Rai Paz \u2013a la guitarra, Pau Lligadas \u2013 al contrabajo y  Joan Moll \u2013 a la bateria.<\/p>\n","protected":false},"author":1,"featured_media":16460,"template":"","meta":{"_acf_changed":false,"_tribe_events_status":"","_tribe_events_status_reason":"","_tribe_events_is_hybrid":"","_tribe_events_is_virtual":"","_tribe_events_virtual_video_source":"","_tribe_events_virtual_embed_video":"","_tribe_events_virtual_linked_button_text":"","_tribe_events_virtual_linked_button":"","_tribe_events_virtual_show_embed_at":"","_tribe_events_virtual_show_embed_to":[],"_tribe_events_virtual_show_on_event":"","_tribe_events_virtual_show_on_views":"","_tribe_events_virtual_url":"","footnotes":""},"tags":[2909,3320],"tribe_events_cat":[1424,774,111],"class_list":["post-16462","tribe_events","type-tribe_events","status-publish","has-post-thumbnail","hentry","tag-es-claustre-23-es","tag-rai-paz-es","tribe_events_cat-agenda-menorca-es","tribe_events_cat-jazz-es","tribe_events_cat-musica-es","cat_agenda-menorca-es","cat_jazz-es","cat_musica-es"],"acf":[],"_links":{"self":[{"href":"https:\/\/esclaustre.com\/es\/wp-json\/wp\/v2\/tribe_events\/16462","targetHints":{"allow":["GET"]}}],"collection":[{"href":"https:\/\/esclaustre.com\/es\/wp-json\/wp\/v2\/tribe_events"}],"about":[{"href":"https:\/\/esclaustre.com\/es\/wp-json\/wp\/v2\/types\/tribe_events"}],"author":[{"embeddable":true,"href":"https:\/\/esclaustre.com\/es\/wp-json\/wp\/v2\/users\/1"}],"version-history":[{"count":0,"href":"https:\/\/esclaustre.com\/es\/wp-json\/wp\/v2\/tribe_events\/16462\/revisions"}],"wp:featuredmedia":[{"embeddable":true,"href":"https:\/\/esclaustre.com\/es\/wp-json\/wp\/v2\/media\/16460"}],"wp:attachment":[{"href":"https:\/\/esclaustre.com\/es\/wp-json\/wp\/v2\/media?parent=16462"}],"wp:term":[{"taxonomy":"post_tag","embeddable":true,"href":"https:\/\/esclaustre.com\/es\/wp-json\/wp\/v2\/tags?post=16462"},{"taxonomy":"tribe_events_cat","embeddable":true,"href":"https:\/\/esclaustre.com\/es\/wp-json\/wp\/v2\/tribe_events_cat?post=16462"}],"curies":[{"name":"wp","href":"https:\/\/api.w.org\/{rel}","templated":true}]}}

<p>[ bb_built=»1&#8243; fullwidth=»off» specialty=»on»][et_pb_column type=»3_4&#8243; specialty_columns=»3&#8243;][et_pb_row_inner admin_label=»Row» _builder_version=»3.0.51&#8243; background_position_1=»top_left» background_repeat_1=»no-repeat» module_class=»tribe-events-content__img»][et_pb_column_inner type=»4_4&#8243; saved_specialty_column_type=»3_4&#8243;][et_pb_image _builder_version=»3.0.64&#8243; show_in_lightbox=»off» url_new_window=»off» use_overlay=»off» sticky=»off» align=»left» always_center_on_mobile=»on» border_style=»solid» force_fullwidth=»off» src=»https://esclaustre.com/wp-content/uploads/2022/09/rai-paz-trio.jpg» /][/et_pb_column_inner][/et_pb_row_inner][et_pb_row_inner admin_label=»Row» _builder_version=»3.0.51&#8243; background_position_1=»top_left» background_repeat_1=»no-repeat» module_class=»tribe-events-content__content»][et_pb_column_inner type=»4_4&#8243; saved_specialty_column_type=»3_4&#8243;][et_pb_code _builder_version=»3.0.51&#8243;][socialpug_share][/et_pb_code][et_pb_text _builder_version=»3.0.64&#8243; background_layout=»light» text_orientation=»left» border_style=»solid»]</p>
<h2><strong>«Rai Paz Trio»  la eséncia más jazz </strong></h2>
<p>&nbsp;</p>
<div class="">
<p>«Rai Paz Trio» presentan su directo en Maó. La formación que protagoniza la sesión #17 de <span class="Y2IQFc" lang="ca">’<a href="https://esclaustre.cat//" target="_blank" rel="noopener">Es Claustre</a></span> está liderada por Rai Paz –a la guitarra, Pau Lligadas – al contrabajo y Joan Moll – a la bateria.</p>
<p>&nbsp;</p>
<h3><strong>La Segona edició del cicle Es Claustre 23</strong></h3>
<p>&nbsp;</p>
<p>Tots els diumenges, de <strong>juny a setembre</strong>, la terrassa d’Es Claustre s’omplirà amb l’escena de músics habituals de l’emblemàtic local de <strong>jazz</strong> de Barcelona, creant el cicle Es Claustre 23.</p>
<p>Aquest concert forma part del <strong>«Mapa de Vincles»</strong> amb col·lectius, entitats, artistes o persones que Es Claustre inicia des de l&#8217;any 2021, amb <a href="https://23robadors.wordpress.com" target="_blank" rel="noopener"><strong>Robadors 23 </strong></a></p>
<p>&nbsp;</p>
<p>Maó i el Raval connectats pel <strong>jazz</strong>.</p>
</div>
<div>
<p>&nbsp;</p>
</div>
<p>[/et_pb_text][/et_pb_column_inner][/et_pb_row_inner][/et_pb_column][et_pb_column type=»1_4&#8243;][et_pb_customEventMetaFields admin_label=»EsClaustre Camps Event» _builder_version=»3.0.51&#8243; location=»on» schedule=»on» price=»on» module_class=»appendTo_tribe-events-infoBlocks_landscape» /][et_pb_button _builder_version=»3.0.64&#8243; button_text=»ENTRADAS» url_new_window=»on» button_alignment=»center» background_layout=»light» custom_button=»off» button_text_color=»#ffffff» button_bg_color=»#f92b44&#8243; button_border_width=»0&#8243; button_border_radius=»0&#8243; button_letter_spacing=»0&#8243; button_icon_placement=»right» button_letter_spacing_hover=»0&#8243; module_class=»btn-ticket appendTo_tribe-events-infoBlocks_landscape» button_url=»https://entradas.codetickets.com/entradas/sergi-felipe-trio/28544/esclaustre/online?lang=es_ES» /][et_pb_customEventCategories _builder_version=»3.0.51&#8243; /][et_pb_customEventTags _builder_version=»3.0.51&#8243; /][/et_pb_column][/]</p>

<p>«Rai Paz Trio» presentan su directo en Maó. La formación que protagoniza la sesión #17 de Es Claustre está liderada por Rai Paz –a la guitarra, Pau Lligadas – al contrabajo y  Joan Moll – a la bateria.</p>
