{"id":17994,"date":"2023-05-12T06:49:44","date_gmt":"2023-05-12T06:49:44","guid":{"rendered":"https:\/\/esclaustre.com\/event\/around-the-space\/"},"modified":"2023-05-16T08:32:38","modified_gmt":"2023-05-16T08:32:38","slug":"around-the-space","status":"publish","type":"tribe_events","link":"https:\/\/esclaustre.com\/es\/event\/around-the-space\/","title":{"rendered":"Around The Space"},"content":{"rendered":"<p>[ bb_built=\u00bb1&#8243; fullwidth=\u00bboff\u00bb specialty=\u00bbon\u00bb][et_pb_column type=\u00bb3_4&#8243; specialty_columns=\u00bb3&#8243;][et_pb_row_inner admin_label=\u00bbRow\u00bb _builder_version=\u00bb3.0.51&#8243; background_position_1=\u00bbtop_left\u00bb background_repeat_1=\u00bbno-repeat\u00bb module_class=\u00bbtribe-events-content__img\u00bb][et_pb_column_inner type=\u00bb4_4&#8243; saved_specialty_column_type=\u00bb3_4&#8243;][et_pb_image _builder_version=\u00bb3.0.64&#8243; show_in_lightbox=\u00bboff\u00bb url_new_window=\u00bboff\u00bb use_overlay=\u00bboff\u00bb sticky=\u00bboff\u00bb align=\u00bbleft\u00bb always_center_on_mobile=\u00bbon\u00bb border_style=\u00bbsolid\u00bb force_fullwidth=\u00bboff\u00bb src=\u00bbhttps:\/\/esclaustre.com\/wp-content\/uploads\/2023\/05\/Miguel-Pintxo-Villar-Trio-.jpg\u00bb \/][\/et_pb_column_inner][\/et_pb_row_inner][et_pb_row_inner admin_label=\u00bbRow\u00bb _builder_version=\u00bb3.0.51&#8243; background_position_1=\u00bbtop_left\u00bb background_repeat_1=\u00bbno-repeat\u00bb module_class=\u00bbtribe-events-content__content\u00bb][et_pb_column_inner type=\u00bb4_4&#8243; saved_specialty_column_type=\u00bb3_4&#8243;][et_pb_code _builder_version=\u00bb3.0.51&#8243;][socialpug_share][\/et_pb_code][et_pb_text _builder_version=\u00bb3.0.64&#8243; background_layout=\u00bblight\u00bb text_orientation=\u00bbleft\u00bb border_style=\u00bbsolid\u00bb]<\/p>\n<h2><strong>\u00abMiguel Villar Pincho Trio\u00bb <em>Around The Space<\/em><\/strong><\/h2>\n<div class=\"\">\n<p>La formaci\u00f3 que encap\u00e7ala la sessi\u00f3 #1 d<strong>\u2019<a href=\"https:\/\/esclaustre.com\" target=\"_blank\" rel=\"noopener\">Es Claustre<\/a><\/strong> est\u00e0 protagonitzada per en\u00a0<strong>Miguel Villar Pincho<\/strong>\u00a0al saxo, <strong>Juan Pablo Balc\u00e1zar\u00a0<\/strong>al contrabaix i <strong>Carlos Falanga<\/strong>\u00a0a la bateria.<\/p>\n<div class=\"page\" title=\"Page 1\">\n<div class=\"section\">\n<div class=\"layoutArea\">\n<div class=\"column\">\n<p>\u00c9s un dels grups ic\u00f2nics del panorama jazz\u00edstic catal\u00e0. Forjat en les entranyes profundes del barri del <strong>Raval<\/strong>, dins el club <strong>Robadors 23<\/strong>, protagonitzat per tres dels mu\u0301sics m\u00e9s actiius de l&#8217;escena barcelonina. Totes tres porten tocant junts des de fa m\u00e9s de 15 anys i \u00e9s per aix\u00f2 que el seu repertori \u00e9s pr\u00e0cticament inacabable i el seu so \u00e9s molt caracteri\u0301stic, personal, cr i directe.<\/p>\n<p>En el mes d&#8217;agost del 2016 va apar\u00e8ixer el seu primer \u00e0lbum titulat <strong>\u00abAround the Space\u00bb<\/strong>,\u00a0editat pel seguell\u00a0<strong>Mosquito Records<\/strong>.<\/p>\n<p>&nbsp;<\/p>\n<\/div>\n<\/div>\n<\/div>\n<\/div>\n<h3><strong>La Tercera edici\u00f3n del ciclo Es Claustre 23<\/strong><\/h3>\n<p>&nbsp;<\/p>\n<p>Todos los domingos, de <strong>junio a septiembre<\/strong>, la terraza de Es Claustre con la escena de m\u00fasicos habituales del emblem\u00e1tico local de <strong>jazz<\/strong> de Barcelona, creando el ciclo Es Claustre 23.<\/p>\n<p>Este concierto forma parte del <strong>\u00abMapa de Vinculos\u00bb<\/strong>\u00a0con colectivos, entidades, artistas o personas que Es Claustre inicia desde el a\u00f1o 2021, junto con\u00a0<a href=\"https:\/\/23robadors.wordpress.com\" target=\"_blank\" rel=\"noopener\"><strong>Robadors 23\u00a0<\/strong><\/a><\/p>\n<p>&nbsp;<\/p>\n<p>Ma\u00f3 y el Raval conectados por el\u00a0<strong>jazz<\/strong>.<\/p>\n<\/div>\n<div>\n<p>&nbsp;<\/p>\n<\/div>\n<p>[\/et_pb_text][\/et_pb_column_inner][\/et_pb_row_inner][\/et_pb_column][et_pb_column type=\u00bb1_4&#8243;][et_pb_customEventMetaFields admin_label=\u00bbEsClaustre Camps Event\u00bb _builder_version=\u00bb3.0.51&#8243; location=\u00bbon\u00bb schedule=\u00bbon\u00bb price=\u00bbon\u00bb module_class=\u00bbappendTo_tribe-events-infoBlocks_landscape\u00bb \/][et_pb_button _builder_version=\u00bb3.0.64&#8243; button_text=\u00bbENTRADES\u00bb url_new_window=\u00bbon\u00bb button_alignment=\u00bbcenter\u00bb background_layout=\u00bblight\u00bb custom_button=\u00bboff\u00bb button_text_color=\u00bb#ffffff\u00bb button_bg_color=\u00bb#f92b44&#8243; button_border_width=\u00bb0&#8243; button_border_radius=\u00bb0&#8243; button_letter_spacing=\u00bb0&#8243; button_icon_placement=\u00bbright\u00bb button_letter_spacing_hover=\u00bb0&#8243; module_class=\u00bbbtn-ticket appendTo_tribe-events-infoBlocks_landscape\u00bb button_url=\u00bbhttps:\/\/entradas.codetickets.com\/entradas\/around-the-space\/42671\/esclaustre\/online\u00bb \/][et_pb_customEventCategories _builder_version=\u00bb3.0.51&#8243; \/][et_pb_customEventTags _builder_version=\u00bb3.0.51&#8243; \/][\/et_pb_column][\/]<\/p>\n","protected":false},"excerpt":{"rendered":"<p>\u00abMiguel Villar Pincho Trio\u00bb Around The Space. La formaci\u00f3 que encap\u00e7ala la sessi\u00f3 #1 d\u2019Es Claustre est\u00e0 protagonitzada per en\u00a0Miguel Villa Pincho\u00a0al saxo, Juan Pablo Balc\u00e1zar\u00a0al contrabaix i Carlos Falanga\u00a0a la bateria.<\/p>\n","protected":false},"author":1,"featured_media":17991,"template":"","meta":{"_acf_changed":false,"_tribe_events_status":"","_tribe_events_status_reason":"","_tribe_events_is_hybrid":"","_tribe_events_is_virtual":"","_tribe_events_virtual_video_source":"","_tribe_events_virtual_embed_video":"","_tribe_events_virtual_linked_button_text":"","_tribe_events_virtual_linked_button":"","_tribe_events_virtual_show_embed_at":"","_tribe_events_virtual_show_embed_to":[],"_tribe_events_virtual_show_on_event":"","_tribe_events_virtual_show_on_views":"","_tribe_events_virtual_url":"","footnotes":""},"tags":[2812,2909,2832,3673],"tribe_events_cat":[1424,774,111],"class_list":["post-17994","tribe_events","type-tribe_events","status-publish","has-post-thumbnail","hentry","tag-carlos-falanga-es","tag-es-claustre-23-es","tag-juan-pablo-balcazar-es","tag-miguel-villar-pincho-es","tribe_events_cat-agenda-menorca-es","tribe_events_cat-jazz-es","tribe_events_cat-musica-es","cat_agenda-menorca-es","cat_jazz-es","cat_musica-es"],"acf":[],"_links":{"self":[{"href":"https:\/\/esclaustre.com\/es\/wp-json\/wp\/v2\/tribe_events\/17994","targetHints":{"allow":["GET"]}}],"collection":[{"href":"https:\/\/esclaustre.com\/es\/wp-json\/wp\/v2\/tribe_events"}],"about":[{"href":"https:\/\/esclaustre.com\/es\/wp-json\/wp\/v2\/types\/tribe_events"}],"author":[{"embeddable":true,"href":"https:\/\/esclaustre.com\/es\/wp-json\/wp\/v2\/users\/1"}],"version-history":[{"count":0,"href":"https:\/\/esclaustre.com\/es\/wp-json\/wp\/v2\/tribe_events\/17994\/revisions"}],"wp:featuredmedia":[{"embeddable":true,"href":"https:\/\/esclaustre.com\/es\/wp-json\/wp\/v2\/media\/17991"}],"wp:attachment":[{"href":"https:\/\/esclaustre.com\/es\/wp-json\/wp\/v2\/media?parent=17994"}],"wp:term":[{"taxonomy":"post_tag","embeddable":true,"href":"https:\/\/esclaustre.com\/es\/wp-json\/wp\/v2\/tags?post=17994"},{"taxonomy":"tribe_events_cat","embeddable":true,"href":"https:\/\/esclaustre.com\/es\/wp-json\/wp\/v2\/tribe_events_cat?post=17994"}],"curies":[{"name":"wp","href":"https:\/\/api.w.org\/{rel}","templated":true}]}}

<p>[ bb_built=»1&#8243; fullwidth=»off» specialty=»on»][et_pb_column type=»3_4&#8243; specialty_columns=»3&#8243;][et_pb_row_inner admin_label=»Row» _builder_version=»3.0.51&#8243; background_position_1=»top_left» background_repeat_1=»no-repeat» module_class=»tribe-events-content__img»][et_pb_column_inner type=»4_4&#8243; saved_specialty_column_type=»3_4&#8243;][et_pb_image _builder_version=»3.0.64&#8243; show_in_lightbox=»off» url_new_window=»off» use_overlay=»off» sticky=»off» align=»left» always_center_on_mobile=»on» border_style=»solid» force_fullwidth=»off» src=»https://esclaustre.com/wp-content/uploads/2023/05/Miguel-Pintxo-Villar-Trio-.jpg» /][/et_pb_column_inner][/et_pb_row_inner][et_pb_row_inner admin_label=»Row» _builder_version=»3.0.51&#8243; background_position_1=»top_left» background_repeat_1=»no-repeat» module_class=»tribe-events-content__content»][et_pb_column_inner type=»4_4&#8243; saved_specialty_column_type=»3_4&#8243;][et_pb_code _builder_version=»3.0.51&#8243;][socialpug_share][/et_pb_code][et_pb_text _builder_version=»3.0.64&#8243; background_layout=»light» text_orientation=»left» border_style=»solid»]</p>
<h2><strong>«Miguel Villar Pincho Trio» <em>Around The Space</em></strong></h2>
<div class="">
<p>La formació que encapçala la sessió #1 d<strong>’<a href="https://esclaustre.com" target="_blank" rel="noopener">Es Claustre</a></strong> està protagonitzada per en <strong>Miguel Villar Pincho</strong> al saxo, <strong>Juan Pablo Balcázar </strong>al contrabaix i <strong>Carlos Falanga</strong> a la bateria.</p>
<div class="page" title="Page 1">
<div class="section">
<div class="layoutArea">
<div class="column">
<p>És un dels grups icònics del panorama jazzístic català. Forjat en les entranyes profundes del barri del <strong>Raval</strong>, dins el club <strong>Robadors 23</strong>, protagonitzat per tres dels músics més actiius de l&#8217;escena barcelonina. Totes tres porten tocant junts des de fa més de 15 anys i és per això que el seu repertori és pràcticament inacabable i el seu so és molt característic, personal, cr i directe.</p>
<p>En el mes d&#8217;agost del 2016 va aparèixer el seu primer àlbum titulat <strong>«Around the Space»</strong>, editat pel seguell <strong>Mosquito Records</strong>.</p>
<p>&nbsp;</p>
</div>
</div>
</div>
</div>
<h3><strong>La Tercera edición del ciclo Es Claustre 23</strong></h3>
<p>&nbsp;</p>
<p>Todos los domingos, de <strong>junio a septiembre</strong>, la terraza de Es Claustre con la escena de músicos habituales del emblemático local de <strong>jazz</strong> de Barcelona, creando el ciclo Es Claustre 23.</p>
<p>Este concierto forma parte del <strong>«Mapa de Vinculos»</strong> con colectivos, entidades, artistas o personas que Es Claustre inicia desde el año 2021, junto con <a href="https://23robadors.wordpress.com" target="_blank" rel="noopener"><strong>Robadors 23 </strong></a></p>
<p>&nbsp;</p>
<p>Maó y el Raval conectados por el <strong>jazz</strong>.</p>
</div>
<div>
<p>&nbsp;</p>
</div>
<p>[/et_pb_text][/et_pb_column_inner][/et_pb_row_inner][/et_pb_column][et_pb_column type=»1_4&#8243;][et_pb_customEventMetaFields admin_label=»EsClaustre Camps Event» _builder_version=»3.0.51&#8243; location=»on» schedule=»on» price=»on» module_class=»appendTo_tribe-events-infoBlocks_landscape» /][et_pb_button _builder_version=»3.0.64&#8243; button_text=»ENTRADES» url_new_window=»on» button_alignment=»center» background_layout=»light» custom_button=»off» button_text_color=»#ffffff» button_bg_color=»#f92b44&#8243; button_border_width=»0&#8243; button_border_radius=»0&#8243; button_letter_spacing=»0&#8243; button_icon_placement=»right» button_letter_spacing_hover=»0&#8243; module_class=»btn-ticket appendTo_tribe-events-infoBlocks_landscape» button_url=»https://entradas.codetickets.com/entradas/around-the-space/42671/esclaustre/online» /][et_pb_customEventCategories _builder_version=»3.0.51&#8243; /][et_pb_customEventTags _builder_version=»3.0.51&#8243; /][/et_pb_column][/]</p>

<p>«Miguel Villar Pincho Trio» Around The Space. La formació que encapçala la sessió #1 d’Es Claustre està protagonitzada per en Miguel Villa Pincho al saxo, Juan Pablo Balcázar al contrabaix i Carlos Falanga a la bateria.</p>
