{"id":26169,"date":"2025-02-18T20:03:04","date_gmt":"2025-02-18T19:03:04","guid":{"rendered":"https:\/\/esclaustre.com\/event\/sandra-monfort\/"},"modified":"2025-03-23T19:38:48","modified_gmt":"2025-03-23T18:38:48","slug":"sandra-monfort","status":"publish","type":"tribe_events","link":"https:\/\/esclaustre.com\/es\/event\/sandra-monfort\/","title":{"rendered":"Sandra Monfort"},"content":{"rendered":"<h2><strong>\u00abSandra Monfort\u00bb, folk, ra\u00edz, vanguardia y experimentaci\u00f3n<\/strong><\/h2>\n<p class=\"p2\">La artista valenciana <strong>Sandra Monfort<\/strong> es sin\u00f3nimo de <strong>tradici\u00f3n, de folk y de b\u00fasqueda<\/strong>, pero tambi\u00e9n de vanguardia y de experimentaci\u00f3n. En <strong>\u201cNi\u00f1o Reptil Angel\u201d<\/strong>, su \u00e1lbum debut, atravesaba la tradici\u00f3n desde el toque de la electr\u00f3nica y la poes\u00eda.Ahora nos presenta <strong>\u201cLa Mona\u201d<\/strong>, un segundo disco donde ofrece una evoluci\u00f3n sonora contundente que reafirma su capacidad de transformaci\u00f3n y donde demuestra que, a estas alturas, es dif\u00edcil encontrar a una artista tan completa como ella.<\/p>\n<p class=\"p2\">En \u201cLa Mona\u201d, Sandra Monfort hace una exploraci\u00f3n del terreno donde convergen la m\u00fasica folk y el pop de los 80. Un ejercicio de nataci\u00f3n sincronizada entre la<strong> electr\u00f3nica y la cultura popular<\/strong>. Con arreglos de banda valenciana, percusiones, sintetizadores de los80, guitarras vigorosas y su voz, por momentos tierna y por momentos segura e infalible, que va tejiendo las canciones para crear un universo \u00fanico y embalsamado de poes\u00eda y baile. Sandra Monfort nos habla de temas tan sensibles como el suicidio, la maternidad, el patriarcado, el amor, el sexo, la muerte, la violencia de g\u00e9nero y el dolor, desde un tono luminoso y esperanzador. El art\u00edfice que necesita la sociedad contempor\u00e1nea para despertar, para no darlo todo por perdido, para movilizarse y sensibilizarse, para unirse y colectivizarse. Un b\u00e1lsamo de aire fresco, una danza sanadora, un respiro profundo. \u201cLa Mona\u201d ha ganado los premios <strong>Carles Santos a Mejor Disco del A\u00f1o<\/strong> y <strong>Mejor Disco Pop<\/strong>, y <strong>\u201cMoreneta\u201d<\/strong>, el premio <strong>Carles Santos a Mejor Canci\u00f3n.<\/strong><\/p>\n<p>&nbsp;<\/p>\n<div class=\"rve-embed-responsive rve-embed-responsive-16by9\"><iframe title=\"Pasodoble Maria - Sandra Monfort\" width=\"800\" height=\"450\" src=\"https:\/\/www.youtube.com\/embed\/AQuJIaHEip8?feature=oembed\" frameborder=\"0\" allow=\"accelerometer; autoplay; clipboard-write; encrypted-media; gyroscope; picture-in-picture; web-share\" referrerpolicy=\"strict-origin-when-cross-origin\" allowfullscreen><\/iframe><\/div>\n","protected":false},"excerpt":{"rendered":"<p>\u00abSandra Monfort\u00bb, folk, ra\u00edz, vanguardia y experimentaci\u00f3n La artista valenciana Sandra Monfort es sin\u00f3nimo de tradici\u00f3n, de folk y de b\u00fasqueda, pero tambi\u00e9n de vanguardia y de experimentaci\u00f3n. En \u201cNi\u00f1o [&hellip;]<\/p>\n","protected":false},"author":1,"featured_media":26166,"template":"","meta":{"_acf_changed":false,"_tribe_events_status":"","_tribe_events_status_reason":"","_tribe_events_is_hybrid":"","_tribe_events_is_virtual":"","_tribe_events_virtual_video_source":"","_tribe_events_virtual_embed_video":"","_tribe_events_virtual_linked_button_text":"","_tribe_events_virtual_linked_button":"","_tribe_events_virtual_show_embed_at":"","_tribe_events_virtual_show_embed_to":[],"_tribe_events_virtual_show_on_event":"","_tribe_events_virtual_show_on_views":"","_tribe_events_virtual_url":"","footnotes":""},"tags":[163,4250,718],"tribe_events_cat":[1424,4152],"class_list":["post-26169","tribe_events","type-tribe_events","status-publish","has-post-thumbnail","hentry","tag-folk-es","tag-marala-es","tag-valencia-es","tribe_events_cat-agenda-menorca-es","tribe_events_cat-altres-esdeveniments-es","cat_agenda-menorca-es","cat_altres-esdeveniments-es"],"acf":[],"_links":{"self":[{"href":"https:\/\/esclaustre.com\/es\/wp-json\/wp\/v2\/tribe_events\/26169","targetHints":{"allow":["GET"]}}],"collection":[{"href":"https:\/\/esclaustre.com\/es\/wp-json\/wp\/v2\/tribe_events"}],"about":[{"href":"https:\/\/esclaustre.com\/es\/wp-json\/wp\/v2\/types\/tribe_events"}],"author":[{"embeddable":true,"href":"https:\/\/esclaustre.com\/es\/wp-json\/wp\/v2\/users\/1"}],"version-history":[{"count":0,"href":"https:\/\/esclaustre.com\/es\/wp-json\/wp\/v2\/tribe_events\/26169\/revisions"}],"wp:featuredmedia":[{"embeddable":true,"href":"https:\/\/esclaustre.com\/es\/wp-json\/wp\/v2\/media\/26166"}],"wp:attachment":[{"href":"https:\/\/esclaustre.com\/es\/wp-json\/wp\/v2\/media?parent=26169"}],"wp:term":[{"taxonomy":"post_tag","embeddable":true,"href":"https:\/\/esclaustre.com\/es\/wp-json\/wp\/v2\/tags?post=26169"},{"taxonomy":"tribe_events_cat","embeddable":true,"href":"https:\/\/esclaustre.com\/es\/wp-json\/wp\/v2\/tribe_events_cat?post=26169"}],"curies":[{"name":"wp","href":"https:\/\/api.w.org\/{rel}","templated":true}]}}

<h2><strong>«Sandra Monfort», folk, raíz, vanguardia y experimentación</strong></h2>
<p class="p2">La artista valenciana <strong>Sandra Monfort</strong> es sinónimo de <strong>tradición, de folk y de búsqueda</strong>, pero también de vanguardia y de experimentación. En <strong>“Niño Reptil Angel”</strong>, su álbum debut, atravesaba la tradición desde el toque de la electrónica y la poesía.Ahora nos presenta <strong>“La Mona”</strong>, un segundo disco donde ofrece una evolución sonora contundente que reafirma su capacidad de transformación y donde demuestra que, a estas alturas, es difícil encontrar a una artista tan completa como ella.</p>
<p class="p2">En “La Mona”, Sandra Monfort hace una exploración del terreno donde convergen la música folk y el pop de los 80. Un ejercicio de natación sincronizada entre la<strong> electrónica y la cultura popular</strong>. Con arreglos de banda valenciana, percusiones, sintetizadores de los80, guitarras vigorosas y su voz, por momentos tierna y por momentos segura e infalible, que va tejiendo las canciones para crear un universo único y embalsamado de poesía y baile. Sandra Monfort nos habla de temas tan sensibles como el suicidio, la maternidad, el patriarcado, el amor, el sexo, la muerte, la violencia de género y el dolor, desde un tono luminoso y esperanzador. El artífice que necesita la sociedad contemporánea para despertar, para no darlo todo por perdido, para movilizarse y sensibilizarse, para unirse y colectivizarse. Un bálsamo de aire fresco, una danza sanadora, un respiro profundo. “La Mona” ha ganado los premios <strong>Carles Santos a Mejor Disco del Año</strong> y <strong>Mejor Disco Pop</strong>, y <strong>“Moreneta”</strong>, el premio <strong>Carles Santos a Mejor Canción.</strong></p>
<p>&nbsp;</p>
<div class="rve-embed-responsive rve-embed-responsive-16by9"><iframe title="Pasodoble Maria - Sandra Monfort" width="800" height="450" src="https://www.youtube.com/embed/AQuJIaHEip8?feature=oembed" frameborder="0" allow="accelerometer; autoplay; clipboard-write; encrypted-media; gyroscope; picture-in-picture; web-share" referrerpolicy="strict-origin-when-cross-origin" allowfullscreen></iframe></div>

<p>«Sandra Monfort», folk, raíz, vanguardia y experimentación La artista valenciana Sandra Monfort es sinónimo de tradición, de folk y de búsqueda, pero también de vanguardia y de experimentación. En “Niño [&hellip;]</p>
