{"id":26927,"date":"2025-04-08T09:52:25","date_gmt":"2025-04-08T07:52:25","guid":{"rendered":"https:\/\/esclaustre.com\/event\/javi-medina\/"},"modified":"2025-04-08T09:59:03","modified_gmt":"2025-04-08T07:59:03","slug":"javi-medina","status":"publish","type":"tribe_events","link":"https:\/\/esclaustre.com\/es\/event\/javi-medina\/","title":{"rendered":"Javi Medina"},"content":{"rendered":"<h2 class=\"uk-article-title\">\u00abJavi Medina\u00bb su vida, su m\u00fasica<\/h2>\n<div>\n<p><span style=\"font-family: -apple-system, BlinkMacSystemFont, 'Segoe UI', Roboto, 'Helvetica Neue', Arial, 'Noto Sans', sans-serif, 'Apple Color Emoji', 'Segoe UI Emoji', 'Segoe UI Symbol', 'Noto Color Emoji';\">Con tan solo dos \u00e1lbums publicados en 2019 y 2022 pero una intens\u00edsima carrera discogr\u00e1fica que en poco m\u00e1s de 5 a\u00f1os suma docenas de singles y hits como <b>Sale el Sol en el Bajo A<\/b>, <b>Me la Llevo<\/b> o <b>Yo voy pa\u2019rriba<\/b>;\u00a0<b>Javi Medina<\/b> es todo un fen\u00f3meno en la escena musical actual. Desde su <b>Legan\u00e9s<\/b> natal y siempre armado de su inseparable guitarra, <b>Medina<\/b> pulveriza las m\u00e9tricas con su capacidad para fusionar g\u00e9neros y crear un sonido \u00fanico que resuena con audiencias de diversas generaciones. La m\u00fasica de <b>Javi Medina<\/b> es un reflejo de su vida y experiencias, entrelazando letras profundas con melod\u00edas envolventes, con el sonido del <b>Ca\u00f1o Roto<\/b> como punto de partida para llegar a una fusi\u00f3n \u00fanica de flamenco contempor\u00e1neo y mil y uno otros g\u00e9neros. Lo de <b>Javi Medina<\/b> es un fen\u00f3meno al que atender, una voz \u00fanica en su generaci\u00f3n que con el cante a sus juergas y sus penas es capaz de conectar con un p\u00fablico cada vez m\u00e1s transversal y que no duda en seguirlo all\u00ed por donde pasa, sea para incendiar el escenario del <b>Teatro Egaleo<\/b> o del <b>Cabo de Plata Festival<\/b>, sea para abarrotar, sudar y colgar el cartel de \u201cagotadas las localidades\u201d como en su paso por <b>Sala Apolo<\/b>, <b>Malandar<\/b>, <b>Mon Live<\/b>&#8230; <\/span><\/p>\n<p><span style=\"font-family: -apple-system, BlinkMacSystemFont, 'Segoe UI', Roboto, 'Helvetica Neue', Arial, 'Noto Sans', sans-serif, 'Apple Color Emoji', 'Segoe UI Emoji', 'Segoe UI Symbol', 'Noto Color Emoji';\">El <b>Gato Negro Tour<\/b> arranca el proximo 21 de Marzo en <b>Sevilla<\/b>, en la emblematica <b>Sala Custom<\/b> para la que ya no quedan entradas desde hace semanas. Y lo llevar\u00e1 al escenario menorqu\u00edn el 17 de julio. No falteis!<\/span><\/p>\n<p>&nbsp;<\/p>\n<\/div>\n<div class=\"rve-embed-responsive rve-embed-responsive-16by9\"><iframe title=\"JAVI MEDINA con SALISTRE - ME LA LLEVO\" width=\"800\" height=\"450\" src=\"https:\/\/www.youtube.com\/embed\/N0JPebMqAZM?feature=oembed\" frameborder=\"0\" allow=\"accelerometer; autoplay; clipboard-write; encrypted-media; gyroscope; picture-in-picture; web-share\" referrerpolicy=\"strict-origin-when-cross-origin\" allowfullscreen><\/iframe><\/div>\n<p>&nbsp;<\/p>\n<div class=\"rve-embed-responsive rve-embed-responsive-16by9\"><iframe title=\"JAVI MEDINA y CAMILO - PINCELES\" width=\"800\" height=\"450\" src=\"https:\/\/www.youtube.com\/embed\/4dTU-OjX2Iw?feature=oembed\" frameborder=\"0\" allow=\"accelerometer; autoplay; clipboard-write; encrypted-media; gyroscope; picture-in-picture; web-share\" referrerpolicy=\"strict-origin-when-cross-origin\" allowfullscreen><\/iframe><\/div>\n","protected":false},"excerpt":{"rendered":"<p>Amb tan sols dos \u00e0lbums publicats el 2019 i 2022 per\u00f2 una intens\u00edssima carrera discogr\u00e0fica que en poc m\u00e9s de 5 anys suma dotzenes de singles i hits com Sale el Sol en el Bajo A, Me la Llevo o Yo voy pa\u2019rriba, Javi Medina \u00e9s tot un fenomen a l\u2019escena musical actual.<\/p>\n","protected":false},"author":1,"featured_media":26918,"template":"","meta":{"_acf_changed":false,"_tribe_events_status":"","_tribe_events_status_reason":"","_tribe_events_is_hybrid":"","_tribe_events_is_virtual":"","_tribe_events_virtual_video_source":"","_tribe_events_virtual_embed_video":"","_tribe_events_virtual_linked_button_text":"","_tribe_events_virtual_linked_button":"","_tribe_events_virtual_show_embed_at":"","_tribe_events_virtual_show_embed_to":[],"_tribe_events_virtual_show_on_event":"","_tribe_events_virtual_show_on_views":"","_tribe_events_virtual_url":"","footnotes":""},"tags":[142,143,4321],"tribe_events_cat":[1424,4152],"class_list":["post-26927","tribe_events","type-tribe_events","status-publish","has-post-thumbnail","hentry","tag-flamenco-es","tag-fusion-es","tag-javi-medina-es","tribe_events_cat-agenda-menorca-es","tribe_events_cat-altres-esdeveniments-es","cat_agenda-menorca-es","cat_altres-esdeveniments-es"],"acf":[],"_links":{"self":[{"href":"https:\/\/esclaustre.com\/es\/wp-json\/wp\/v2\/tribe_events\/26927","targetHints":{"allow":["GET"]}}],"collection":[{"href":"https:\/\/esclaustre.com\/es\/wp-json\/wp\/v2\/tribe_events"}],"about":[{"href":"https:\/\/esclaustre.com\/es\/wp-json\/wp\/v2\/types\/tribe_events"}],"author":[{"embeddable":true,"href":"https:\/\/esclaustre.com\/es\/wp-json\/wp\/v2\/users\/1"}],"version-history":[{"count":0,"href":"https:\/\/esclaustre.com\/es\/wp-json\/wp\/v2\/tribe_events\/26927\/revisions"}],"wp:featuredmedia":[{"embeddable":true,"href":"https:\/\/esclaustre.com\/es\/wp-json\/wp\/v2\/media\/26918"}],"wp:attachment":[{"href":"https:\/\/esclaustre.com\/es\/wp-json\/wp\/v2\/media?parent=26927"}],"wp:term":[{"taxonomy":"post_tag","embeddable":true,"href":"https:\/\/esclaustre.com\/es\/wp-json\/wp\/v2\/tags?post=26927"},{"taxonomy":"tribe_events_cat","embeddable":true,"href":"https:\/\/esclaustre.com\/es\/wp-json\/wp\/v2\/tribe_events_cat?post=26927"}],"curies":[{"name":"wp","href":"https:\/\/api.w.org\/{rel}","templated":true}]}}

<h2 class="uk-article-title">«Javi Medina» su vida, su música</h2>
<div>
<p><span style="font-family: -apple-system, BlinkMacSystemFont, 'Segoe UI', Roboto, 'Helvetica Neue', Arial, 'Noto Sans', sans-serif, 'Apple Color Emoji', 'Segoe UI Emoji', 'Segoe UI Symbol', 'Noto Color Emoji';">Con tan solo dos álbums publicados en 2019 y 2022 pero una intensísima carrera discográfica que en poco más de 5 años suma docenas de singles y hits como <b>Sale el Sol en el Bajo A</b>, <b>Me la Llevo</b> o <b>Yo voy pa’rriba</b>; <b>Javi Medina</b> es todo un fenómeno en la escena musical actual. Desde su <b>Leganés</b> natal y siempre armado de su inseparable guitarra, <b>Medina</b> pulveriza las métricas con su capacidad para fusionar géneros y crear un sonido único que resuena con audiencias de diversas generaciones. La música de <b>Javi Medina</b> es un reflejo de su vida y experiencias, entrelazando letras profundas con melodías envolventes, con el sonido del <b>Caño Roto</b> como punto de partida para llegar a una fusión única de flamenco contemporáneo y mil y uno otros géneros. Lo de <b>Javi Medina</b> es un fenómeno al que atender, una voz única en su generación que con el cante a sus juergas y sus penas es capaz de conectar con un público cada vez más transversal y que no duda en seguirlo allí por donde pasa, sea para incendiar el escenario del <b>Teatro Egaleo</b> o del <b>Cabo de Plata Festival</b>, sea para abarrotar, sudar y colgar el cartel de “agotadas las localidades” como en su paso por <b>Sala Apolo</b>, <b>Malandar</b>, <b>Mon Live</b>&#8230; </span></p>
<p><span style="font-family: -apple-system, BlinkMacSystemFont, 'Segoe UI', Roboto, 'Helvetica Neue', Arial, 'Noto Sans', sans-serif, 'Apple Color Emoji', 'Segoe UI Emoji', 'Segoe UI Symbol', 'Noto Color Emoji';">El <b>Gato Negro Tour</b> arranca el proximo 21 de Marzo en <b>Sevilla</b>, en la emblematica <b>Sala Custom</b> para la que ya no quedan entradas desde hace semanas. Y lo llevará al escenario menorquín el 17 de julio. No falteis!</span></p>
<p>&nbsp;</p>
</div>
<div class="rve-embed-responsive rve-embed-responsive-16by9"><iframe title="JAVI MEDINA con SALISTRE - ME LA LLEVO" width="800" height="450" src="https://www.youtube.com/embed/N0JPebMqAZM?feature=oembed" frameborder="0" allow="accelerometer; autoplay; clipboard-write; encrypted-media; gyroscope; picture-in-picture; web-share" referrerpolicy="strict-origin-when-cross-origin" allowfullscreen></iframe></div>
<p>&nbsp;</p>
<div class="rve-embed-responsive rve-embed-responsive-16by9"><iframe title="JAVI MEDINA y CAMILO - PINCELES" width="800" height="450" src="https://www.youtube.com/embed/4dTU-OjX2Iw?feature=oembed" frameborder="0" allow="accelerometer; autoplay; clipboard-write; encrypted-media; gyroscope; picture-in-picture; web-share" referrerpolicy="strict-origin-when-cross-origin" allowfullscreen></iframe></div>

<p>Amb tan sols dos àlbums publicats el 2019 i 2022 però una intensíssima carrera discogràfica que en poc més de 5 anys suma dotzenes de singles i hits com Sale el Sol en el Bajo A, Me la Llevo o Yo voy pa’rriba, Javi Medina és tot un fenomen a l’escena musical actual.</p>
