{"id":27138,"date":"2025-04-08T17:46:02","date_gmt":"2025-04-08T15:46:02","guid":{"rendered":"https:\/\/esclaustre.com\/event\/maria-cielos\/"},"modified":"2025-07-31T11:16:09","modified_gmt":"2025-07-31T09:16:09","slug":"maria-cielos","status":"publish","type":"tribe_events","link":"https:\/\/esclaustre.com\/es\/event\/maria-cielos\/","title":{"rendered":"Mar\u00eda Cielos"},"content":{"rendered":"<h2><strong>\u00abMar\u00eda Cielos\u00bb nos presenta, <em>Perenne Pilar.<\/em><\/strong><\/h2>\n<p><a title=\"Mar\u00eds Cielos\" href=\"https:\/\/www.instagram.com\/maria.cielos\/\" target=\"_blank\" rel=\"noopener\"><span class=\"mf-14 mlh-21\">Mar\u00eda Cielos<\/span><\/a> nos presenta en este concierto su \u00e1lbum debut <span class=\"wixui-rich-text__text\"><em><strong>Perenne Pilar<\/strong><\/em><\/span>\u00a0acompa\u00f1ada de su banda. <span class=\"wixui-rich-text__text\"><em>Perenne Pilar <\/em><\/span>nos habla de las fuerzas que se mantienen constantes y perennes a lo largo de nuestras vidas pese a la inexorable impermanencia presente en el existir. Nos habla de esas fuerzas nos impulsan hacia adelante, de la belleza del sentir, del anhelo grabado en piedra, del fuego que reside en nuestro aliento. Nos habla de la experiencia de sentirse viva, con una plena consciencia del gran regalo que supone. Mar\u00eda Cielos nos propone un viaje lleno de poes\u00eda, reflexi\u00f3n y sentimiento en un mundo sonoro que se teje entre el folklore tradicional, el indie folk y la canci\u00f3n de autora.<\/p>\n<p>Con influencias de la m\u00fasica tradicional ruandesa (Maria vivi\u00f3 varios a\u00f1os en Ruanda) junto con el folk, el indie y trazas de flamenco,\u00a0<strong>Maria Cielos<\/strong>\u00a0lanza este primer \u00e1lbum llamado\u00a0<strong>PERENNE PILAR<\/strong>\u00a0de la Mano de\u00a0<strong>Pau Brugada y Vic Moliner\u00a0<\/strong>(M\u00fasicos y Productores) y a trav\u00e9s del\u00a0<a title=\"Segell Microscopi\" href=\"https:\/\/www.microscopi.cat\/\" target=\"_blank\" rel=\"noopener\"><strong>Segell Microscopi<\/strong><\/a>. En el \u00e1lbum colaboran los m\u00fasicos ruandeses<strong>\u00a0Ingabire Gretta e Impakanizi<\/strong>, junto con la catalana<strong>\u00a0Paula Grande.<\/strong><\/p>\n<p>Venir a descubrir nuevas voces en <a href=\"http:\/\/www.esclaustre.com\">Es Claustre<\/a> !<\/p>\n<p>&nbsp;<\/p>\n<p>&nbsp;<\/p>\n<div class=\"rve-embed-responsive rve-embed-responsive-16by9\"><iframe title=\"Mari\u0301a Cielos - Era quedarte (V\u00eddeo Oficial)\" width=\"800\" height=\"450\" src=\"https:\/\/www.youtube.com\/embed\/giNzKJkIbKo?feature=oembed\" frameborder=\"0\" allow=\"accelerometer; autoplay; clipboard-write; encrypted-media; gyroscope; picture-in-picture; web-share\" referrerpolicy=\"strict-origin-when-cross-origin\" allowfullscreen><\/iframe><\/div>\n<p>&nbsp;<\/p>\n<div class=\"rve-embed-responsive rve-embed-responsive-16by9\"><iframe title=\"Mar\u00eda Cielos - Mujer feat. Ingabire Gretta\" width=\"800\" height=\"450\" src=\"https:\/\/www.youtube.com\/embed\/rpNGxJzGO7U?feature=oembed\" frameborder=\"0\" allow=\"accelerometer; autoplay; clipboard-write; encrypted-media; gyroscope; picture-in-picture; web-share\" referrerpolicy=\"strict-origin-when-cross-origin\" allowfullscreen><\/iframe><\/div>\n","protected":false},"excerpt":{"rendered":"<p>La veu de Mar\u00eda\u00a0Cielos ens narra amb franquesa, passi\u00f3 i moviment, tot encarnant la vulnerabilitat d\u2019estar viva. Des de la reflexi\u00f3 i la poesia, les\u00a0seves lletres observen la bellesa del sentir. En el seu \u00e0lbum debut,\u00a0Perenne Pilar, ens parla d\u2019existir, amb una plena consci\u00e8ncia del gran regal que suposa. En aquest concert, en format quartet, ens convida a endinsar-nos en un m\u00f3n sonor \u00edntim i emocionant que ens acarona per dins.<\/p>\n","protected":false},"author":1,"featured_media":27135,"template":"","meta":{"_acf_changed":false,"_tribe_events_status":"","_tribe_events_status_reason":"","_tribe_events_is_hybrid":"","_tribe_events_is_virtual":"","_tribe_events_virtual_video_source":"","_tribe_events_virtual_embed_video":"","_tribe_events_virtual_linked_button_text":"","_tribe_events_virtual_linked_button":"","_tribe_events_virtual_show_embed_at":"","_tribe_events_virtual_show_embed_to":[],"_tribe_events_virtual_show_on_event":"","_tribe_events_virtual_show_on_views":"","_tribe_events_virtual_url":"","footnotes":""},"tags":[4341],"tribe_events_cat":[1424,4171],"class_list":["post-27138","tribe_events","type-tribe_events","status-publish","has-post-thumbnail","hentry","tag-maria-cielos-es","tribe_events_cat-agenda-menorca-es","tribe_events_cat-slide-home-es","cat_agenda-menorca-es","cat_slide-home-es"],"acf":[],"_links":{"self":[{"href":"https:\/\/esclaustre.com\/es\/wp-json\/wp\/v2\/tribe_events\/27138","targetHints":{"allow":["GET"]}}],"collection":[{"href":"https:\/\/esclaustre.com\/es\/wp-json\/wp\/v2\/tribe_events"}],"about":[{"href":"https:\/\/esclaustre.com\/es\/wp-json\/wp\/v2\/types\/tribe_events"}],"author":[{"embeddable":true,"href":"https:\/\/esclaustre.com\/es\/wp-json\/wp\/v2\/users\/1"}],"version-history":[{"count":3,"href":"https:\/\/esclaustre.com\/es\/wp-json\/wp\/v2\/tribe_events\/27138\/revisions"}],"predecessor-version":[{"id":29205,"href":"https:\/\/esclaustre.com\/es\/wp-json\/wp\/v2\/tribe_events\/27138\/revisions\/29205"}],"wp:featuredmedia":[{"embeddable":true,"href":"https:\/\/esclaustre.com\/es\/wp-json\/wp\/v2\/media\/27135"}],"wp:attachment":[{"href":"https:\/\/esclaustre.com\/es\/wp-json\/wp\/v2\/media?parent=27138"}],"wp:term":[{"taxonomy":"post_tag","embeddable":true,"href":"https:\/\/esclaustre.com\/es\/wp-json\/wp\/v2\/tags?post=27138"},{"taxonomy":"tribe_events_cat","embeddable":true,"href":"https:\/\/esclaustre.com\/es\/wp-json\/wp\/v2\/tribe_events_cat?post=27138"}],"curies":[{"name":"wp","href":"https:\/\/api.w.org\/{rel}","templated":true}]}}

María Cielos

<h2><strong>«María Cielos» nos presenta, <em>Perenne Pilar.</em></strong></h2>
<p><a title="Marís Cielos" href="https://www.instagram.com/maria.cielos/" target="_blank" rel="noopener"><span class="mf-14 mlh-21">María Cielos</span></a> nos presenta en este concierto su álbum debut <span class="wixui-rich-text__text"><em><strong>Perenne Pilar</strong></em></span> acompañada de su banda. <span class="wixui-rich-text__text"><em>Perenne Pilar </em></span>nos habla de las fuerzas que se mantienen constantes y perennes a lo largo de nuestras vidas pese a la inexorable impermanencia presente en el existir. Nos habla de esas fuerzas nos impulsan hacia adelante, de la belleza del sentir, del anhelo grabado en piedra, del fuego que reside en nuestro aliento. Nos habla de la experiencia de sentirse viva, con una plena consciencia del gran regalo que supone. María Cielos nos propone un viaje lleno de poesía, reflexión y sentimiento en un mundo sonoro que se teje entre el folklore tradicional, el indie folk y la canción de autora.</p>
<p>Con influencias de la música tradicional ruandesa (Maria vivió varios años en Ruanda) junto con el folk, el indie y trazas de flamenco, <strong>Maria Cielos</strong> lanza este primer álbum llamado <strong>PERENNE PILAR</strong> de la Mano de <strong>Pau Brugada y Vic Moliner </strong>(Músicos y Productores) y a través del <a title="Segell Microscopi" href="https://www.microscopi.cat/" target="_blank" rel="noopener"><strong>Segell Microscopi</strong></a>. En el álbum colaboran los músicos ruandeses<strong> Ingabire Gretta e Impakanizi</strong>, junto con la catalana<strong> Paula Grande.</strong></p>
<p>Venir a descubrir nuevas voces en <a href="http://www.esclaustre.com">Es Claustre</a> !</p>
<p>&nbsp;</p>
<p>&nbsp;</p>
<div class="rve-embed-responsive rve-embed-responsive-16by9"><iframe title="María Cielos - Era quedarte (Vídeo Oficial)" width="800" height="450" src="https://www.youtube.com/embed/giNzKJkIbKo?feature=oembed" frameborder="0" allow="accelerometer; autoplay; clipboard-write; encrypted-media; gyroscope; picture-in-picture; web-share" referrerpolicy="strict-origin-when-cross-origin" allowfullscreen></iframe></div>
<p>&nbsp;</p>
<div class="rve-embed-responsive rve-embed-responsive-16by9"><iframe title="María Cielos - Mujer feat. Ingabire Gretta" width="800" height="450" src="https://www.youtube.com/embed/rpNGxJzGO7U?feature=oembed" frameborder="0" allow="accelerometer; autoplay; clipboard-write; encrypted-media; gyroscope; picture-in-picture; web-share" referrerpolicy="strict-origin-when-cross-origin" allowfullscreen></iframe></div>

<p>La veu de María Cielos ens narra amb franquesa, passió i moviment, tot encarnant la vulnerabilitat d’estar viva. Des de la reflexió i la poesia, les seves lletres observen la bellesa del sentir. En el seu àlbum debut, Perenne Pilar, ens parla d’existir, amb una plena consciència del gran regal que suposa. En aquest concert, en format quartet, ens convida a endinsar-nos en un món sonor íntim i emocionant que ens acarona per dins.</p>
