{"id":27791,"date":"2025-05-13T08:56:22","date_gmt":"2025-05-13T06:56:22","guid":{"rendered":"https:\/\/esclaustre.com\/event\/gonzalo-del-val\/"},"modified":"2025-05-21T16:16:44","modified_gmt":"2025-05-21T14:16:44","slug":"gonzalo-del-val","status":"publish","type":"tribe_events","link":"https:\/\/esclaustre.com\/es\/event\/gonzalo-del-val\/","title":{"rendered":"Gonzalo del Val"},"content":{"rendered":"<h2 class=\"event-title\">\u00abGonzalo del Val\u00bb, <em>Tornaviaje Trio en el <\/em>ciclo de Jazz de Es Claustre<\/h2>\n<p><strong>Gonzalo del Val<\/strong> es uno de los m\u00fasicos m\u00e1s reconocidos y prestigiosos de la escena jazz\u00edstica actual. Lidera este tr\u00edo junto a otros dos importantes nombres: el trompetista <strong>Raynald Colom<\/strong> y J<strong>avier Call\u00e9n<\/strong>, al contrabajo. El trabajo se desarrolla en los par\u00e1metros del jazz contempor\u00e1neo, con una fuerte inventiva musical y sonora que permite el lucimiento no solo del l\u00edder de la sesi\u00f3n, sino tambi\u00e9n de las aportaciones interpretativas de Colom y Call\u00e9n.<br \/>\nEn el a\u00f1o 2016, el baterista burgal\u00e9s <a href=\"https:\/\/gonzalodelval.es\/\" target=\"_blank\" rel=\"noopener\">Gonzalo del Val<\/a> se traslada a Dubl\u00edn, donde desarrolla su carrera musical durante tres a\u00f1os, colaborando con algunos de los m\u00fasicos m\u00e1s importantes de la escena. Fruto de esta experiencia nace <strong>\u00abTornaviaje\u00bb<\/strong>, un disco en el que Gonzalo no solo retoma su faceta de compositor, sino que dise\u00f1a cuidadosamente cada una de las composiciones, considerando tanto el lenguaje como el aporte estil\u00edstico de cada uno de los integrantes de la banda.<\/p>\n<p>En esta ocasi\u00f3n para <a href=\"http:\/\/www.esclaustre.com\" target=\"_blank\" rel=\"noopener\">Es Claustre<\/a> , plasmar\u00e1 sus composiciones en formato tr\u00edo, integrado por el reconocido y galardonado trompetista <a href=\"https:\/\/www.instagram.com\/raynaldcolom\/\" target=\"_blank\" rel=\"noopener\">Raynald Colom<\/a>, cuya carrera ha transcurrido al lado de nombres como Nicholas Payton, Greg Osby y Chano Dom\u00ednguez, entre otros, y el virtuoso contrabajista <strong>Javier Call\u00e9n<\/strong>, toda una referencia y una de las figuras m\u00e1s prometedoras de su generaci\u00f3n.<br \/>\nCada grabaci\u00f3n de Gonzalo del Val es, ante todo, un acontecimiento creativo, gracias a que sus proyectos son siempre muy maduros y dotados de una fuerte concepci\u00f3n creativa y musical. En cada proyecto no solo brilla la idea con la que fue concebido, sino que tambi\u00e9n es importante la conjunci\u00f3n de los m\u00fasicos que acompa\u00f1an a Del Val.<\/p>\n<p>&nbsp;<\/p>\n<div class=\"event-description\">\n<p><strong>Raynald Colom<\/strong> trompeta <strong>\u00b7 Javier Call\u00e9n<\/strong> contrabajo<strong> \u00b7 Gonzalo Del Val <\/strong>bater\u00eda<\/p>\n<p>Una de las actuaciones destacadas del renovado ciclo de jazz de los domingos de verano en <a href=\"http:\/\/www.esclaustre.com\">Es Claustre<\/a><\/p>\n<p>&nbsp;<\/p>\n<p>&nbsp;<\/p>\n<\/div>\n<div id='gallery-1' class='gallery galleryid-27791 gallery-columns-3 gallery-size-medium'><figure class='gallery-item'>\n\t\t\t<div class='gallery-icon portrait'>\n\t\t\t\t<a href=\"https:\/\/esclaustre.com\/wp-content\/uploads\/2025\/05\/CARTELLjazz2025_1.jpeg\"><img fetchpriority=\"high\" decoding=\"async\" width=\"240\" height=\"300\" src=\"https:\/\/esclaustre.com\/wp-content\/uploads\/2025\/05\/CARTELLjazz2025_1-240x300.jpeg\" class=\"attachment-medium size-medium\" alt=\"Es Claustre Jazz 2025\" aria-describedby=\"gallery-1-28463\" srcset=\"https:\/\/esclaustre.com\/wp-content\/uploads\/2025\/05\/CARTELLjazz2025_1-240x300.jpeg 240w, https:\/\/esclaustre.com\/wp-content\/uploads\/2025\/05\/CARTELLjazz2025_1-768x960.jpeg 768w, https:\/\/esclaustre.com\/wp-content\/uploads\/2025\/05\/CARTELLjazz2025_1-600x750.jpeg 600w, https:\/\/esclaustre.com\/wp-content\/uploads\/2025\/05\/CARTELLjazz2025_1.jpeg 800w\" sizes=\"(max-width: 240px) 100vw, 240px\" title=\"\"><\/a>\n\t\t\t<\/div>\n\t\t\t\t<figcaption class='wp-caption-text gallery-caption' id='gallery-1-28463'>\n\t\t\t\tEs Claustre Jazz 2025\n\t\t\t\t<\/figcaption><\/figure><figure class='gallery-item'>\n\t\t\t<div class='gallery-icon portrait'>\n\t\t\t\t<a href=\"https:\/\/esclaustre.com\/wp-content\/uploads\/2025\/05\/CARTELLjazz2025_2.jpeg\"><img decoding=\"async\" width=\"240\" height=\"300\" src=\"https:\/\/esclaustre.com\/wp-content\/uploads\/2025\/05\/CARTELLjazz2025_2-240x300.jpeg\" class=\"attachment-medium size-medium\" alt=\"Es Claustre Jazz 2025\" aria-describedby=\"gallery-1-28466\" srcset=\"https:\/\/esclaustre.com\/wp-content\/uploads\/2025\/05\/CARTELLjazz2025_2-240x300.jpeg 240w, https:\/\/esclaustre.com\/wp-content\/uploads\/2025\/05\/CARTELLjazz2025_2-768x960.jpeg 768w, https:\/\/esclaustre.com\/wp-content\/uploads\/2025\/05\/CARTELLjazz2025_2-600x750.jpeg 600w, https:\/\/esclaustre.com\/wp-content\/uploads\/2025\/05\/CARTELLjazz2025_2.jpeg 800w\" sizes=\"(max-width: 240px) 100vw, 240px\" title=\"\"><\/a>\n\t\t\t<\/div>\n\t\t\t\t<figcaption class='wp-caption-text gallery-caption' id='gallery-1-28466'>\n\t\t\t\tEs Claustre Jazz 2025\n\t\t\t\t<\/figcaption><\/figure>\n\t\t<\/div>\n\n","protected":false},"excerpt":{"rendered":"<p>\u00abGonzalo del Val\u00bb, Tornaviaje Trio<\/p>\n<p>Gonzalo del Val \u00e9s un dels m\u00fasics m\u00e9s reconeguts i prestigiosos de l\u2019escena jazz\u00edstica actual. Lidera aquest trio al costat de dos noms importants: el trompetista Raynald Colom i Javier Call\u00e9n, al contrabaix.<\/p>\n","protected":false},"author":1,"featured_media":27788,"template":"","meta":{"_acf_changed":false,"_tribe_events_status":"","_tribe_events_status_reason":"","_tribe_events_is_hybrid":"","_tribe_events_is_virtual":"","_tribe_events_virtual_video_source":"","_tribe_events_virtual_embed_video":"","_tribe_events_virtual_linked_button_text":"","_tribe_events_virtual_linked_button":"","_tribe_events_virtual_show_embed_at":"","_tribe_events_virtual_show_embed_to":[],"_tribe_events_virtual_show_on_event":"","_tribe_events_virtual_show_on_views":"","_tribe_events_virtual_url":"","footnotes":""},"tags":[2909,4452,2305,108,4439],"tribe_events_cat":[4134,1424,4152,774],"class_list":["post-27791","tribe_events","type-tribe_events","status-publish","has-post-thumbnail","hentry","tag-es-claustre-23-es","tag-es-claustre-jazz-es","tag-gonzalo-del-val-es","tag-jazz-es","tag-raynald-colom-es","tribe_events_cat-activitats-paralleles-es","tribe_events_cat-agenda-menorca-es","tribe_events_cat-altres-esdeveniments-es","tribe_events_cat-jazz-es","cat_activitats-paralleles-es","cat_agenda-menorca-es","cat_altres-esdeveniments-es","cat_jazz-es"],"acf":[],"_links":{"self":[{"href":"https:\/\/esclaustre.com\/es\/wp-json\/wp\/v2\/tribe_events\/27791","targetHints":{"allow":["GET"]}}],"collection":[{"href":"https:\/\/esclaustre.com\/es\/wp-json\/wp\/v2\/tribe_events"}],"about":[{"href":"https:\/\/esclaustre.com\/es\/wp-json\/wp\/v2\/types\/tribe_events"}],"author":[{"embeddable":true,"href":"https:\/\/esclaustre.com\/es\/wp-json\/wp\/v2\/users\/1"}],"version-history":[{"count":7,"href":"https:\/\/esclaustre.com\/es\/wp-json\/wp\/v2\/tribe_events\/27791\/revisions"}],"predecessor-version":[{"id":28712,"href":"https:\/\/esclaustre.com\/es\/wp-json\/wp\/v2\/tribe_events\/27791\/revisions\/28712"}],"wp:featuredmedia":[{"embeddable":true,"href":"https:\/\/esclaustre.com\/es\/wp-json\/wp\/v2\/media\/27788"}],"wp:attachment":[{"href":"https:\/\/esclaustre.com\/es\/wp-json\/wp\/v2\/media?parent=27791"}],"wp:term":[{"taxonomy":"post_tag","embeddable":true,"href":"https:\/\/esclaustre.com\/es\/wp-json\/wp\/v2\/tags?post=27791"},{"taxonomy":"tribe_events_cat","embeddable":true,"href":"https:\/\/esclaustre.com\/es\/wp-json\/wp\/v2\/tribe_events_cat?post=27791"}],"curies":[{"name":"wp","href":"https:\/\/api.w.org\/{rel}","templated":true}]}}

<h2 class="event-title">«Gonzalo del Val», <em>Tornaviaje Trio en el </em>ciclo de Jazz de Es Claustre</h2>
<p><strong>Gonzalo del Val</strong> es uno de los músicos más reconocidos y prestigiosos de la escena jazzística actual. Lidera este trío junto a otros dos importantes nombres: el trompetista <strong>Raynald Colom</strong> y J<strong>avier Callén</strong>, al contrabajo. El trabajo se desarrolla en los parámetros del jazz contemporáneo, con una fuerte inventiva musical y sonora que permite el lucimiento no solo del líder de la sesión, sino también de las aportaciones interpretativas de Colom y Callén.<br />
En el año 2016, el baterista burgalés <a href="https://gonzalodelval.es/" target="_blank" rel="noopener">Gonzalo del Val</a> se traslada a Dublín, donde desarrolla su carrera musical durante tres años, colaborando con algunos de los músicos más importantes de la escena. Fruto de esta experiencia nace <strong>«Tornaviaje»</strong>, un disco en el que Gonzalo no solo retoma su faceta de compositor, sino que diseña cuidadosamente cada una de las composiciones, considerando tanto el lenguaje como el aporte estilístico de cada uno de los integrantes de la banda.</p>
<p>En esta ocasión para <a href="http://www.esclaustre.com" target="_blank" rel="noopener">Es Claustre</a> , plasmará sus composiciones en formato trío, integrado por el reconocido y galardonado trompetista <a href="https://www.instagram.com/raynaldcolom/" target="_blank" rel="noopener">Raynald Colom</a>, cuya carrera ha transcurrido al lado de nombres como Nicholas Payton, Greg Osby y Chano Domínguez, entre otros, y el virtuoso contrabajista <strong>Javier Callén</strong>, toda una referencia y una de las figuras más prometedoras de su generación.<br />
Cada grabación de Gonzalo del Val es, ante todo, un acontecimiento creativo, gracias a que sus proyectos son siempre muy maduros y dotados de una fuerte concepción creativa y musical. En cada proyecto no solo brilla la idea con la que fue concebido, sino que también es importante la conjunción de los músicos que acompañan a Del Val.</p>
<p>&nbsp;</p>
<div class="event-description">
<p><strong>Raynald Colom</strong> trompeta <strong>· Javier Callén</strong> contrabajo<strong> · Gonzalo Del Val </strong>batería</p>
<p>Una de las actuaciones destacadas del renovado ciclo de jazz de los domingos de verano en <a href="http://www.esclaustre.com">Es Claustre</a></p>
<p>&nbsp;</p>
<p>&nbsp;</p>
</div>
<div id='gallery-1' class='gallery galleryid-27791 gallery-columns-3 gallery-size-medium'><figure class='gallery-item'>
			<div class='gallery-icon portrait'>
				<a href="https://esclaustre.com/wp-content/uploads/2025/05/CARTELLjazz2025_1.jpeg"><img fetchpriority="high" decoding="async" width="240" height="300" src="https://esclaustre.com/wp-content/uploads/2025/05/CARTELLjazz2025_1-240x300.jpeg" class="attachment-medium size-medium" alt="Es Claustre Jazz 2025" aria-describedby="gallery-1-28463" srcset="https://esclaustre.com/wp-content/uploads/2025/05/CARTELLjazz2025_1-240x300.jpeg 240w, https://esclaustre.com/wp-content/uploads/2025/05/CARTELLjazz2025_1-768x960.jpeg 768w, https://esclaustre.com/wp-content/uploads/2025/05/CARTELLjazz2025_1-600x750.jpeg 600w, https://esclaustre.com/wp-content/uploads/2025/05/CARTELLjazz2025_1.jpeg 800w" sizes="(max-width: 240px) 100vw, 240px" title=""></a>
			</div>
				<figcaption class='wp-caption-text gallery-caption' id='gallery-1-28463'>
				Es Claustre Jazz 2025
				</figcaption></figure><figure class='gallery-item'>
			<div class='gallery-icon portrait'>
				<a href="https://esclaustre.com/wp-content/uploads/2025/05/CARTELLjazz2025_2.jpeg"><img decoding="async" width="240" height="300" src="https://esclaustre.com/wp-content/uploads/2025/05/CARTELLjazz2025_2-240x300.jpeg" class="attachment-medium size-medium" alt="Es Claustre Jazz 2025" aria-describedby="gallery-1-28466" srcset="https://esclaustre.com/wp-content/uploads/2025/05/CARTELLjazz2025_2-240x300.jpeg 240w, https://esclaustre.com/wp-content/uploads/2025/05/CARTELLjazz2025_2-768x960.jpeg 768w, https://esclaustre.com/wp-content/uploads/2025/05/CARTELLjazz2025_2-600x750.jpeg 600w, https://esclaustre.com/wp-content/uploads/2025/05/CARTELLjazz2025_2.jpeg 800w" sizes="(max-width: 240px) 100vw, 240px" title=""></a>
			</div>
				<figcaption class='wp-caption-text gallery-caption' id='gallery-1-28466'>
				Es Claustre Jazz 2025
				</figcaption></figure>
		</div>

<p>«Gonzalo del Val», Tornaviaje Trio</p>
<p>Gonzalo del Val és un dels músics més reconeguts i prestigiosos de l’escena jazzística actual. Lidera aquest trio al costat de dos noms importants: el trompetista Raynald Colom i Javier Callén, al contrabaix.</p>
