{"id":31341,"date":"2026-05-01T11:36:40","date_gmt":"2026-05-01T09:36:40","guid":{"rendered":"https:\/\/esclaustre.com\/event\/31330\/"},"modified":"2026-05-01T12:11:27","modified_gmt":"2026-05-01T10:11:27","slug":"31330","status":"publish","type":"tribe_events","link":"https:\/\/esclaustre.com\/es\/event\/31330\/","title":{"rendered":"Arecio Smith"},"content":{"rendered":"<h2 class=\"p1\"><strong>\u00abArecio Smith<\/strong><strong>\u00bb ens presenta: <em>Shack Man<\/em>.\u00a0<\/strong><\/h2>\n<h3 class=\"p1\"><strong>Homenatge a Medeski, Martin &amp; Wood<\/strong><\/h3>\n<p class=\"p1\">El teclista <a href=\"https:\/\/www.instagram.com\/areciosmith\/\" target=\"_blank\" rel=\"noopener\">Arecio Smith<\/a> presenta un viatge sonor inspirat en la m\u00fasica de <strong>Medeski, Martin &amp; Wood<\/strong>, un dels projectes m\u00e9s singulars sorgits de l&#8217;escena novaiorquesa dels anys noranta. La seva m\u00fasica \u2014a mig cam\u00ed entre <strong>el jazz el\u00e8ctric, el funk profund i la improvisaci\u00f3 psicod\u00e8lic<\/strong>a\u2014 va obrir noves vies per a l&#8217;exploraci\u00f3 del groove i la llibertat creativa.<\/p>\n<p class=\"p1\">Amb una traject\u00f2ria internacional que inclou col\u00b7laboracions amb artistes com <strong>Fatoumata Diawara<\/strong> i <strong>Andrea Motis<\/strong>, Smith aborda aquest repertori des d&#8217;una profunda afinitat estil\u00edstica. La seva versatilitat al teclat \u2014entre \u00f2rgan, piano el\u00e8ctric i sintetitzadors\u2014 li permet recrear amb fidelitat l&#8217;univers sonor del trio liderat per John Medeski, mantenint intacte el seu esperit improvisador, el seu groove hipn\u00f2tic i el seu car\u00e0cter obertament psicod\u00e8lic.<\/p>\n<div><\/div>\n<div><strong>Arecio Smith<\/strong>: orgue, clavinet, piano el\u00e8ctric, mellotron I <strong>Carlos Falanga:<\/strong>\u00a0bateria i percussi\u00f3 I <strong>JP Balc\u00e1zar:<\/strong> contrabaix i baix el\u00e8ctric.<\/div>\n<div><\/div>\n<div><\/div>\n<div><\/div>\n<figure id=\"attachment_31320\" aria-describedby=\"caption-attachment-31320\" style=\"width: 792px\" class=\"wp-caption aligncenter\"><img fetchpriority=\"high\" decoding=\"async\" class=\"size-full wp-image-31320\" src=\"https:\/\/esclaustre.com\/wp-content\/uploads\/2026\/04\/Jazz_EsClaustre23_2026.jpeg\" alt=\"Programa Jazz Es Claustre 23 I 2026\" width=\"792\" height=\"1000\" title=\"\" srcset=\"https:\/\/esclaustre.com\/wp-content\/uploads\/2026\/04\/Jazz_EsClaustre23_2026.jpeg 792w, https:\/\/esclaustre.com\/wp-content\/uploads\/2026\/04\/Jazz_EsClaustre23_2026-238x300.jpeg 238w, https:\/\/esclaustre.com\/wp-content\/uploads\/2026\/04\/Jazz_EsClaustre23_2026-768x970.jpeg 768w\" sizes=\"(max-width: 792px) 100vw, 792px\" \/><figcaption id=\"caption-attachment-31320\" class=\"wp-caption-text\">Programa Jazz <a href=\"http:\/\/www.esclaustre.com\">Es Claustre<\/a> 23 I 2026<\/figcaption><\/figure>\n","protected":false},"excerpt":{"rendered":"<p>\u00abArecio Smith\u00bb ens presenta: Shack Man.\u00a0<\/p>\n<p>Homenatge a Medeski, Martin &#038; Wood<\/p>\n<p>El teclista Arecio Smith presenta un viatge sonor inspirat en la m\u00fasica de Medeski, Martin &#038; Wood, un dels projectes m\u00e9s singulars sorgits de l&#8217;escena novaiorquesa dels anys noranta. La seva m\u00fasica \u2014a mig cam\u00ed entre el jazz el\u00e8ctric, el funk profund i la improvisaci\u00f3 psicod\u00e8lica\u2014 va obrir noves vies per a l&#8217;exploraci\u00f3 del groove i la llibertat creativa.<\/p>\n","protected":false},"author":1,"featured_media":31333,"template":"","meta":{"_acf_changed":false,"_tribe_events_status":"","_tribe_events_status_reason":"","_tribe_events_is_hybrid":"","_tribe_events_is_virtual":"","_tribe_events_virtual_video_source":"","_tribe_events_virtual_embed_video":"","_tribe_events_virtual_linked_button_text":"","_tribe_events_virtual_linked_button":"","_tribe_events_virtual_show_embed_at":"","_tribe_events_virtual_show_embed_to":[],"_tribe_events_virtual_show_on_event":"","_tribe_events_virtual_show_on_views":"","_tribe_events_virtual_url":"","footnotes":""},"tags":[4690],"tribe_events_cat":[1424,774],"class_list":["post-31341","tribe_events","type-tribe_events","status-publish","has-post-thumbnail","hentry","tag-arecio-smith","tribe_events_cat-agenda-menorca-es","tribe_events_cat-jazz-es","cat_agenda-menorca-es","cat_jazz-es"],"acf":[],"_links":{"self":[{"href":"https:\/\/esclaustre.com\/es\/wp-json\/wp\/v2\/tribe_events\/31341","targetHints":{"allow":["GET"]}}],"collection":[{"href":"https:\/\/esclaustre.com\/es\/wp-json\/wp\/v2\/tribe_events"}],"about":[{"href":"https:\/\/esclaustre.com\/es\/wp-json\/wp\/v2\/types\/tribe_events"}],"author":[{"embeddable":true,"href":"https:\/\/esclaustre.com\/es\/wp-json\/wp\/v2\/users\/1"}],"version-history":[{"count":3,"href":"https:\/\/esclaustre.com\/es\/wp-json\/wp\/v2\/tribe_events\/31341\/revisions"}],"predecessor-version":[{"id":31370,"href":"https:\/\/esclaustre.com\/es\/wp-json\/wp\/v2\/tribe_events\/31341\/revisions\/31370"}],"wp:featuredmedia":[{"embeddable":true,"href":"https:\/\/esclaustre.com\/es\/wp-json\/wp\/v2\/media\/31333"}],"wp:attachment":[{"href":"https:\/\/esclaustre.com\/es\/wp-json\/wp\/v2\/media?parent=31341"}],"wp:term":[{"taxonomy":"post_tag","embeddable":true,"href":"https:\/\/esclaustre.com\/es\/wp-json\/wp\/v2\/tags?post=31341"},{"taxonomy":"tribe_events_cat","embeddable":true,"href":"https:\/\/esclaustre.com\/es\/wp-json\/wp\/v2\/tribe_events_cat?post=31341"}],"curies":[{"name":"wp","href":"https:\/\/api.w.org\/{rel}","templated":true}]}}

<h2 class="p1"><strong>«Arecio Smith</strong><strong>» ens presenta: <em>Shack Man</em>. </strong></h2>
<h3 class="p1"><strong>Homenatge a Medeski, Martin &amp; Wood</strong></h3>
<p class="p1">El teclista <a href="https://www.instagram.com/areciosmith/" target="_blank" rel="noopener">Arecio Smith</a> presenta un viatge sonor inspirat en la música de <strong>Medeski, Martin &amp; Wood</strong>, un dels projectes més singulars sorgits de l&#8217;escena novaiorquesa dels anys noranta. La seva música —a mig camí entre <strong>el jazz elèctric, el funk profund i la improvisació psicodèlic</strong>a— va obrir noves vies per a l&#8217;exploració del groove i la llibertat creativa.</p>
<p class="p1">Amb una trajectòria internacional que inclou col·laboracions amb artistes com <strong>Fatoumata Diawara</strong> i <strong>Andrea Motis</strong>, Smith aborda aquest repertori des d&#8217;una profunda afinitat estilística. La seva versatilitat al teclat —entre òrgan, piano elèctric i sintetitzadors— li permet recrear amb fidelitat l&#8217;univers sonor del trio liderat per John Medeski, mantenint intacte el seu esperit improvisador, el seu groove hipnòtic i el seu caràcter obertament psicodèlic.</p>
<div></div>
<div><strong>Arecio Smith</strong>: orgue, clavinet, piano elèctric, mellotron I <strong>Carlos Falanga:</strong> bateria i percussió I <strong>JP Balcázar:</strong> contrabaix i baix elèctric.</div>
<div></div>
<div></div>
<div></div>
<figure id="attachment_31320" aria-describedby="caption-attachment-31320" style="width: 792px" class="wp-caption aligncenter"><img fetchpriority="high" decoding="async" class="size-full wp-image-31320" src="https://esclaustre.com/wp-content/uploads/2026/04/Jazz_EsClaustre23_2026.jpeg" alt="Programa Jazz Es Claustre 23 I 2026" width="792" height="1000" title="" srcset="https://esclaustre.com/wp-content/uploads/2026/04/Jazz_EsClaustre23_2026.jpeg 792w, https://esclaustre.com/wp-content/uploads/2026/04/Jazz_EsClaustre23_2026-238x300.jpeg 238w, https://esclaustre.com/wp-content/uploads/2026/04/Jazz_EsClaustre23_2026-768x970.jpeg 768w" sizes="(max-width: 792px) 100vw, 792px" /><figcaption id="caption-attachment-31320" class="wp-caption-text">Programa Jazz <a href="http://www.esclaustre.com">Es Claustre</a> 23 I 2026</figcaption></figure>

<p>«Arecio Smith» ens presenta: Shack Man. </p>
<p>Homenatge a Medeski, Martin &#038; Wood</p>
<p>El teclista Arecio Smith presenta un viatge sonor inspirat en la música de Medeski, Martin &#038; Wood, un dels projectes més singulars sorgits de l&#8217;escena novaiorquesa dels anys noranta. La seva música —a mig camí entre el jazz elèctric, el funk profund i la improvisació psicodèlica— va obrir noves vies per a l&#8217;exploració del groove i la llibertat creativa.</p>
