{"id":31366,"date":"2026-05-01T12:03:58","date_gmt":"2026-05-01T10:03:58","guid":{"rendered":"https:\/\/esclaustre.com\/event\/carolina-merlo-antonio-mazzei\/"},"modified":"2026-05-01T12:13:13","modified_gmt":"2026-05-01T10:13:13","slug":"carolina-merlo-antonio-mazzei","status":"publish","type":"tribe_events","link":"https:\/\/esclaustre.com\/es\/event\/carolina-merlo-antonio-mazzei\/","title":{"rendered":"Carolina Merlo &#038; Antonio Mazzei"},"content":{"rendered":"<h2><strong>\u00abCarolina Merlo &amp; Antonio Mazzei\u00bb, <em>Canciones Extra\u00f1as<\/em><\/strong><\/h2>\n<p class=\"p1\">En el marco del lanzamiento de su nuevo disco solista <i>Tsunami<\/i>, la cantante, compositora y guitarrista argentina Carolina Merlo presenta <i>Canciones <\/i><i>Extra\u00f1as<\/i>, un formato esc\u00e9nico que dialoga directamente con esta nueva etapa art\u00edstica. El proyecto nace como d\u00fao junto a Antonio Mazzei, piano y sintetizadores, reinterpretando su repertorio original, incluyendo canciones de <i>Tsunami<\/i>, en clave \u00edntima, con una curadur\u00eda precisa de versiones poco habituales, <i>bagualas<\/i> perdidas y piezas especialmente seleccionadas por su rareza y potencia simb\u00f3lica.<\/p>\n<p class=\"p1\">La <b>Versi\u00f3n Extendida <\/b>expande esa propuesta al formato banda, sumando a Juan Berb\u00edn, bater\u00eda y percusi\u00f3n, y Mart\u00edn Laportilla, bajo. La esencia sigue siendo la misma, riesgo, sutileza y tensi\u00f3n emocional, ahora con mayor profundidad sonora y amplitud din\u00e1mica en vivo.<\/p>\n<p>&nbsp;<\/p>\n<p class=\"p1\"><strong>Carolina Merlo<\/strong> voz, guitarra, composici\u00f3n I <strong>Antonio Mazzei<\/strong> piano\/synth I <strong>Mart\u00edn Laportilla<\/strong> bajo \u00a0I <strong>Juan R. Berb\u00edn<\/strong> percusi\u00f3n<\/p>\n<p>&nbsp;<\/p>\n<p>&nbsp;<\/p>\n<figure id=\"attachment_31320\" aria-describedby=\"caption-attachment-31320\" style=\"width: 792px\" class=\"wp-caption aligncenter\"><img fetchpriority=\"high\" decoding=\"async\" class=\"size-full wp-image-31320\" src=\"https:\/\/esclaustre.com\/wp-content\/uploads\/2026\/04\/Jazz_EsClaustre23_2026.jpeg\" alt=\"Programa Jazz Es Claustre 23 I 2026\" width=\"792\" height=\"1000\" title=\"\" srcset=\"https:\/\/esclaustre.com\/wp-content\/uploads\/2026\/04\/Jazz_EsClaustre23_2026.jpeg 792w, https:\/\/esclaustre.com\/wp-content\/uploads\/2026\/04\/Jazz_EsClaustre23_2026-238x300.jpeg 238w, https:\/\/esclaustre.com\/wp-content\/uploads\/2026\/04\/Jazz_EsClaustre23_2026-768x970.jpeg 768w\" sizes=\"(max-width: 792px) 100vw, 792px\" \/><figcaption id=\"caption-attachment-31320\" class=\"wp-caption-text\">Programa Jazz <a href=\"http:\/\/www.esclaustre.com\">Es Claustre<\/a> 23 I 2026<\/figcaption><\/figure>\n","protected":false},"excerpt":{"rendered":"<p>Canciones Extra\u00f1as \u2014 Carolina Merlo &#038; Antonio Mazzei<br \/>\n\u200b<br \/>\nCanciones Extra\u00f1as es un proyecto a d\u00fao donde la voz de Carolina Merlo y el piano de Antonio Mazzei se encuentran en un formato \u00edntimo y directo. El repertorio combina canciones originales con piezas poco transitadas, elegidas por su potencia po\u00e9tica y emocional m\u00e1s que por su pertenencia a un g\u00e9nero.<br \/>\n\u200b<br \/>\nLa propuesta se apoya en la escucha, el espacio y el detalle: canciones que respiran, silencios que importan y arreglos m\u00ednimos que dejan lugar a la palabra. Cada concierto es una experiencia cercana, pensada para p\u00fablicos atentos y contextos donde la m\u00fasica puede desplegarse sin artificios.<\/p>\n","protected":false},"author":1,"featured_media":31361,"template":"","meta":{"_acf_changed":false,"_tribe_events_status":"","_tribe_events_status_reason":"","_tribe_events_is_hybrid":"","_tribe_events_is_virtual":"","_tribe_events_virtual_video_source":"","_tribe_events_virtual_embed_video":"","_tribe_events_virtual_linked_button_text":"","_tribe_events_virtual_linked_button":"","_tribe_events_virtual_show_embed_at":"","_tribe_events_virtual_show_embed_to":[],"_tribe_events_virtual_show_on_event":"","_tribe_events_virtual_show_on_views":"","_tribe_events_virtual_url":"","footnotes":""},"tags":[3255,4693],"tribe_events_cat":[1424,774],"class_list":["post-31366","tribe_events","type-tribe_events","status-publish","has-post-thumbnail","hentry","tag-antonio-mazzei-es","tag-carolina-merlo","tribe_events_cat-agenda-menorca-es","tribe_events_cat-jazz-es","cat_agenda-menorca-es","cat_jazz-es"],"acf":[],"_links":{"self":[{"href":"https:\/\/esclaustre.com\/es\/wp-json\/wp\/v2\/tribe_events\/31366","targetHints":{"allow":["GET"]}}],"collection":[{"href":"https:\/\/esclaustre.com\/es\/wp-json\/wp\/v2\/tribe_events"}],"about":[{"href":"https:\/\/esclaustre.com\/es\/wp-json\/wp\/v2\/types\/tribe_events"}],"author":[{"embeddable":true,"href":"https:\/\/esclaustre.com\/es\/wp-json\/wp\/v2\/users\/1"}],"version-history":[{"count":2,"href":"https:\/\/esclaustre.com\/es\/wp-json\/wp\/v2\/tribe_events\/31366\/revisions"}],"predecessor-version":[{"id":31373,"href":"https:\/\/esclaustre.com\/es\/wp-json\/wp\/v2\/tribe_events\/31366\/revisions\/31373"}],"wp:featuredmedia":[{"embeddable":true,"href":"https:\/\/esclaustre.com\/es\/wp-json\/wp\/v2\/media\/31361"}],"wp:attachment":[{"href":"https:\/\/esclaustre.com\/es\/wp-json\/wp\/v2\/media?parent=31366"}],"wp:term":[{"taxonomy":"post_tag","embeddable":true,"href":"https:\/\/esclaustre.com\/es\/wp-json\/wp\/v2\/tags?post=31366"},{"taxonomy":"tribe_events_cat","embeddable":true,"href":"https:\/\/esclaustre.com\/es\/wp-json\/wp\/v2\/tribe_events_cat?post=31366"}],"curies":[{"name":"wp","href":"https:\/\/api.w.org\/{rel}","templated":true}]}}

<h2><strong>«Carolina Merlo &amp; Antonio Mazzei», <em>Canciones Extrañas</em></strong></h2>
<p class="p1">En el marco del lanzamiento de su nuevo disco solista <i>Tsunami</i>, la cantante, compositora y guitarrista argentina Carolina Merlo presenta <i>Canciones </i><i>Extrañas</i>, un formato escénico que dialoga directamente con esta nueva etapa artística. El proyecto nace como dúo junto a Antonio Mazzei, piano y sintetizadores, reinterpretando su repertorio original, incluyendo canciones de <i>Tsunami</i>, en clave íntima, con una curaduría precisa de versiones poco habituales, <i>bagualas</i> perdidas y piezas especialmente seleccionadas por su rareza y potencia simbólica.</p>
<p class="p1">La <b>Versión Extendida </b>expande esa propuesta al formato banda, sumando a Juan Berbín, batería y percusión, y Martín Laportilla, bajo. La esencia sigue siendo la misma, riesgo, sutileza y tensión emocional, ahora con mayor profundidad sonora y amplitud dinámica en vivo.</p>
<p>&nbsp;</p>
<p class="p1"><strong>Carolina Merlo</strong> voz, guitarra, composición I <strong>Antonio Mazzei</strong> piano/synth I <strong>Martín Laportilla</strong> bajo  I <strong>Juan R. Berbín</strong> percusión</p>
<p>&nbsp;</p>
<p>&nbsp;</p>
<figure id="attachment_31320" aria-describedby="caption-attachment-31320" style="width: 792px" class="wp-caption aligncenter"><img fetchpriority="high" decoding="async" class="size-full wp-image-31320" src="https://esclaustre.com/wp-content/uploads/2026/04/Jazz_EsClaustre23_2026.jpeg" alt="Programa Jazz Es Claustre 23 I 2026" width="792" height="1000" title="" srcset="https://esclaustre.com/wp-content/uploads/2026/04/Jazz_EsClaustre23_2026.jpeg 792w, https://esclaustre.com/wp-content/uploads/2026/04/Jazz_EsClaustre23_2026-238x300.jpeg 238w, https://esclaustre.com/wp-content/uploads/2026/04/Jazz_EsClaustre23_2026-768x970.jpeg 768w" sizes="(max-width: 792px) 100vw, 792px" /><figcaption id="caption-attachment-31320" class="wp-caption-text">Programa Jazz <a href="http://www.esclaustre.com">Es Claustre</a> 23 I 2026</figcaption></figure>

<p>Canciones Extrañas — Carolina Merlo &#038; Antonio Mazzei<br />
​<br />
Canciones Extrañas es un proyecto a dúo donde la voz de Carolina Merlo y el piano de Antonio Mazzei se encuentran en un formato íntimo y directo. El repertorio combina canciones originales con piezas poco transitadas, elegidas por su potencia poética y emocional más que por su pertenencia a un género.<br />
​<br />
La propuesta se apoya en la escucha, el espacio y el detalle: canciones que respiran, silencios que importan y arreglos mínimos que dejan lugar a la palabra. Cada concierto es una experiencia cercana, pensada para públicos atentos y contextos donde la música puede desplegarse sin artificios.</p>
